CREATE TABLE IF NOT EXISTS `node` (
  `nid` int(10) unsigned NOT NULL AUTO_INCREMENT COMMENT 'The primary identifier for a node.',
  `vid` int(10) unsigned DEFAULT NULL COMMENT 'The current node_revision.vid version identifier.',
  `type` varchar(32) NOT NULL DEFAULT '' COMMENT 'The node_type.type of this node.',
  `language` varchar(12) NOT NULL DEFAULT '' COMMENT 'The languages.language of this node.',
  `title` varchar(255) NOT NULL DEFAULT '' COMMENT 'The title of this node, always treated as non-markup plain text.',
  `uid` int(11) NOT NULL DEFAULT '0' COMMENT 'The users.uid that owns this node; initially, this is the user that created it.',
  `status` int(11) NOT NULL DEFAULT '1' COMMENT 'Boolean indicating whether the node is published (visible to non-administrators).',
  `created` int(11) NOT NULL DEFAULT '0' COMMENT 'The Unix timestamp when the node was created.',
  `changed` int(11) NOT NULL DEFAULT '0' COMMENT 'The Unix timestamp when the node was most recently saved.',
  `comment` int(11) NOT NULL DEFAULT '0' COMMENT 'Whether comments are allowed on this node: 0 = no, 1 = closed (read only), 2 = open (read/write).',
  `promote` int(11) NOT NULL DEFAULT '0' COMMENT 'Boolean indicating whether the node should be displayed on the front page.',
  `sticky` int(11) NOT NULL DEFAULT '0' COMMENT 'Boolean indicating whether the node should be displayed at the top of lists in which it appears.',
  `tnid` int(10) unsigned NOT NULL DEFAULT '0' COMMENT 'The translation set id for this node, which equals the node id of the source post in each set.',
  `translate` int(11) NOT NULL DEFAULT '0' COMMENT 'A boolean indicating whether this translation page needs to be updated.',
  PRIMARY KEY (`nid`),
  UNIQUE KEY `vid` (`vid`),
  KEY `node_changed` (`changed`),
  KEY `node_created` (`created`),
  KEY `node_frontpage` (`promote`,`status`,`sticky`,`created`),
  KEY `node_status_type` (`status`,`type`,`nid`),
  KEY `node_title_type` (`title`,`type`(4)),
  KEY `node_type` (`type`(4)),
  KEY `uid` (`uid`),
  KEY `tnid` (`tnid`),
  KEY `translate` (`translate`)
) ENGINE=InnoDB  DEFAULT CHARSET=utf8 COMMENT='The base table for nodes.' AUTO_INCREMENT=82 ;

--
-- Dump dei dati per la tabella `node`
--

INSERT INTO `node` (`nid`, `vid`, `type`, `language`, `title`, `uid`, `status`, `created`, `changed`, `comment`, `promote`, `sticky`, `tnid`, `translate`) VALUES
(4, 4, 'article', 'it', 'Alcune delle epigrafi latine a Roma', 1, 1, 1333461540, 1353511339, 1, 0, 1, 0, 0),
(7, 7, 'article', 'it', 'Cosa sono le epigrafi?', 0, 1, 1333482773, 1352024865, 2, 1, 1, 0, 0),
(8, 8, 'page', 'it', 'Home', 0, 1, 1333484511, 1333484511, 1, 0, 0, 0, 0),
(10, 10, 'article', 'it', 'Pantheon', 1, 1, 1333491146, 1353448078, 2, 0, 0, 0, 0),
(11, 11, 'article', 'it', 'Colonna Traiana ', 1, 1, 1343125718, 1352972546, 2, 0, 0, 0, 0),
(12, 12, 'article', 'it', 'Il Cippo del Pomerio di Claudio', 1, 1, 1333532106, 1353425763, 2, 0, 0, 0, 0),
(13, 13, 'article', 'it', 'Il Cippo del Pomerio di Vespasiano', 1, 1, 1333532244, 1353511559, 2, 0, 0, 0, 0),
(14, 14, 'article', 'it', 'Il Ponte Fabricio', 1, 1, 1333532300, 1353493025, 2, 0, 0, 0, 0),
(15, 15, 'article', 'it', 'Il Sepolcro di Eurisace', 1, 1, 1333532337, 1353426400, 2, 0, 0, 0, 0),
(16, 16, 'article', 'it', 'L''Arco degli Argentari', 1, 1, 1333532393, 1353428536, 2, 0, 0, 0, 0),
(17, 17, 'article', 'it', 'Obelisco di Piazza Montecitorio', 1, 1, 1333536377, 1353437030, 2, 0, 0, 0, 0),
(18, 18, 'article', 'it', 'Obelisco di Piazza del Popolo', 1, 1, 1349988215, 1353066012, 2, 0, 0, 0, 0),
(19, 19, 'article', 'it', 'Porta Maggiore', 1, 1, 1333536336, 1353067710, 2, 0, 0, 0, 0),
(25, 25, 'page', 'it', 'Itinerario completo', 1, 1, 1337289772, 1353314250, 2, 0, 0, 0, 0),
(28, 28, 'page', 'it', 'Colonna Traiana', 0, 1, 1343125482, 1353511461, 2, 0, 0, 0, 0),
(31, 31, 'page', 'it', 'Il cippo di Pomerio Claudio ', 0, 1, 1343237496, 1353511406, 2, 0, 0, 0, 0),
(34, 34, 'page', 'it', 'Il Cippo di Pomerio Vespasiano', 0, 1, 1343237958, 1353511386, 2, 0, 0, 0, 0),
(37, 37, 'page', 'it', 'Il Ponte Fabricio', 0, 1, 1343238452, 1353511657, 1, 0, 0, 0, 0),
(40, 40, 'page', 'it', 'Il Sepolcro di Eurisace', 1, 1, 1343762714, 1353511721, 2, 0, 0, 0, 0),
(43, 43, 'page', 'it', 'L''Arco degli Argentari ', 1, 1, 1343770231, 1353511781, 2, 0, 0, 0, 0),
(46, 46, 'page', 'it', 'Obelisco di Piazza Montecitorio', 1, 1, 1343810062, 1353511896, 2, 0, 0, 0, 0),
(49, 49, 'page', 'it', 'Obelisco di Piazza del Popolo ', 1, 1, 1343811857, 1353511990, 2, 0, 0, 0, 0),
(52, 52, 'page', 'it', 'Pantheon ', 1, 1, 1343813115, 1353512069, 2, 0, 0, 0, 0),
(55, 55, 'page', 'it', 'Porta Maggiore', 0, 1, 1343814336, 1353512175, 2, 0, 0, 0, 0),
(57, 57, 'galleria', 'it', 'galleria', 1, 1, 1349945761, 1350463868, 1, 1, 0, 0, 0),
(58, 58, 'galleria', 'it', 'Obelisco di Piazza del Popolo ', 1, 1, 1349986338, 1353511978, 2, 0, 0, 0, 0),
(59, 59, 'galleria', 'it', 'Obelisco di Piazza del Popolo ', 1, 1, 1350036200, 1353511984, 2, 0, 0, 0, 0),
(60, 60, 'galleria', 'it', 'Colonna Traiana', 1, 1, 1350213502, 1353511437, 2, 0, 0, 0, 0),
(61, 61, 'galleria', 'it', 'Colonna traiana', 1, 1, 1350213851, 1353511454, 2, 0, 0, 0, 0),
(62, 62, 'galleria', 'it', 'Il cippo di Pomerio Claudio', 1, 1, 1350216896, 1353511508, 2, 0, 0, 0, 0),
(63, 63, 'galleria', 'it', 'Il cippo di Pomerio Claudio', 1, 1, 1350217138, 1353515650, 2, 0, 0, 0, 0),
(64, 64, 'galleria', 'it', 'Il cippo di Pomerio Vespasiano', 1, 1, 1350217325, 1353511581, 1, 0, 0, 0, 0),
(65, 65, 'galleria', 'it', 'Il cippo di Pomerio Vespasiano', 1, 1, 1350217420, 1353511589, 1, 0, 0, 0, 0),
(66, 66, 'galleria', 'it', 'L''Arco degli Argentari ', 1, 1, 1350217582, 1353515397, 2, 0, 0, 0, 0),
(67, 67, 'galleria', 'it', 'L''Arco degli Argentari ', 1, 1, 1350217663, 1353515399, 2, 0, 0, 0, 0),
(68, 68, 'galleria', 'it', 'Obelisco di Piazza Montecitorio', 1, 1, 1350218822, 1353511890, 2, 0, 0, 0, 0),
(69, 69, 'galleria', 'it', 'Obelisco di Piazza Montecitorio', 1, 1, 1350219188, 1353511884, 2, 0, 0, 0, 0),
(70, 70, 'galleria', 'it', 'Il ponte fabricio', 1, 1, 1350220335, 1353511652, 1, 0, 0, 0, 0),
(71, 71, 'galleria', 'it', 'Il Ponte Fabricio ', 1, 1, 1350247631, 1353511646, 1, 0, 0, 0, 0),
(72, 72, 'galleria', 'it', 'Pantheon', 1, 1, 1350412963, 1353512056, 2, 0, 0, 0, 0),
(73, 73, 'galleria', 'it', 'Pantheon ', 1, 1, 1350413617, 1353512062, 2, 0, 0, 0, 0),
(74, 74, 'galleria', 'it', 'Il sepolcro di Eurisace', 1, 1, 1350415584, 1353511709, 2, 0, 0, 0, 0),
(75, 75, 'galleria', 'it', 'Il sepolcro di Eurisace ', 1, 1, 1350415760, 1353511715, 2, 0, 0, 0, 0),
(76, 76, 'galleria', 'it', 'Porta Maggiore', 1, 1, 1350415863, 1353512161, 2, 0, 0, 0, 0),
(77, 77, 'galleria', 'it', 'Porta Maggiore ', 1, 1, 1350415984, 1353512169, 2, 0, 0, 0, 0),
(78, 78, 'page', 'it', 'Itinerari', 1, 1, 1352055612, 1353450873, 2, 0, 0, 0, 0),
(79, 79, 'page', 'it', 'Itineraio imperiale', 1, 1, 1352928576, 1353450771, 2, 0, 0, 0, 0),
(80, 80, 'page', 'it', 'Itinerario delle opere pubbliche', 1, 1, 1352930533, 1353450792, 2, 0, 0, 0, 0),
(81, 81, 'page', 'it', 'Itinerario delle opere private', 1, 1, 1352931677, 1353450820, 2, 0, 0, 0, 0);

-- --------------------------------------------------------

--
-- Struttura della tabella `node_access`
--

CREATE TABLE IF NOT EXISTS `node_access` (
  `nid` int(10) unsigned NOT NULL DEFAULT '0' COMMENT 'The node.nid this record affects.',
  `gid` int(10) unsigned NOT NULL DEFAULT '0' COMMENT 'The grant ID a user must possess in the specified realm to gain this row’s privileges on the node.',
  `realm` varchar(255) NOT NULL DEFAULT '' COMMENT 'The realm in which the user must possess the grant ID. Each node access node can define one or more realms.',
  `grant_view` tinyint(3) unsigned NOT NULL DEFAULT '0' COMMENT 'Boolean indicating whether a user with the realm/grant pair can view this node.',
  `grant_update` tinyint(3) unsigned NOT NULL DEFAULT '0' COMMENT 'Boolean indicating whether a user with the realm/grant pair can edit this node.',
  `grant_delete` tinyint(3) unsigned NOT NULL DEFAULT '0' COMMENT 'Boolean indicating whether a user with the realm/grant pair can delete this node.',
  PRIMARY KEY (`nid`,`gid`,`realm`)
) ENGINE=InnoDB DEFAULT CHARSET=utf8 COMMENT='Identifies which realm/grant pairs a user must possess in...';

--
-- Dump dei dati per la tabella `node_access`
--

INSERT INTO `node_access` (`nid`, `gid`, `realm`, `grant_view`, `grant_update`, `grant_delete`) VALUES
(0, 0, 'all', 1, 0, 0);

-- --------------------------------------------------------

--
-- Struttura della tabella `node_comment_statistics`
--

CREATE TABLE IF NOT EXISTS `node_comment_statistics` (
  `nid` int(10) unsigned NOT NULL DEFAULT '0' COMMENT 'The node.nid for which the statistics are compiled.',
  `cid` int(11) NOT NULL DEFAULT '0' COMMENT 'The comment.cid of the last comment.',
  `last_comment_timestamp` int(11) NOT NULL DEFAULT '0' COMMENT 'The Unix timestamp of the last comment that was posted within this node, from comment.changed.',
  `last_comment_name` varchar(60) DEFAULT NULL COMMENT 'The name of the latest author to post a comment on this node, from comment.name.',
  `last_comment_uid` int(11) NOT NULL DEFAULT '0' COMMENT 'The user ID of the latest author to post a comment on this node, from comment.uid.',
  `comment_count` int(10) unsigned NOT NULL DEFAULT '0' COMMENT 'The total number of comments on this node.',
  PRIMARY KEY (`nid`),
  KEY `node_comment_timestamp` (`last_comment_timestamp`),
  KEY `comment_count` (`comment_count`),
  KEY `last_comment_uid` (`last_comment_uid`)
) ENGINE=InnoDB DEFAULT CHARSET=utf8 COMMENT='Maintains statistics of node and comments posts to show ...';

--
-- Dump dei dati per la tabella `node_comment_statistics`
--

INSERT INTO `node_comment_statistics` (`nid`, `cid`, `last_comment_timestamp`, `last_comment_name`, `last_comment_uid`, `comment_count`) VALUES
(4, 0, 1333461540, NULL, 0, 0),
(7, 0, 1333482773, NULL, 0, 0),
(8, 0, 1333484511, NULL, 0, 0),
(10, 0, 1333491146, NULL, 0, 0),
(11, 0, 1333532017, NULL, 1, 0),
(12, 0, 1333532106, NULL, 1, 0),
(13, 0, 1333532244, NULL, 1, 0),
(14, 0, 1333532300, NULL, 1, 0),
(15, 0, 1333532337, NULL, 1, 0),
(16, 0, 1333532393, NULL, 1, 0),
(17, 0, 1333532432, NULL, 1, 0),
(18, 0, 1333532473, NULL, 1, 0),
(19, 0, 1333532509, NULL, 1, 0),
(25, 0, 1337289772, NULL, 0, 0),
(28, 0, 1343125482, NULL, 0, 0),
(31, 0, 1343237496, NULL, 0, 0),
(34, 0, 1343237958, NULL, 0, 0),
(37, 0, 1343238452, NULL, 0, 0),
(40, 0, 1343762714, NULL, 1, 0),
(43, 0, 1343770231, NULL, 1, 0),
(46, 0, 1343810062, NULL, 1, 0),
(49, 0, 1343811857, NULL, 1, 0),
(52, 0, 1343813115, NULL, 1, 0),
(55, 0, 1343814336, NULL, 1, 0),
(57, 0, 1349942073, NULL, 1, 0),
(58, 0, 1349986338, NULL, 1, 0),
(59, 0, 1350036200, NULL, 0, 0),
(60, 0, 1350213502, NULL, 1, 0),
(61, 0, 1350213851, NULL, 1, 0),
(62, 0, 1350216896, NULL, 1, 0),
(63, 0, 1350217138, NULL, 1, 0),
(64, 0, 1350217325, NULL, 1, 0),
(65, 0, 1350217420, NULL, 1, 0),
(66, 0, 1350217582, NULL, 1, 0),
(67, 0, 1350217663, NULL, 1, 0),
(68, 0, 1350218822, NULL, 1, 0),
(69, 0, 1350219188, NULL, 1, 0),
(70, 0, 1350220335, NULL, 1, 0),
(71, 0, 1350247631, NULL, 1, 0),
(72, 0, 1350412963, NULL, 1, 0),
(73, 0, 1350413617, NULL, 1, 0),
(74, 0, 1350415584, NULL, 1, 0),
(75, 0, 1350415760, NULL, 1, 0),
(76, 0, 1350415863, NULL, 1, 0),
(77, 0, 1350415984, NULL, 1, 0),
(78, 0, 1352055612, NULL, 1, 0),
(79, 0, 1352928576, NULL, 1, 0),
(80, 0, 1352930533, NULL, 1, 0),
(81, 0, 1352931677, NULL, 1, 0);

-- --------------------------------------------------------

--
-- Struttura della tabella `node_revision`
--

CREATE TABLE IF NOT EXISTS `node_revision` (
  `nid` int(10) unsigned NOT NULL DEFAULT '0' COMMENT 'The node this version belongs to.',
  `vid` int(10) unsigned NOT NULL AUTO_INCREMENT COMMENT 'The primary identifier for this version.',
  `uid` int(11) NOT NULL DEFAULT '0' COMMENT 'The users.uid that created this version.',
  `title` varchar(255) NOT NULL DEFAULT '' COMMENT 'The title of this version.',
  `log` longtext NOT NULL COMMENT 'The log entry explaining the changes in this version.',
  `timestamp` int(11) NOT NULL DEFAULT '0' COMMENT 'A Unix timestamp indicating when this version was created.',
  `status` int(11) NOT NULL DEFAULT '1' COMMENT 'Boolean indicating whether the node (at the time of this revision) is published (visible to non-administrators).',
  `comment` int(11) NOT NULL DEFAULT '0' COMMENT 'Whether comments are allowed on this node (at the time of this revision): 0 = no, 1 = closed (read only), 2 = open (read/write).',
  `promote` int(11) NOT NULL DEFAULT '0' COMMENT 'Boolean indicating whether the node (at the time of this revision) should be displayed on the front page.',
  `sticky` int(11) NOT NULL DEFAULT '0' COMMENT 'Boolean indicating whether the node (at the time of this revision) should be displayed at the top of lists in which it appears.',
  PRIMARY KEY (`vid`),
  KEY `nid` (`nid`),
  KEY `uid` (`uid`)
) ENGINE=InnoDB  DEFAULT CHARSET=utf8 COMMENT='Stores information about each saved version of a node.' AUTO_INCREMENT=82 ;

--
-- Dump dei dati per la tabella `node_revision`
--

INSERT INTO `node_revision` (`nid`, `vid`, `uid`, `title`, `log`, `timestamp`, `status`, `comment`, `promote`, `sticky`) VALUES
(4, 4, 1, 'Alcune delle epigrafi latine a Roma', '', 1353511339, 1, 1, 0, 1),
(7, 7, 1, 'Cosa sono le epigrafi?', '', 1352024865, 1, 2, 1, 1),
(8, 8, 1, 'Home', '', 1333484511, 1, 1, 0, 0),
(10, 10, 1, 'Pantheon', '', 1353448078, 1, 2, 0, 0),
(11, 11, 1, 'Colonna Traiana ', '', 1352972546, 1, 2, 0, 0),
(12, 12, 1, 'Il Cippo del Pomerio di Claudio', '', 1353425763, 1, 2, 0, 0),
(13, 13, 1, 'Il Cippo del Pomerio di Vespasiano', '', 1353511559, 1, 2, 0, 0),
(14, 14, 1, 'Il Ponte Fabricio', '', 1353493025, 1, 2, 0, 0),
(15, 15, 1, 'Il Sepolcro di Eurisace', '', 1353426400, 1, 2, 0, 0),
(16, 16, 1, 'L''Arco degli Argentari', '', 1353428536, 1, 2, 0, 0),
(17, 17, 1, 'Obelisco di Piazza Montecitorio', '', 1353437030, 1, 2, 0, 0),
(18, 18, 1, 'Obelisco di Piazza del Popolo', '', 1353066012, 1, 2, 0, 0),
(19, 19, 1, 'Porta Maggiore', '', 1353067710, 1, 2, 0, 0),
(25, 25, 1, 'Itinerario completo', '', 1353314250, 1, 2, 0, 0),
(28, 28, 1, 'Colonna Traiana', '', 1353511461, 1, 2, 0, 0),
(31, 31, 1, 'Il cippo di Pomerio Claudio ', '', 1353511406, 1, 2, 0, 0),
(34, 34, 1, 'Il Cippo di Pomerio Vespasiano', '', 1353511386, 1, 2, 0, 0),
(37, 37, 1, 'Il Ponte Fabricio', '', 1353511657, 1, 1, 0, 0),
(40, 40, 1, 'Il Sepolcro di Eurisace', '', 1353511721, 1, 2, 0, 0),
(43, 43, 1, 'L''Arco degli Argentari ', '', 1353511781, 1, 2, 0, 0),
(46, 46, 1, 'Obelisco di Piazza Montecitorio', '', 1353511896, 1, 2, 0, 0),
(49, 49, 1, 'Obelisco di Piazza del Popolo ', '', 1353511990, 1, 2, 0, 0),
(52, 52, 1, 'Pantheon ', '', 1353512069, 1, 2, 0, 0),
(55, 55, 1, 'Porta Maggiore', '', 1353512175, 1, 2, 0, 0),
(57, 57, 1, 'galleria', '', 1350463868, 1, 1, 1, 0),
(58, 58, 1, 'Obelisco di Piazza del Popolo ', '', 1353511978, 1, 2, 0, 0),
(59, 59, 1, 'Obelisco di Piazza del Popolo ', '', 1353511984, 1, 2, 0, 0),
(60, 60, 1, 'Colonna Traiana', '', 1353511437, 1, 2, 0, 0),
(61, 61, 1, 'Colonna traiana', '', 1353511454, 1, 2, 0, 0),
(62, 62, 1, 'Il cippo di Pomerio Claudio', '', 1353511508, 1, 2, 0, 0),
(63, 63, 1, 'Il cippo di Pomerio Claudio', '', 1353515650, 1, 2, 0, 0),
(64, 64, 1, 'Il cippo di Pomerio Vespasiano', '', 1353511581, 1, 1, 0, 0),
(65, 65, 1, 'Il cippo di Pomerio Vespasiano', '', 1353511589, 1, 1, 0, 0),
(66, 66, 1, 'L''Arco degli Argentari ', '', 1353515397, 1, 2, 0, 0),
(67, 67, 1, 'L''Arco degli Argentari ', '', 1353515399, 1, 2, 0, 0),
(68, 68, 1, 'Obelisco di Piazza Montecitorio', '', 1353511890, 1, 2, 0, 0),
(69, 69, 1, 'Obelisco di Piazza Montecitorio', '', 1353511884, 1, 2, 0, 0),
(70, 70, 1, 'Il ponte fabricio', '', 1353511652, 1, 1, 0, 0),
(71, 71, 1, 'Il Ponte Fabricio ', '', 1353511646, 1, 1, 0, 0),
(72, 72, 1, 'Pantheon', '', 1353512056, 1, 2, 0, 0),
(73, 73, 1, 'Pantheon ', '', 1353512062, 1, 2, 0, 0),
(74, 74, 1, 'Il sepolcro di Eurisace', '', 1353511709, 1, 2, 0, 0),
(75, 75, 1, 'Il sepolcro di Eurisace ', '', 1353511715, 1, 2, 0, 0),
(76, 76, 1, 'Porta Maggiore', '', 1353512161, 1, 2, 0, 0),
(77, 77, 1, 'Porta Maggiore ', '', 1353512169, 1, 2, 0, 0),
(78, 78, 1, 'Itinerari', '', 1353450873, 1, 2, 0, 0),
(79, 79, 1, 'Itineraio imperiale', '', 1353450771, 1, 2, 0, 0),
(80, 80, 1, 'Itinerario delle opere pubbliche', '', 1353450792, 1, 2, 0, 0),
(81, 81, 1, 'Itinerario delle opere private', '', 1353450820, 1, 2, 0, 0);

-- --------------------------------------------------------

--
-- Struttura della tabella `node_type`
--

CREATE TABLE IF NOT EXISTS `node_type` (
  `type` varchar(32) NOT NULL COMMENT 'The machine-readable name of this type.',
  `name` varchar(255) NOT NULL DEFAULT '' COMMENT 'The human-readable name of this type.',
  `base` varchar(255) NOT NULL COMMENT 'The base string used to construct callbacks corresponding to this node type.',
  `module` varchar(255) NOT NULL COMMENT 'The module defining this node type.',
  `description` mediumtext NOT NULL COMMENT 'A brief description of this type.',
  `help` mediumtext NOT NULL COMMENT 'Help information shown to the user when creating a node of this type.',
  `has_title` tinyint(3) unsigned NOT NULL COMMENT 'Boolean indicating whether this type uses the node.title field.',
  `title_label` varchar(255) NOT NULL DEFAULT '' COMMENT 'The label displayed for the title field on the edit form.',
  `custom` tinyint(4) NOT NULL DEFAULT '0' COMMENT 'A boolean indicating whether this type is defined by a module (FALSE) or by a user via Add content type (TRUE).',
  `modified` tinyint(4) NOT NULL DEFAULT '0' COMMENT 'A boolean indicating whether this type has been modified by an administrator; currently not used in any way.',
  `locked` tinyint(4) NOT NULL DEFAULT '0' COMMENT 'A boolean indicating whether the administrator can change the machine name of this type.',
  `disabled` tinyint(4) NOT NULL DEFAULT '0' COMMENT 'A boolean indicating whether the node type is disabled.',
  `orig_type` varchar(255) NOT NULL DEFAULT '' COMMENT 'The original machine-readable name of this node type. This may be different from the current type name if the locked field is 0.',
  PRIMARY KEY (`type`)
) ENGINE=InnoDB DEFAULT CHARSET=utf8 COMMENT='Stores information about all defined node types.';

--
-- Dump dei dati per la tabella `node_type`
--

INSERT INTO `node_type` (`type`, `name`, `base`, `module`, `description`, `help`, `has_title`, `title_label`, `custom`, `modified`, `locked`, `disabled`, `orig_type`) VALUES
('article', 'Article', 'node_content', 'node', 'Use <em>articles</em> for time-sensitive content like news, press releases or blog posts.', '', 1, 'Title', 1, 1, 0, 0, 'article'),
('galleria', 'Galleria', 'node_content', 'node', '', '', 1, 'Title', 1, 1, 0, 0, 'book'),
('page', 'Basic page', 'node_content', 'node', 'Use <em>basic pages</em> for your static content, such as an ''About us'' page.', '', 1, 'Title', 1, 1, 0, 0, 'page');

-- --------------------------------------------------------

--
-- Struttura della tabella `page_manager_handlers`
--

CREATE TABLE IF NOT EXISTS `page_manager_handlers` (
  `did` int(11) NOT NULL AUTO_INCREMENT COMMENT 'Primary ID field for the table. Not used for anything except internal lookups.',
  `name` varchar(255) DEFAULT NULL COMMENT 'Unique ID for this task handler. Used to identify it programmatically.',
  `task` varchar(64) DEFAULT NULL COMMENT 'ID of the task this handler is for.',
  `subtask` varchar(64) NOT NULL DEFAULT '' COMMENT 'ID of the subtask this handler is for.',
  `handler` varchar(64) DEFAULT NULL COMMENT 'ID of the task handler being used.',
  `weight` int(11) DEFAULT NULL COMMENT 'The order in which this handler appears. Lower numbers go first.',
  `conf` longtext NOT NULL COMMENT 'Serialized configuration of the handler, if needed.',
  PRIMARY KEY (`did`),
  UNIQUE KEY `name` (`name`),
  KEY `fulltask` (`task`,`subtask`,`weight`)
) ENGINE=InnoDB DEFAULT CHARSET=utf8 AUTO_INCREMENT=1 ;

-- --------------------------------------------------------

--
-- Struttura della tabella `page_manager_pages`
--

CREATE TABLE IF NOT EXISTS `page_manager_pages` (
  `pid` int(11) NOT NULL AUTO_INCREMENT COMMENT 'Primary ID field for the table. Not used for anything except internal lookups.',
  `name` varchar(255) DEFAULT NULL COMMENT 'Unique ID for this subtask. Used to identify it programmatically.',
  `task` varchar(64) DEFAULT 'page' COMMENT 'What type of page this is, so that we can use the same mechanism for creating tighter UIs for targeted pages.',
  `admin_title` varchar(255) DEFAULT NULL COMMENT 'Human readable title for this page subtask.',
  `admin_description` longtext COMMENT 'Administrative description of this item.',
  `path` varchar(255) DEFAULT NULL COMMENT 'The menu path that will invoke this task.',
  `access` longtext NOT NULL COMMENT 'Access configuration for this path.',
  `menu` longtext NOT NULL COMMENT 'Serialized configuration of Drupal menu visibility settings for this item.',
  `arguments` longtext NOT NULL COMMENT 'Configuration of arguments for this menu item.',
  `conf` longtext NOT NULL COMMENT 'Serialized configuration of the page, if needed.',
  PRIMARY KEY (`pid`),
  UNIQUE KEY `name` (`name`),
  KEY `task` (`task`)
) ENGINE=InnoDB DEFAULT CHARSET=utf8 COMMENT='Contains page subtasks for implementing pages with...' AUTO_INCREMENT=1 ;

-- --------------------------------------------------------

--
-- Struttura della tabella `page_manager_weights`
--

CREATE TABLE IF NOT EXISTS `page_manager_weights` (
  `name` varchar(255) NOT NULL DEFAULT '' COMMENT 'Unique ID for this task handler. Used to identify it programmatically.',
  `weight` int(11) DEFAULT NULL COMMENT 'The order in which this handler appears. Lower numbers go first.',
  PRIMARY KEY (`name`),
  KEY `weights` (`name`,`weight`)
) ENGINE=InnoDB DEFAULT CHARSET=utf8 COMMENT='Contains override weights for page_manager handlers that...';

-- --------------------------------------------------------

--
-- Struttura della tabella `queue`
--

CREATE TABLE IF NOT EXISTS `queue` (
  `item_id` int(10) unsigned NOT NULL AUTO_INCREMENT COMMENT 'Primary Key: Unique item ID.',
  `name` varchar(255) NOT NULL DEFAULT '' COMMENT 'The queue name.',
  `data` longblob COMMENT 'The arbitrary data for the item.',
  `expire` int(11) NOT NULL DEFAULT '0' COMMENT 'Timestamp when the claim lease expires on the item.',
  `created` int(11) NOT NULL DEFAULT '0' COMMENT 'Timestamp when the item was created.',
  PRIMARY KEY (`item_id`),
  KEY `name_created` (`name`,`created`),
  KEY `expire` (`expire`)
) ENGINE=InnoDB DEFAULT CHARSET=utf8 COMMENT='Stores items in queues.' AUTO_INCREMENT=1 ;

-- --------------------------------------------------------

--
-- Struttura della tabella `rdf_mapping`
--

CREATE TABLE IF NOT EXISTS `rdf_mapping` (
  `type` varchar(128) NOT NULL COMMENT 'The name of the entity type a mapping applies to (node, user, comment, etc.).',
  `bundle` varchar(128) NOT NULL COMMENT 'The name of the bundle a mapping applies to.',
  `mapping` longblob COMMENT 'The serialized mapping of the bundle type and fields to RDF terms.',
  PRIMARY KEY (`type`,`bundle`)
) ENGINE=InnoDB DEFAULT CHARSET=utf8 COMMENT='Stores custom RDF mappings for user defined content types...';

--
-- Dump dei dati per la tabella `rdf_mapping`
--

INSERT INTO `rdf_mapping` (`type`, `bundle`, `mapping`) VALUES
('node', 'article', 0x613a31313a7b733a31313a226669656c645f696d616765223b613a323a7b733a31303a2270726564696361746573223b613a323a7b693a303b733a383a226f673a696d616765223b693a313b733a31323a22726466733a736565416c736f223b7d733a343a2274797065223b733a333a2272656c223b7d733a31303a226669656c645f74616773223b613a323a7b733a31303a2270726564696361746573223b613a313a7b693a303b733a31303a2264633a7375626a656374223b7d733a343a2274797065223b733a333a2272656c223b7d733a373a2272646674797065223b613a323a7b693a303b733a393a2273696f633a4974656d223b693a313b733a31333a22666f61663a446f63756d656e74223b7d733a353a227469746c65223b613a313a7b733a31303a2270726564696361746573223b613a313a7b693a303b733a383a2264633a7469746c65223b7d7d733a373a2263726561746564223b613a333a7b733a31303a2270726564696361746573223b613a323a7b693a303b733a373a2264633a64617465223b693a313b733a31303a2264633a63726561746564223b7d733a383a226461746174797065223b733a31323a227873643a6461746554696d65223b733a383a2263616c6c6261636b223b733a31323a22646174655f69736f38363031223b7d733a373a226368616e676564223b613a333a7b733a31303a2270726564696361746573223b613a313a7b693a303b733a31313a2264633a6d6f646966696564223b7d733a383a226461746174797065223b733a31323a227873643a6461746554696d65223b733a383a2263616c6c6261636b223b733a31323a22646174655f69736f38363031223b7d733a343a22626f6479223b613a313a7b733a31303a2270726564696361746573223b613a313a7b693a303b733a31353a22636f6e74656e743a656e636f646564223b7d7d733a333a22756964223b613a323a7b733a31303a2270726564696361746573223b613a313a7b693a303b733a31363a2273696f633a6861735f63726561746f72223b7d733a343a2274797065223b733a333a2272656c223b7d733a343a226e616d65223b613a313a7b733a31303a2270726564696361746573223b613a313a7b693a303b733a393a22666f61663a6e616d65223b7d7d733a31333a22636f6d6d656e745f636f756e74223b613a323a7b733a31303a2270726564696361746573223b613a313a7b693a303b733a31363a2273696f633a6e756d5f7265706c696573223b7d733a383a226461746174797065223b733a31313a227873643a696e7465676572223b7d733a31333a226c6173745f6163746976697479223b613a333a7b733a31303a2270726564696361746573223b613a313a7b693a303b733a32333a2273696f633a6c6173745f61637469766974795f64617465223b7d733a383a226461746174797065223b733a31323a227873643a6461746554696d65223b733a383a2263616c6c6261636b223b733a31323a22646174655f69736f38363031223b7d7d),
('node', 'page', 0x613a393a7b733a373a2272646674797065223b613a313a7b693a303b733a31333a22666f61663a446f63756d656e74223b7d733a353a227469746c65223b613a313a7b733a31303a2270726564696361746573223b613a313a7b693a303b733a383a2264633a7469746c65223b7d7d733a373a2263726561746564223b613a333a7b733a31303a2270726564696361746573223b613a323a7b693a303b733a373a2264633a64617465223b693a313b733a31303a2264633a63726561746564223b7d733a383a226461746174797065223b733a31323a227873643a6461746554696d65223b733a383a2263616c6c6261636b223b733a31323a22646174655f69736f38363031223b7d733a373a226368616e676564223b613a333a7b733a31303a2270726564696361746573223b613a313a7b693a303b733a31313a2264633a6d6f646966696564223b7d733a383a226461746174797065223b733a31323a227873643a6461746554696d65223b733a383a2263616c6c6261636b223b733a31323a22646174655f69736f38363031223b7d733a343a22626f6479223b613a313a7b733a31303a2270726564696361746573223b613a313a7b693a303b733a31353a22636f6e74656e743a656e636f646564223b7d7d733a333a22756964223b613a323a7b733a31303a2270726564696361746573223b613a313a7b693a303b733a31363a2273696f633a6861735f63726561746f72223b7d733a343a2274797065223b733a333a2272656c223b7d733a343a226e616d65223b613a313a7b733a31303a2270726564696361746573223b613a313a7b693a303b733a393a22666f61663a6e616d65223b7d7d733a31333a22636f6d6d656e745f636f756e74223b613a323a7b733a31303a2270726564696361746573223b613a313a7b693a303b733a31363a2273696f633a6e756d5f7265706c696573223b7d733a383a226461746174797065223b733a31313a227873643a696e7465676572223b7d733a31333a226c6173745f6163746976697479223b613a333a7b733a31303a2270726564696361746573223b613a313a7b693a303b733a32333a2273696f633a6c6173745f61637469766974795f64617465223b7d733a383a226461746174797065223b733a31323a227873643a6461746554696d65223b733a383a2263616c6c6261636b223b733a31323a22646174655f69736f38363031223b7d7d);

-- --------------------------------------------------------

--
-- Struttura della tabella `registry`
--

CREATE TABLE IF NOT EXISTS `registry` (
  `name` varchar(255) NOT NULL DEFAULT '' COMMENT 'The name of the function, class, or interface.',
  `type` varchar(9) NOT NULL DEFAULT '' COMMENT 'Either function or class or interface.',
  `filename` varchar(255) NOT NULL COMMENT 'Name of the file.',
  `module` varchar(255) NOT NULL DEFAULT '' COMMENT 'Name of the module the file belongs to.',
  `weight` int(11) NOT NULL DEFAULT '0' COMMENT 'The order in which this module’s hooks should be invoked relative to other modules. Equal-weighted modules are ordered by name.',
  PRIMARY KEY (`name`,`type`),
  KEY `hook` (`type`,`weight`,`module`)
) ENGINE=InnoDB DEFAULT CHARSET=utf8 COMMENT='Each record is a function, class, or interface name and...';

--
-- Dump dei dati per la tabella `registry`
--

INSERT INTO `registry` (`name`, `type`, `filename`, `module`, `weight`) VALUES
('AccessDeniedTestCase', 'class', 'modules/system/system.test', 'system', 0),
('AdminMetaTagTestCase', 'class', 'modules/system/system.test', 'system', 0),
('ArchiverInterface', 'interface', 'includes/archiver.inc', '', 0),
('ArchiverTar', 'class', 'modules/system/system.archiver.inc', 'system', 0),
('ArchiverZip', 'class', 'modules/system/system.archiver.inc', 'system', 0),
('Archive_Tar', 'class', 'modules/system/system.tar.inc', 'system', 0),
('BatchMemoryQueue', 'class', 'includes/batch.queue.inc', '', 0),
('BatchQueue', 'class', 'includes/batch.queue.inc', '', 0),
('BlockAdminThemeTestCase', 'class', 'modules/block/block.test', 'block', 0),
('BlockCacheTestCase', 'class', 'modules/block/block.test', 'block', 0),
('BlockHiddenRegionTestCase', 'class', 'modules/block/block.test', 'block', 0),
('BlockHTMLIdTestCase', 'class', 'modules/block/block.test', 'block', 0),
('BlockTemplateSuggestionsUnitTest', 'class', 'modules/block/block.test', 'block', 0),
('BlockTestCase', 'class', 'modules/block/block.test', 'block', 0),
('colorbox_handler_field_colorbox', 'class', 'modules/colorbox/views/colorbox_handler_field_colorbox.inc', 'colorbox', 0),
('ColorTestCase', 'class', 'modules/color/color.test', 'color', 0),
('CommentActionsTestCase', 'class', 'modules/comment/comment.test', 'comment', 0),
('CommentAnonymous', 'class', 'modules/comment/comment.test', 'comment', 0),
('CommentApprovalTest', 'class', 'modules/comment/comment.test', 'comment', 0),
('CommentBlockFunctionalTest', 'class', 'modules/comment/comment.test', 'comment', 0),
('CommentContentRebuild', 'class', 'modules/comment/comment.test', 'comment', 0),
('CommentController', 'class', 'modules/comment/comment.module', 'comment', 0),
('CommentFieldsTest', 'class', 'modules/comment/comment.test', 'comment', 0),
('CommentHelperCase', 'class', 'modules/comment/comment.test', 'comment', 0),
('CommentInterfaceTest', 'class', 'modules/comment/comment.test', 'comment', 0),
('CommentNodeAccessTest', 'class', 'modules/comment/comment.test', 'comment', 0),
('CommentPagerTest', 'class', 'modules/comment/comment.test', 'comment', 0),
('CommentPreviewTest', 'class', 'modules/comment/comment.test', 'comment', 0),
('CommentRSSUnitTest', 'class', 'modules/comment/comment.test', 'comment', 0),
('CommentThreadingTestCase', 'class', 'modules/comment/comment.test', 'comment', 0),
('CommentTokenReplaceTestCase', 'class', 'modules/comment/comment.test', 'comment', 0),
('ContextualDynamicContextTestCase', 'class', 'modules/contextual/contextual.test', 'contextual', 0),
('CronRunTestCase', 'class', 'modules/system/system.test', 'system', 0),
('ctools_access_ruleset_ui', 'class', 'sites/all/modules/ctools/ctools_access_ruleset/plugins/export_ui/ctools_access_ruleset_ui.class.php', 'ctools_access_ruleset', 0),
('ctools_context', 'class', 'sites/all/modules/ctools/includes/context.inc', 'ctools', 0),
('ctools_context_optional', 'class', 'sites/all/modules/ctools/includes/context.inc', 'ctools', 0),
('ctools_context_required', 'class', 'sites/all/modules/ctools/includes/context.inc', 'ctools', 0),
('ctools_custom_content_ui', 'class', 'sites/all/modules/ctools/ctools_custom_content/plugins/export_ui/ctools_custom_content_ui.class.php', 'ctools_custom_content', 0),
('ctools_export_ui', 'class', 'sites/all/modules/ctools/plugins/export_ui/ctools_export_ui.class.php', 'ctools', 0),
('ctools_math_expr', 'class', 'sites/all/modules/ctools/includes/math-expr.inc', 'ctools', 0),
('ctools_math_expr_stack', 'class', 'sites/all/modules/ctools/includes/math-expr.inc', 'ctools', 0),
('ctools_stylizer_image_processor', 'class', 'sites/all/modules/ctools/includes/stylizer.inc', 'ctools', 0),
('Database', 'class', 'includes/database/database.inc', '', 0),
('DatabaseCondition', 'class', 'includes/database/query.inc', '', 0),
('DatabaseConnection', 'class', 'includes/database/database.inc', '', 0),
('DatabaseConnectionNotDefinedException', 'class', 'includes/database/database.inc', '', 0),
('DatabaseConnection_mysql', 'class', 'includes/database/mysql/database.inc', '', 0),
('DatabaseConnection_pgsql', 'class', 'includes/database/pgsql/database.inc', '', 0),
('DatabaseConnection_sqlite', 'class', 'includes/database/sqlite/database.inc', '', 0),
('DatabaseDriverNotSpecifiedException', 'class', 'includes/database/database.inc', '', 0),
('DatabaseLog', 'class', 'includes/database/log.inc', '', 0),
('DatabaseSchema', 'class', 'includes/database/schema.inc', '', 0),
('DatabaseSchemaObjectDoesNotExistException', 'class', 'includes/database/schema.inc', '', 0),
('DatabaseSchemaObjectExistsException', 'class', 'includes/database/schema.inc', '', 0),
('DatabaseSchema_mysql', 'class', 'includes/database/mysql/schema.inc', '', 0),
('DatabaseSchema_pgsql', 'class', 'includes/database/pgsql/schema.inc', '', 0),
('DatabaseSchema_sqlite', 'class', 'includes/database/sqlite/schema.inc', '', 0),
('DatabaseStatementBase', 'class', 'includes/database/database.inc', '', 0),
('DatabaseStatementEmpty', 'class', 'includes/database/database.inc', '', 0),
('DatabaseStatementInterface', 'interface', 'includes/database/database.inc', '', 0),
('DatabaseStatementPrefetch', 'class', 'includes/database/prefetch.inc', '', 0),
('DatabaseStatement_sqlite', 'class', 'includes/database/sqlite/database.inc', '', 0),
('DatabaseTaskException', 'class', 'includes/install.inc', '', 0),
('DatabaseTasks', 'class', 'includes/install.inc', '', 0),
('DatabaseTasks_mysql', 'class', 'includes/database/mysql/install.inc', '', 0),
('DatabaseTasks_pgsql', 'class', 'includes/database/pgsql/install.inc', '', 0),
('DatabaseTasks_sqlite', 'class', 'includes/database/sqlite/install.inc', '', 0),
('DatabaseTransaction', 'class', 'includes/database/database.inc', '', 0),
('DatabaseTransactionCommitFailedException', 'class', 'includes/database/database.inc', '', 0),
('DatabaseTransactionExplicitCommitNotAllowedException', 'class', 'includes/database/database.inc', '', 0),
('DatabaseTransactionNameNonUniqueException', 'class', 'includes/database/database.inc', '', 0),
('DatabaseTransactionNoActiveException', 'class', 'includes/database/database.inc', '', 0),
('DatabaseTransactionOutOfOrderException', 'class', 'includes/database/database.inc', '', 0),
('DateTimeFunctionalTest', 'class', 'modules/system/system.test', 'system', 0),
('DBLogTestCase', 'class', 'modules/dblog/dblog.test', 'dblog', 0),
('DefaultMailSystem', 'class', 'modules/system/system.mail.inc', 'system', 0),
('DeleteQuery', 'class', 'includes/database/query.inc', '', 0),
('DeleteQuery_sqlite', 'class', 'includes/database/sqlite/query.inc', '', 0),
('DrupalCacheArray', 'class', 'includes/bootstrap.inc', '', 0),
('DrupalCacheInterface', 'interface', 'includes/cache.inc', '', 0),
('DrupalDatabaseCache', 'class', 'includes/cache.inc', '', 0),
('DrupalDefaultEntityController', 'class', 'includes/entity.inc', '', 0),
('DrupalEntityControllerInterface', 'interface', 'includes/entity.inc', '', 0),
('DrupalFakeCache', 'class', 'includes/cache-install.inc', '', 0),
('DrupalLocalStreamWrapper', 'class', 'includes/stream_wrappers.inc', '', 0),
('DrupalPrivateStreamWrapper', 'class', 'includes/stream_wrappers.inc', '', 0),
('DrupalPublicStreamWrapper', 'class', 'includes/stream_wrappers.inc', '', 0),
('DrupalQueue', 'class', 'modules/system/system.queue.inc', 'system', 0),
('DrupalQueueInterface', 'interface', 'modules/system/system.queue.inc', 'system', 0),
('DrupalReliableQueueInterface', 'interface', 'modules/system/system.queue.inc', 'system', 0),
('DrupalStreamWrapperInterface', 'interface', 'includes/stream_wrappers.inc', '', 0),
('DrupalTemporaryStreamWrapper', 'class', 'includes/stream_wrappers.inc', '', 0),
('DrupalUpdateException', 'class', 'includes/update.inc', '', 0),
('DrupalUpdaterInterface', 'interface', 'includes/updater.inc', '', 0),
('EnableDisableTestCase', 'class', 'modules/system/system.test', 'system', 0),
('EntityFieldQuery', 'class', 'includes/entity.inc', '', 0),
('EntityFieldQueryException', 'class', 'includes/entity.inc', '', 0),
('EntityMalformedException', 'class', 'includes/entity.inc', '', 0),
('EntityPropertiesTestCase', 'class', 'modules/field/tests/field.test', 'field', 0),
('FieldAttachOtherTestCase', 'class', 'modules/field/tests/field.test', 'field', 0),
('FieldAttachStorageTestCase', 'class', 'modules/field/tests/field.test', 'field', 0),
('FieldAttachTestCase', 'class', 'modules/field/tests/field.test', 'field', 0),
('FieldBulkDeleteTestCase', 'class', 'modules/field/tests/field.test', 'field', 0),
('FieldCrudTestCase', 'class', 'modules/field/tests/field.test', 'field', 0),
('FieldDisplayAPITestCase', 'class', 'modules/field/tests/field.test', 'field', 0),
('FieldException', 'class', 'modules/field/field.module', 'field', 0),
('FieldFormTestCase', 'class', 'modules/field/tests/field.test', 'field', 0),
('FieldInfoTestCase', 'class', 'modules/field/tests/field.test', 'field', 0),
('FieldInstanceCrudTestCase', 'class', 'modules/field/tests/field.test', 'field', 0),
('FieldsOverlapException', 'class', 'includes/database/database.inc', '', 0),
('FieldSqlStorageTestCase', 'class', 'modules/field/modules/field_sql_storage/field_sql_storage.test', 'field_sql_storage', 0),
('FieldTestCase', 'class', 'modules/field/tests/field.test', 'field', 0),
('FieldTranslationsTestCase', 'class', 'modules/field/tests/field.test', 'field', 0),
('FieldUIAlterTestCase', 'class', 'modules/field_ui/field_ui.test', 'field_ui', 0),
('FieldUIManageDisplayTestCase', 'class', 'modules/field_ui/field_ui.test', 'field_ui', 0),
('FieldUIManageFieldsTestCase', 'class', 'modules/field_ui/field_ui.test', 'field_ui', 0),
('FieldUITestCase', 'class', 'modules/field_ui/field_ui.test', 'field_ui', 0),
('FieldUpdateForbiddenException', 'class', 'modules/field/field.module', 'field', 0),
('FieldValidationException', 'class', 'modules/field/field.attach.inc', 'field', 0),
('FileEntityReplaceTestCase', 'class', 'sites/all/modules/file_entity/tests/file_entity.test', 'file_entity', 0),
('FileEntityTestHelper', 'class', 'sites/all/modules/file_entity/tests/file_entity.test', 'file_entity', 0),
('FileEntityTokenTestCase', 'class', 'sites/all/modules/file_entity/tests/file_entity.test', 'file_entity', 0),
('FileEntityUnitTestCase', 'class', 'sites/all/modules/file_entity/tests/file_entity.test', 'file_entity', 0),
('FileFieldDisplayTestCase', 'class', 'modules/file/tests/file.test', 'file', 0),
('FileFieldPathTestCase', 'class', 'modules/file/tests/file.test', 'file', 0),
('FileFieldRevisionTestCase', 'class', 'modules/file/tests/file.test', 'file', 0),
('FileFieldTestCase', 'class', 'modules/file/tests/file.test', 'file', 0),
('FileFieldValidateTestCase', 'class', 'modules/file/tests/file.test', 'file', 0),
('FileFieldWidgetTestCase', 'class', 'modules/file/tests/file.test', 'file', 0),
('FileManagedFileElementTestCase', 'class', 'modules/file/tests/file.test', 'file', 0),
('FilePrivateTestCase', 'class', 'modules/file/tests/file.test', 'file', 0),
('FileTokenReplaceTestCase', 'class', 'modules/file/tests/file.test', 'file', 0),
('FileTransfer', 'class', 'includes/filetransfer/filetransfer.inc', '', 0),
('FileTransferChmodInterface', 'interface', 'includes/filetransfer/filetransfer.inc', '', 0),
('FileTransferException', 'class', 'includes/filetransfer/filetransfer.inc', '', 0),
('FileTransferFTP', 'class', 'includes/filetransfer/ftp.inc', '', 0),
('FileTransferFTPExtension', 'class', 'includes/filetransfer/ftp.inc', '', 0),
('FileTransferLocal', 'class', 'includes/filetransfer/local.inc', '', 0),
('FileTransferSSH', 'class', 'includes/filetransfer/ssh.inc', '', 0),
('FilterAdminTestCase', 'class', 'modules/filter/filter.test', 'filter', 0),
('FilterCRUDTestCase', 'class', 'modules/filter/filter.test', 'filter', 0),
('FilterDefaultFormatTestCase', 'class', 'modules/filter/filter.test', 'filter', 0),
('FilterFormatAccessTestCase', 'class', 'modules/filter/filter.test', 'filter', 0),
('FilterHooksTestCase', 'class', 'modules/filter/filter.test', 'filter', 0),
('FilterNoFormatTestCase', 'class', 'modules/filter/filter.test', 'filter', 0),
('FilterSecurityTestCase', 'class', 'modules/filter/filter.test', 'filter', 0),
('FilterUnitTestCase', 'class', 'modules/filter/filter.test', 'filter', 0),
('FloodFunctionalTest', 'class', 'modules/system/system.test', 'system', 0),
('FrontPageTestCase', 'class', 'modules/system/system.test', 'system', 0),
('HelpTestCase', 'class', 'modules/help/help.test', 'help', 0),
('HookRequirementsTestCase', 'class', 'modules/system/system.test', 'system', 0),
('ImageAdminStylesUnitTest', 'class', 'modules/image/image.test', 'image', 0),
('ImageDimensionsScaleTestCase', 'class', 'modules/image/image.test', 'image', 0),
('ImageDimensionsTestCase', 'class', 'modules/image/image.test', 'image', 0),
('ImageEffectsUnitTest', 'class', 'modules/image/image.test', 'image', 0),
('ImageFieldDisplayTestCase', 'class', 'modules/image/image.test', 'image', 0),
('ImageFieldTestCase', 'class', 'modules/image/image.test', 'image', 0),
('ImageFieldValidateTestCase', 'class', 'modules/image/image.test', 'image', 0),
('ImageStylesPathAndUrlTestCase', 'class', 'modules/image/image.test', 'image', 0),
('InfoFileParserTestCase', 'class', 'modules/system/system.test', 'system', 0),
('InsertQuery', 'class', 'includes/database/query.inc', '', 0),
('InsertQuery_mysql', 'class', 'includes/database/mysql/query.inc', '', 0),
('InsertQuery_pgsql', 'class', 'includes/database/pgsql/query.inc', '', 0),
('InsertQuery_sqlite', 'class', 'includes/database/sqlite/query.inc', '', 0),
('InvalidMergeQueryException', 'class', 'includes/database/database.inc', '', 0),
('IPAddressBlockingTestCase', 'class', 'modules/system/system.test', 'system', 0),
('ListFieldTestCase', 'class', 'modules/field/modules/list/tests/list.test', 'list', 0),
('ListFieldUITestCase', 'class', 'modules/field/modules/list/tests/list.test', 'list', 0),
('LocaleBrowserDetectionTest', 'class', 'modules/locale/locale.test', 'locale', 0),
('LocaleCommentLanguageFunctionalTest', 'class', 'modules/locale/locale.test', 'locale', 0),
('LocaleConfigurationTest', 'class', 'modules/locale/locale.test', 'locale', 0),
('LocaleContentFunctionalTest', 'class', 'modules/locale/locale.test', 'locale', 0),
('LocaleDateFormatsFunctionalTest', 'class', 'modules/locale/locale.test', 'locale', 0),
('LocaleExportFunctionalTest', 'class', 'modules/locale/locale.test', 'locale', 0),
('LocaleImportFunctionalTest', 'class', 'modules/locale/locale.test', 'locale', 0),
('LocaleInstallTest', 'class', 'modules/locale/locale.test', 'locale', 0),
('LocaleJavascriptTranslationTest', 'class', 'modules/locale/locale.test', 'locale', 0),
('LocaleLanguageNegotiationInfoFunctionalTest', 'class', 'modules/locale/locale.test', 'locale', 0),
('LocaleLanguageSwitchingFunctionalTest', 'class', 'modules/locale/locale.test', 'locale', 0),
('LocaleMultilingualFieldsFunctionalTest', 'class', 'modules/locale/locale.test', 'locale', 0),
('LocalePathFunctionalTest', 'class', 'modules/locale/locale.test', 'locale', 0),
('LocalePluralFormatTest', 'class', 'modules/locale/locale.test', 'locale', 0),
('LocaleTranslationFunctionalTest', 'class', 'modules/locale/locale.test', 'locale', 0),
('LocaleUILanguageNegotiationTest', 'class', 'modules/locale/locale.test', 'locale', 0),
('LocaleUninstallFrenchFunctionalTest', 'class', 'modules/locale/locale.test', 'locale', 0),
('LocaleUninstallFunctionalTest', 'class', 'modules/locale/locale.test', 'locale', 0),
('LocaleUrlRewritingTest', 'class', 'modules/locale/locale.test', 'locale', 0),
('LocaleUserCreationTest', 'class', 'modules/locale/locale.test', 'locale', 0),
('LocaleUserLanguageFunctionalTest', 'class', 'modules/locale/locale.test', 'locale', 0),
('MailSystemInterface', 'interface', 'includes/mail.inc', '', 0),
('MediaEntityTest', 'class', 'sites/all/modules/media/test/media.entity.test', 'media', 0),
('MediaInternetBaseHandler', 'class', 'sites/all/modules/media/modules/media_internet/media_internet.module', 'media_internet', 0),
('MediaInternetFileHandler', 'class', 'sites/all/modules/media/modules/media_internet/media_internet.module', 'media_internet', 0),
('MediaInternetNoHandlerException', 'class', 'sites/all/modules/media/modules/media_internet/media_internet.module', 'media_internet', 0),
('MediaInternetValidationException', 'class', 'sites/all/modules/media/modules/media_internet/media_internet.module', 'media_internet', 0),
('MediaReadOnlyStreamWrapper', 'class', 'sites/all/modules/media/includes/MediaReadOnlyStreamWrapper.inc', 'media', 0),
('MediaTypeTest', 'class', 'sites/all/modules/media/test/media.types.test', 'media', 0),
('MemoryQueue', 'class', 'modules/system/system.queue.inc', 'system', 0),
('MenuNodeTestCase', 'class', 'modules/menu/menu.test', 'menu', 0),
('MenuTestCase', 'class', 'modules/menu/menu.test', 'menu', 0),
('MergeQuery', 'class', 'includes/database/query.inc', '', 0),
('ModuleDependencyTestCase', 'class', 'modules/system/system.test', 'system', 0),
('ModuleRequiredTestCase', 'class', 'modules/system/system.test', 'system', 0),
('ModuleTestCase', 'class', 'modules/system/system.test', 'system', 0),
('ModuleUpdater', 'class', 'modules/system/system.updater.inc', 'system', 0),
('ModuleVersionTestCase', 'class', 'modules/system/system.test', 'system', 0),
('MultiformTestCase', 'class', 'sites/all/modules/multiform/tests/multiform.test', 'multiform', 0),
('MultiStepNodeFormBasicOptionsTest', 'class', 'modules/node/node.test', 'node', 0),
('NewDefaultThemeBlocks', 'class', 'modules/block/block.test', 'block', 0),
('NodeAccessBaseTableTestCase', 'class', 'modules/node/node.test', 'node', 0),
('NodeAccessPagerTestCase', 'class', 'modules/node/node.test', 'node', 0),
('NodeAccessRebuildTestCase', 'class', 'modules/node/node.test', 'node', 0),
('NodeAccessRecordsTestCase', 'class', 'modules/node/node.test', 'node', 0),
('NodeAccessTestCase', 'class', 'modules/node/node.test', 'node', 0),
('NodeAdminTestCase', 'class', 'modules/node/node.test', 'node', 0),
('NodeBlockFunctionalTest', 'class', 'modules/node/node.test', 'node', 0),
('NodeBlockTestCase', 'class', 'modules/node/node.test', 'node', 0),
('NodeBuildContent', 'class', 'modules/node/node.test', 'node', 0),
('NodeController', 'class', 'modules/node/node.module', 'node', 0),
('NodeCreationTestCase', 'class', 'modules/node/node.test', 'node', 0),
('NodeEntityFieldQueryAlter', 'class', 'modules/node/node.test', 'node', 0),
('NodeFeedTestCase', 'class', 'modules/node/node.test', 'node', 0),
('NodeLoadHooksTestCase', 'class', 'modules/node/node.test', 'node', 0),
('NodeLoadMultipleTestCase', 'class', 'modules/node/node.test', 'node', 0),
('NodePostSettingsTestCase', 'class', 'modules/node/node.test', 'node', 0),
('NodeQueryAlter', 'class', 'modules/node/node.test', 'node', 0),
('NodeRevisionPermissionsTestCase', 'class', 'modules/node/node.test', 'node', 0),
('NodeRevisionsTestCase', 'class', 'modules/node/node.test', 'node', 0),
('NodeRSSContentTestCase', 'class', 'modules/node/node.test', 'node', 0),
('NodeSaveTestCase', 'class', 'modules/node/node.test', 'node', 0),
('NodeTitleTestCase', 'class', 'modules/node/node.test', 'node', 0),
('NodeTitleXSSTestCase', 'class', 'modules/node/node.test', 'node', 0),
('NodeTokenReplaceTestCase', 'class', 'modules/node/node.test', 'node', 0),
('NodeTypePersistenceTestCase', 'class', 'modules/node/node.test', 'node', 0),
('NodeTypeTestCase', 'class', 'modules/node/node.test', 'node', 0),
('NoFieldsException', 'class', 'includes/database/database.inc', '', 0),
('NoHelpTestCase', 'class', 'modules/help/help.test', 'help', 0),
('NonDefaultBlockAdmin', 'class', 'modules/block/block.test', 'block', 0),
('OptionsWidgetsTestCase', 'class', 'modules/field/modules/options/options.test', 'options', 0),
('PageEditTestCase', 'class', 'modules/node/node.test', 'node', 0),
('PageNotFoundTestCase', 'class', 'modules/system/system.test', 'system', 0),
('PagePreviewTestCase', 'class', 'modules/node/node.test', 'node', 0),
('PagerDefault', 'class', 'includes/pager.inc', '', 0),
('PageTitleFiltering', 'class', 'modules/system/system.test', 'system', 0),
('PageViewTestCase', 'class', 'modules/node/node.test', 'node', 0),
('Query', 'class', 'includes/database/query.inc', '', 0),
('QueryAlterableInterface', 'interface', 'includes/database/query.inc', '', 0),
('QueryConditionInterface', 'interface', 'includes/database/query.inc', '', 0),
('QueryExtendableInterface', 'interface', 'includes/database/select.inc', '', 0),
('QueryPlaceholderInterface', 'interface', 'includes/database/query.inc', '', 0),
('QueueTestCase', 'class', 'modules/system/system.test', 'system', 0),
('RdfCommentAttributesTestCase', 'class', 'modules/rdf/rdf.test', 'rdf', 0),
('RdfCrudTestCase', 'class', 'modules/rdf/rdf.test', 'rdf', 0),
('RdfGetRdfNamespacesTestCase', 'class', 'modules/rdf/rdf.test', 'rdf', 0),
('RdfMappingDefinitionTestCase', 'class', 'modules/rdf/rdf.test', 'rdf', 0),
('RdfMappingHookTestCase', 'class', 'modules/rdf/rdf.test', 'rdf', 0),
('RdfRdfaMarkupTestCase', 'class', 'modules/rdf/rdf.test', 'rdf', 0),
('RdfTrackerAttributesTestCase', 'class', 'modules/rdf/rdf.test', 'rdf', 0),
('RetrieveFileTestCase', 'class', 'modules/system/system.test', 'system', 0),
('SchemaCache', 'class', 'includes/bootstrap.inc', '', 0),
('SearchAdvancedSearchForm', 'class', 'modules/search/search.test', 'search', 0),
('SearchBlockTestCase', 'class', 'modules/search/search.test', 'search', 0),
('SearchCommentCountToggleTestCase', 'class', 'modules/search/search.test', 'search', 0),
('SearchCommentTestCase', 'class', 'modules/search/search.test', 'search', 0),
('SearchConfigSettingsForm', 'class', 'modules/search/search.test', 'search', 0),
('SearchEmbedForm', 'class', 'modules/search/search.test', 'search', 0),
('SearchExactTestCase', 'class', 'modules/search/search.test', 'search', 0),
('SearchExcerptTestCase', 'class', 'modules/search/search.test', 'search', 0),
('SearchExpressionInsertExtractTestCase', 'class', 'modules/search/search.test', 'search', 0),
('SearchKeywordsConditions', 'class', 'modules/search/search.test', 'search', 0),
('SearchLanguageTestCase', 'class', 'modules/search/search.test', 'search', 0),
('SearchMatchTestCase', 'class', 'modules/search/search.test', 'search', 0),
('SearchNodeAccessTest', 'class', 'modules/search/search.test', 'search', 0),
('SearchNumberMatchingTestCase', 'class', 'modules/search/search.test', 'search', 0),
('SearchNumbersTestCase', 'class', 'modules/search/search.test', 'search', 0),
('SearchPageOverride', 'class', 'modules/search/search.test', 'search', 0),
('SearchPageText', 'class', 'modules/search/search.test', 'search', 0),
('SearchQuery', 'class', 'modules/search/search.extender.inc', 'search', 0),
('SearchRankingTestCase', 'class', 'modules/search/search.test', 'search', 0),
('SearchSimplifyTestCase', 'class', 'modules/search/search.test', 'search', 0),
('SearchTokenizerTestCase', 'class', 'modules/search/search.test', 'search', 0),
('SelectQuery', 'class', 'includes/database/select.inc', '', 0),
('SelectQueryExtender', 'class', 'includes/database/select.inc', '', 0),
('SelectQueryInterface', 'interface', 'includes/database/select.inc', '', 0),
('SelectQuery_pgsql', 'class', 'includes/database/pgsql/select.inc', '', 0),
('SelectQuery_sqlite', 'class', 'includes/database/sqlite/select.inc', '', 0),
('ShortcutLinksTestCase', 'class', 'modules/shortcut/shortcut.test', 'shortcut', 0),
('ShortcutSetsTestCase', 'class', 'modules/shortcut/shortcut.test', 'shortcut', 0),
('ShortcutTestCase', 'class', 'modules/shortcut/shortcut.test', 'shortcut', 0),
('ShutdownFunctionsTest', 'class', 'modules/system/system.test', 'system', 0),
('SiteMaintenanceTestCase', 'class', 'modules/system/system.test', 'system', 0),
('SkipDotsRecursiveDirectoryIterator', 'class', 'includes/filetransfer/filetransfer.inc', '', 0),
('StreamWrapperInterface', 'interface', 'includes/stream_wrappers.inc', '', 0),
('stylizer_ui', 'class', 'sites/all/modules/ctools/stylizer/plugins/export_ui/stylizer_ui.class.php', 'stylizer', 0),
('SummaryLengthTestCase', 'class', 'modules/node/node.test', 'node', 0),
('SystemAdminTestCase', 'class', 'modules/system/system.test', 'system', 0),
('SystemAuthorizeCase', 'class', 'modules/system/system.test', 'system', 0),
('SystemBlockTestCase', 'class', 'modules/system/system.test', 'system', 0),
('SystemIndexPhpTest', 'class', 'modules/system/system.test', 'system', 0),
('SystemInfoAlterTestCase', 'class', 'modules/system/system.test', 'system', 0),
('SystemMainContentFallback', 'class', 'modules/system/system.test', 'system', 0),
('SystemQueue', 'class', 'modules/system/system.queue.inc', 'system', 0),
('SystemThemeFunctionalTest', 'class', 'modules/system/system.test', 'system', 0),
('TableSort', 'class', 'includes/tablesort.inc', '', 0),
('TaxonomyHooksTestCase', 'class', 'modules/taxonomy/taxonomy.test', 'taxonomy', 0),
('TaxonomyLegacyTestCase', 'class', 'modules/taxonomy/taxonomy.test', 'taxonomy', 0),
('TaxonomyLoadMultipleTestCase', 'class', 'modules/taxonomy/taxonomy.test', 'taxonomy', 0),
('TaxonomyRSSTestCase', 'class', 'modules/taxonomy/taxonomy.test', 'taxonomy', 0),
('TaxonomyTermController', 'class', 'modules/taxonomy/taxonomy.module', 'taxonomy', 0),
('TaxonomyTermFieldMultipleVocabularyTestCase', 'class', 'modules/taxonomy/taxonomy.test', 'taxonomy', 0),
('TaxonomyTermFieldTestCase', 'class', 'modules/taxonomy/taxonomy.test', 'taxonomy', 0),
('TaxonomyTermFunctionTestCase', 'class', 'modules/taxonomy/taxonomy.test', 'taxonomy', 0),
('TaxonomyTermIndexTestCase', 'class', 'modules/taxonomy/taxonomy.test', 'taxonomy', 0),
('TaxonomyTermTestCase', 'class', 'modules/taxonomy/taxonomy.test', 'taxonomy', 0),
('TaxonomyThemeTestCase', 'class', 'modules/taxonomy/taxonomy.test', 'taxonomy', 0),
('TaxonomyTokenReplaceTestCase', 'class', 'modules/taxonomy/taxonomy.test', 'taxonomy', 0),
('TaxonomyVocabularyController', 'class', 'modules/taxonomy/taxonomy.module', 'taxonomy', 0),
('TaxonomyVocabularyFunctionalTest', 'class', 'modules/taxonomy/taxonomy.test', 'taxonomy', 0),
('TaxonomyVocabularyTestCase', 'class', 'modules/taxonomy/taxonomy.test', 'taxonomy', 0),
('TaxonomyWebTestCase', 'class', 'modules/taxonomy/taxonomy.test', 'taxonomy', 0),
('TestingMailSystem', 'class', 'modules/system/system.mail.inc', 'system', 0),
('TextFieldTestCase', 'class', 'modules/field/modules/text/text.test', 'text', 0),
('TextSummaryTestCase', 'class', 'modules/field/modules/text/text.test', 'text', 0),
('TextTranslationTestCase', 'class', 'modules/field/modules/text/text.test', 'text', 0),
('ThemeRegistry', 'class', 'includes/theme.inc', '', 0),
('ThemeUpdater', 'class', 'modules/system/system.updater.inc', 'system', 0),
('TokenReplaceTestCase', 'class', 'modules/system/system.test', 'system', 0),
('TranslationTestCase', 'class', 'modules/translation/translation.test', 'translation', 0),
('TruncateQuery', 'class', 'includes/database/query.inc', '', 0),
('TruncateQuery_mysql', 'class', 'includes/database/mysql/query.inc', '', 0),
('TruncateQuery_sqlite', 'class', 'includes/database/sqlite/query.inc', '', 0),
('UpdateQuery', 'class', 'includes/database/query.inc', '', 0),
('UpdateQuery_pgsql', 'class', 'includes/database/pgsql/query.inc', '', 0),
('UpdateQuery_sqlite', 'class', 'includes/database/sqlite/query.inc', '', 0),
('Updater', 'class', 'includes/updater.inc', '', 0),
('UpdaterException', 'class', 'includes/updater.inc', '', 0),
('UpdaterFileTransferException', 'class', 'includes/updater.inc', '', 0),
('UpdateScriptFunctionalTest', 'class', 'modules/system/system.test', 'system', 0),
('UserAccountLinksUnitTests', 'class', 'modules/user/user.test', 'user', 0),
('UserAdminTestCase', 'class', 'modules/user/user.test', 'user', 0),
('UserAuthmapAssignmentTestCase', 'class', 'modules/user/user.test', 'user', 0),
('UserAutocompleteTestCase', 'class', 'modules/user/user.test', 'user', 0),
('UserBlocksUnitTests', 'class', 'modules/user/user.test', 'user', 0),
('UserCancelTestCase', 'class', 'modules/user/user.test', 'user', 0),
('UserController', 'class', 'modules/user/user.module', 'user', 0),
('UserCreateTestCase', 'class', 'modules/user/user.test', 'user', 0),
('UserEditedOwnAccountTestCase', 'class', 'modules/user/user.test', 'user', 0),
('UserEditTestCase', 'class', 'modules/user/user.test', 'user', 0),
('UserLoginTestCase', 'class', 'modules/user/user.test', 'user', 0),
('UserPermissionsTestCase', 'class', 'modules/user/user.test', 'user', 0),
('UserPictureTestCase', 'class', 'modules/user/user.test', 'user', 0),
('UserRegistrationTestCase', 'class', 'modules/user/user.test', 'user', 0),
('UserRoleAdminTestCase', 'class', 'modules/user/user.test', 'user', 0),
('UserRolesAssignmentTestCase', 'class', 'modules/user/user.test', 'user', 0),
('UserSaveTestCase', 'class', 'modules/user/user.test', 'user', 0),
('UserSignatureTestCase', 'class', 'modules/user/user.test', 'user', 0),
('UserTimeZoneFunctionalTest', 'class', 'modules/user/user.test', 'user', 0),
('UserTokenReplaceTestCase', 'class', 'modules/user/user.test', 'user', 0),
('UserUserSearchTestCase', 'class', 'modules/user/user.test', 'user', 0),
('UserValidateCurrentPassCustomForm', 'class', 'modules/user/user.test', 'user', 0),
('UserValidationTestCase', 'class', 'modules/user/user.test', 'user', 0),
('view', 'class', 'sites/all/modules/views/includes/view.inc', 'views', 0),
('ViewsAccessTest', 'class', 'sites/all/modules/views/tests/views_access.test', 'views', 0),
('ViewsAnalyzeTest', 'class', 'sites/all/modules/views/tests/views_analyze.test', 'views', 0),
('ViewsArgumentDefaultTest', 'class', 'sites/all/modules/views/tests/views_argument_default.test', 'views', 0),
('ViewsArgumentValidatorTest', 'class', 'sites/all/modules/views/tests/views_argument_validator.test', 'views', 0),
('ViewsBasicTest', 'class', 'sites/all/modules/views/tests/views_basic.test', 'views', 0),
('ViewsCacheTest', 'class', 'sites/all/modules/views/tests/views_cache.test', 'views', 0),
('ViewsExposedFormTest', 'class', 'sites/all/modules/views/tests/views_exposed_form.test', 'views', 0),
('ViewsGlossaryTestCase', 'class', 'sites/all/modules/views/tests/views_glossary.test', 'views', 0),
('ViewsHandlerAreaTextTest', 'class', 'sites/all/modules/views/tests/handlers/views_handler_area_text.test', 'views', 0),
('viewsHandlerArgumentCommentUserUidTest', 'class', 'sites/all/modules/views/tests/comment/views_handler_argument_comment_user_uid.test', 'views', 0),
('ViewsHandlerArgumentNullTest', 'class', 'sites/all/modules/views/tests/handlers/views_handler_argument_null.test', 'views', 0),
('ViewsHandlerFieldBooleanTest', 'class', 'sites/all/modules/views/tests/handlers/views_handler_field_boolean.test', 'views', 0),
('ViewsHandlerFieldCustomTest', 'class', 'sites/all/modules/views/tests/handlers/views_handler_field_custom.test', 'views', 0),
('ViewsHandlerFieldDateTest', 'class', 'sites/all/modules/views/tests/handlers/views_handler_field_date.test', 'views', 0),
('ViewsHandlerFieldMath', 'class', 'sites/all/modules/views/tests/handlers/views_handler_field_math.test', 'views', 0),
('ViewsHandlerFieldTest', 'class', 'sites/all/modules/views/tests/handlers/views_handler_field.test', 'views', 0),
('ViewsHandlerFieldUrlTest', 'class', 'sites/all/modules/views/tests/handlers/views_handler_field_url.test', 'views', 0),
('viewsHandlerFieldUserNameTest', 'class', 'sites/all/modules/views/tests/user/views_handler_field_user_name.test', 'views', 0),
('viewsHandlerFilterCommentUserUidTest', 'class', 'sites/all/modules/views/tests/comment/views_handler_filter_comment_user_uid.test', 'views', 0),
('ViewsHandlerFilterCounterTest', 'class', 'sites/all/modules/views/tests/handlers/views_handler_field_counter.test', 'views', 0),
('ViewsHandlerFilterDateTest', 'class', 'sites/all/modules/views/tests/handlers/views_handler_filter_date.test', 'views', 0),
('ViewsHandlerFilterEqualityTest', 'class', 'sites/all/modules/views/tests/handlers/views_handler_filter_equality.test', 'views', 0),
('ViewsHandlerFilterInOperator', 'class', 'sites/all/modules/views/tests/handlers/views_handler_filter_in_operator.test', 'views', 0),
('ViewsHandlerFilterNumericTest', 'class', 'sites/all/modules/views/tests/handlers/views_handler_filter_numeric.test', 'views', 0),
('ViewsHandlerFilterStringTest', 'class', 'sites/all/modules/views/tests/handlers/views_handler_filter_string.test', 'views', 0),
('ViewsHandlerSortDateTest', 'class', 'sites/all/modules/views/tests/handlers/views_handler_sort_date.test', 'views', 0),
('ViewsHandlerSortRandomTest', 'class', 'sites/all/modules/views/tests/handlers/views_handler_sort_random.test', 'views', 0),
('ViewsHandlerSortTest', 'class', 'sites/all/modules/views/tests/handlers/views_handler_sort.test', 'views', 0),
('ViewsHandlersTest', 'class', 'sites/all/modules/views/tests/views_handlers.test', 'views', 0),
('ViewsHandlerTestFileSize', 'class', 'sites/all/modules/views/tests/handlers/views_handler_field_file_size.test', 'views', 0),
('ViewsHandlerTestXss', 'class', 'sites/all/modules/views/tests/handlers/views_handler_field_xss.test', 'views', 0),
('ViewsModuleTest', 'class', 'sites/all/modules/views/tests/views_module.test', 'views', 0),
('ViewsPagerTest', 'class', 'sites/all/modules/views/tests/views_pager.test', 'views', 0),
('viewsPluginStyleJumpMenuTest', 'class', 'sites/all/modules/views/tests/styles/views_plugin_style_jump_menu.test', 'views', 0),
('ViewsPluginStyleTestCase', 'class', 'sites/all/modules/views/tests/styles/views_plugin_style.test', 'views', 0),
('ViewsQueryGroupByTest', 'class', 'sites/all/modules/views/tests/views_groupby.test', 'views', 0),
('viewsSearchQuery', 'class', 'sites/all/modules/views/modules/search/views_handler_filter_search.inc', 'views', 0),
('ViewsSqlTest', 'class', 'sites/all/modules/views/tests/views_query.test', 'views', 0),
('ViewsTestCase', 'class', 'sites/all/modules/views/tests/views_query.test', 'views', 0),
('ViewsTranslatableTest', 'class', 'sites/all/modules/views/tests/views_translatable.test', 'views', 0),
('ViewsUiBaseViewsWizard', 'class', 'sites/all/modules/views/plugins/views_wizard/views_ui_base_views_wizard.class.php', 'views_ui', 0),
('ViewsUiCommentViewsWizard', 'class', 'sites/all/modules/views/plugins/views_wizard/views_ui_comment_views_wizard.class.php', 'views_ui', 0),
('ViewsUiFileManagedViewsWizard', 'class', 'sites/all/modules/views/plugins/views_wizard/views_ui_file_managed_views_wizard.class.php', 'views_ui', 0),
('viewsUiGroupbyTestCase', 'class', 'sites/all/modules/views/tests/views_groupby.test', 'views', 0),
('ViewsUiNodeRevisionViewsWizard', 'class', 'sites/all/modules/views/plugins/views_wizard/views_ui_node_revision_views_wizard.class.php', 'views_ui', 0),
('ViewsUiNodeViewsWizard', 'class', 'sites/all/modules/views/plugins/views_wizard/views_ui_node_views_wizard.class.php', 'views_ui', 0),
('ViewsUiTaxonomyTermViewsWizard', 'class', 'sites/all/modules/views/plugins/views_wizard/views_ui_taxonomy_term_views_wizard.class.php', 'views_ui', 0),
('ViewsUiUsersViewsWizard', 'class', 'sites/all/modules/views/plugins/views_wizard/views_ui_users_views_wizard.class.php', 'views_ui', 0),
('ViewsUIWizardBasicTestCase', 'class', 'sites/all/modules/views/tests/views_ui.test', 'views', 0),
('ViewsUIWizardDefaultViewsTestCase', 'class', 'sites/all/modules/views/tests/views_ui.test', 'views', 0),
('ViewsUIWizardHelper', 'class', 'sites/all/modules/views/tests/views_ui.test', 'views', 0),
('ViewsUIWizardItemsPerPageTestCase', 'class', 'sites/all/modules/views/tests/views_ui.test', 'views', 0),
('ViewsUIWizardJumpMenuTestCase', 'class', 'sites/all/modules/views/tests/views_ui.test', 'views', 0),
('ViewsUIWizardMenuTestCase', 'class', 'sites/all/modules/views/tests/views_ui.test', 'views', 0),
('ViewsUIWizardOverrideDisplaysTestCase', 'class', 'sites/all/modules/views/tests/views_ui.test', 'views', 0),
('ViewsUIWizardSortingTestCase', 'class', 'sites/all/modules/views/tests/views_ui.test', 'views', 0),
('ViewsUIWizardTaggedWithTestCase', 'class', 'sites/all/modules/views/tests/views_ui.test', 'views', 0),
('ViewsUpgradeTestCase', 'class', 'sites/all/modules/views/tests/views_upgrade.test', 'views', 0),
('ViewsUserArgumentDefault', 'class', 'sites/all/modules/views/tests/user/views_user_argument_default.test', 'views', 0),
('ViewsUserArgumentValidate', 'class', 'sites/all/modules/views/tests/user/views_user_argument_validate.test', 'views', 0),
('ViewsUserTestCase', 'class', 'sites/all/modules/views/tests/user/views_user.test', 'views', 0),
('ViewsViewTest', 'class', 'sites/all/modules/views/tests/views_view.test', 'views', 0),
('ViewsWizardException', 'class', 'sites/all/modules/views/plugins/views_wizard/views_ui_base_views_wizard.class.php', 'views_ui', 0),
('ViewsWizardInterface', 'interface', 'sites/all/modules/views/plugins/views_wizard/views_ui_base_views_wizard.class.php', 'views_ui', 0),
('views_content_plugin_display_ctools_context', 'class', 'sites/all/modules/ctools/views_content/plugins/views/views_content_plugin_display_ctools_context.inc', 'views_content', 0),
('views_content_plugin_display_panel_pane', 'class', 'sites/all/modules/ctools/views_content/plugins/views/views_content_plugin_display_panel_pane.inc', 'views_content', 0),
('views_content_plugin_style_ctools_context', 'class', 'sites/all/modules/ctools/views_content/plugins/views/views_content_plugin_style_ctools_context.inc', 'views_content', 0),
('views_db_object', 'class', 'sites/all/modules/views/includes/view.inc', 'views', 0),
('views_display', 'class', 'sites/all/modules/views/includes/view.inc', 'views', 0),
('views_handler', 'class', 'sites/all/modules/views/includes/handlers.inc', 'views', 0),
('views_handler_area', 'class', 'sites/all/modules/views/handlers/views_handler_area.inc', 'views', 0),
('views_handler_area_broken', 'class', 'sites/all/modules/views/handlers/views_handler_area.inc', 'views', 0),
('views_handler_area_result', 'class', 'sites/all/modules/views/handlers/views_handler_area_result.inc', 'views', 0),
('views_handler_area_text', 'class', 'sites/all/modules/views/handlers/views_handler_area_text.inc', 'views', 0),
('views_handler_area_view', 'class', 'sites/all/modules/views/handlers/views_handler_area_view.inc', 'views', 0),
('views_handler_argument', 'class', 'sites/all/modules/views/handlers/views_handler_argument.inc', 'views', 0),
('views_handler_argument_aggregator_category_cid', 'class', 'sites/all/modules/views/modules/aggregator/views_handler_argument_aggregator_category_cid.inc', 'views', 0),
('views_handler_argument_aggregator_fid', 'class', 'sites/all/modules/views/modules/aggregator/views_handler_argument_aggregator_fid.inc', 'views', 0),
('views_handler_argument_aggregator_iid', 'class', 'sites/all/modules/views/modules/aggregator/views_handler_argument_aggregator_iid.inc', 'views', 0),
('views_handler_argument_broken', 'class', 'sites/all/modules/views/handlers/views_handler_argument.inc', 'views', 0),
('views_handler_argument_comment_user_uid', 'class', 'sites/all/modules/views/modules/comment/views_handler_argument_comment_user_uid.inc', 'views', 0),
('views_handler_argument_date', 'class', 'sites/all/modules/views/handlers/views_handler_argument_date.inc', 'views', 0),
('views_handler_argument_field_list', 'class', 'sites/all/modules/views/modules/field/views_handler_argument_field_list.inc', 'views', 0),
('views_handler_argument_file_fid', 'class', 'sites/all/modules/views/modules/system/views_handler_argument_file_fid.inc', 'views', 0),
('views_handler_argument_file_type', 'class', 'sites/all/modules/file_entity/views/views_handler_argument_file_type.inc', 'file_entity', 0),
('views_handler_argument_formula', 'class', 'sites/all/modules/views/handlers/views_handler_argument_formula.inc', 'views', 0),
('views_handler_argument_group_by_numeric', 'class', 'sites/all/modules/views/handlers/views_handler_argument_group_by_numeric.inc', 'views', 0),
('views_handler_argument_locale_group', 'class', 'sites/all/modules/views/modules/locale/views_handler_argument_locale_group.inc', 'views', 0),
('views_handler_argument_locale_language', 'class', 'sites/all/modules/views/modules/locale/views_handler_argument_locale_language.inc', 'views', 0),
('views_handler_argument_many_to_one', 'class', 'sites/all/modules/views/handlers/views_handler_argument_many_to_one.inc', 'views', 0),
('views_handler_argument_node_created_day', 'class', 'sites/all/modules/views/modules/node/views_handler_argument_dates_various.inc', 'views', 0),
('views_handler_argument_node_created_fulldate', 'class', 'sites/all/modules/views/modules/node/views_handler_argument_dates_various.inc', 'views', 0),
('views_handler_argument_node_created_month', 'class', 'sites/all/modules/views/modules/node/views_handler_argument_dates_various.inc', 'views', 0),
('views_handler_argument_node_created_week', 'class', 'sites/all/modules/views/modules/node/views_handler_argument_dates_various.inc', 'views', 0),
('views_handler_argument_node_created_year', 'class', 'sites/all/modules/views/modules/node/views_handler_argument_dates_various.inc', 'views', 0),
('views_handler_argument_node_created_year_month', 'class', 'sites/all/modules/views/modules/node/views_handler_argument_dates_various.inc', 'views', 0),
('views_handler_argument_node_language', 'class', 'sites/all/modules/views/modules/node/views_handler_argument_node_language.inc', 'views', 0),
('views_handler_argument_node_nid', 'class', 'sites/all/modules/views/modules/node/views_handler_argument_node_nid.inc', 'views', 0),
('views_handler_argument_node_tnid', 'class', 'sites/all/modules/views/modules/translation/views_handler_argument_node_tnid.inc', 'views', 0),
('views_handler_argument_node_type', 'class', 'sites/all/modules/views/modules/node/views_handler_argument_node_type.inc', 'views', 0),
('views_handler_argument_node_uid_revision', 'class', 'sites/all/modules/views/modules/node/views_handler_argument_node_uid_revision.inc', 'views', 0),
('views_handler_argument_node_vid', 'class', 'sites/all/modules/views/modules/node/views_handler_argument_node_vid.inc', 'views', 0),
('views_handler_argument_null', 'class', 'sites/all/modules/views/handlers/views_handler_argument_null.inc', 'views', 0),
('views_handler_argument_numeric', 'class', 'sites/all/modules/views/handlers/views_handler_argument_numeric.inc', 'views', 0),
('views_handler_argument_search', 'class', 'sites/all/modules/views/modules/search/views_handler_argument_search.inc', 'views', 0),
('views_handler_argument_string', 'class', 'sites/all/modules/views/handlers/views_handler_argument_string.inc', 'views', 0),
('views_handler_argument_taxonomy', 'class', 'sites/all/modules/views/modules/taxonomy/views_handler_argument_taxonomy.inc', 'views', 0),
('views_handler_argument_term_node_tid', 'class', 'sites/all/modules/views/modules/taxonomy/views_handler_argument_term_node_tid.inc', 'views', 0),
('views_handler_argument_term_node_tid_depth', 'class', 'sites/all/modules/views/modules/taxonomy/views_handler_argument_term_node_tid_depth.inc', 'views', 0),
('views_handler_argument_term_node_tid_depth_modifier', 'class', 'sites/all/modules/views/modules/taxonomy/views_handler_argument_term_node_tid_depth_modifier.inc', 'views', 0),
('views_handler_argument_users_roles_rid', 'class', 'sites/all/modules/views/modules/user/views_handler_argument_users_roles_rid.inc', 'views', 0),
('views_handler_argument_user_uid', 'class', 'sites/all/modules/views/modules/user/views_handler_argument_user_uid.inc', 'views', 0),
('views_handler_argument_vocabulary_machine_name', 'class', 'sites/all/modules/views/modules/taxonomy/views_handler_argument_vocabulary_machine_name.inc', 'views', 0),
('views_handler_argument_vocabulary_vid', 'class', 'sites/all/modules/views/modules/taxonomy/views_handler_argument_vocabulary_vid.inc', 'views', 0),
('views_handler_field', 'class', 'sites/all/modules/views/handlers/views_handler_field.inc', 'views', 0),
('views_handler_field_accesslog_path', 'class', 'sites/all/modules/views/modules/statistics/views_handler_field_accesslog_path.inc', 'views', 0),
('views_handler_field_aggregator_category', 'class', 'sites/all/modules/views/modules/aggregator/views_handler_field_aggregator_category.inc', 'views', 0),
('views_handler_field_aggregator_title_link', 'class', 'sites/all/modules/views/modules/aggregator/views_handler_field_aggregator_title_link.inc', 'views', 0),
('views_handler_field_aggregator_xss', 'class', 'sites/all/modules/views/modules/aggregator/views_handler_field_aggregator_xss.inc', 'views', 0),
('views_handler_field_boolean', 'class', 'sites/all/modules/views/handlers/views_handler_field_boolean.inc', 'views', 0),
('views_handler_field_broken', 'class', 'sites/all/modules/views/handlers/views_handler_field.inc', 'views', 0),
('views_handler_field_comment', 'class', 'sites/all/modules/views/modules/comment/views_handler_field_comment.inc', 'views', 0),
('views_handler_field_comment_depth', 'class', 'sites/all/modules/views/modules/comment/views_handler_field_comment_depth.inc', 'views', 0),
('views_handler_field_comment_link', 'class', 'sites/all/modules/views/modules/comment/views_handler_field_comment_link.inc', 'views', 0),
('views_handler_field_comment_link_approve', 'class', 'sites/all/modules/views/modules/comment/views_handler_field_comment_link_approve.inc', 'views', 0),
('views_handler_field_comment_link_delete', 'class', 'sites/all/modules/views/modules/comment/views_handler_field_comment_link_delete.inc', 'views', 0),
('views_handler_field_comment_link_edit', 'class', 'sites/all/modules/views/modules/comment/views_handler_field_comment_link_edit.inc', 'views', 0),
('views_handler_field_comment_link_reply', 'class', 'sites/all/modules/views/modules/comment/views_handler_field_comment_link_reply.inc', 'views', 0),
('views_handler_field_comment_node_link', 'class', 'sites/all/modules/views/modules/comment/views_handler_field_comment_node_link.inc', 'views', 0),
('views_handler_field_comment_username', 'class', 'sites/all/modules/views/modules/comment/views_handler_field_comment_username.inc', 'views', 0),
('views_handler_field_contact_link', 'class', 'sites/all/modules/views/modules/contact/views_handler_field_contact_link.inc', 'views', 0),
('views_handler_field_contextual_links', 'class', 'sites/all/modules/views/handlers/views_handler_field_contextual_links.inc', 'views', 0),
('views_handler_field_counter', 'class', 'sites/all/modules/views/handlers/views_handler_field_counter.inc', 'views', 0),
('views_handler_field_custom', 'class', 'sites/all/modules/views/handlers/views_handler_field_custom.inc', 'views', 0),
('views_handler_field_date', 'class', 'sites/all/modules/views/handlers/views_handler_field_date.inc', 'views', 0),
('views_handler_field_entity', 'class', 'sites/all/modules/views/handlers/views_handler_field_entity.inc', 'views', 0),
('views_handler_field_field', 'class', 'sites/all/modules/views/modules/field/views_handler_field_field.inc', 'views', 0),
('views_handler_field_file', 'class', 'sites/all/modules/views/modules/system/views_handler_field_file.inc', 'views', 0),
('views_handler_field_file_extension', 'class', 'sites/all/modules/views/modules/system/views_handler_field_file_extension.inc', 'views', 0),
('views_handler_field_file_filemime', 'class', 'sites/all/modules/views/modules/system/views_handler_field_file_filemime.inc', 'views', 0),
('views_handler_field_file_size', 'class', 'sites/all/modules/views/handlers/views_handler_field.inc', 'views', 0),
('views_handler_field_file_status', 'class', 'sites/all/modules/views/modules/system/views_handler_field_file_status.inc', 'views', 0),
('views_handler_field_file_type', 'class', 'sites/all/modules/file_entity/views/views_handler_field_file_type.inc', 'file_entity', 0),
('views_handler_field_file_uri', 'class', 'sites/all/modules/views/modules/system/views_handler_field_file_uri.inc', 'views', 0),
('views_handler_field_filter_format_name', 'class', 'sites/all/modules/views/modules/filter/views_handler_field_filter_format_name.inc', 'views', 0),
('views_handler_field_history_user_timestamp', 'class', 'sites/all/modules/views/modules/node/views_handler_field_history_user_timestamp.inc', 'views', 0),
('views_handler_field_last_comment_timestamp', 'class', 'sites/all/modules/views/modules/comment/views_handler_field_last_comment_timestamp.inc', 'views', 0),
('views_handler_field_locale_group', 'class', 'sites/all/modules/views/modules/locale/views_handler_field_locale_group.inc', 'views', 0),
('views_handler_field_locale_language', 'class', 'sites/all/modules/views/modules/locale/views_handler_field_locale_language.inc', 'views', 0),
('views_handler_field_locale_link_edit', 'class', 'sites/all/modules/views/modules/locale/views_handler_field_locale_link_edit.inc', 'views', 0),
('views_handler_field_machine_name', 'class', 'sites/all/modules/views/handlers/views_handler_field_machine_name.inc', 'views', 0),
('views_handler_field_markup', 'class', 'sites/all/modules/views/handlers/views_handler_field_markup.inc', 'views', 0),
('views_handler_field_math', 'class', 'sites/all/modules/views/handlers/views_handler_field_math.inc', 'views', 0),
('views_handler_field_ncs_last_comment_name', 'class', 'sites/all/modules/views/modules/comment/views_handler_field_ncs_last_comment_name.inc', 'views', 0),
('views_handler_field_ncs_last_updated', 'class', 'sites/all/modules/views/modules/comment/views_handler_field_ncs_last_updated.inc', 'views', 0),
('views_handler_field_node', 'class', 'sites/all/modules/views/modules/node/views_handler_field_node.inc', 'views', 0),
('views_handler_field_node_comment', 'class', 'sites/all/modules/views/modules/comment/views_handler_field_node_comment.inc', 'views', 0),
('views_handler_field_node_language', 'class', 'sites/all/modules/views/modules/translation/views_handler_field_node_language.inc', 'views', 0),
('views_handler_field_node_link', 'class', 'sites/all/modules/views/modules/node/views_handler_field_node_link.inc', 'views', 0),
('views_handler_field_node_link_delete', 'class', 'sites/all/modules/views/modules/node/views_handler_field_node_link_delete.inc', 'views', 0),
('views_handler_field_node_link_edit', 'class', 'sites/all/modules/views/modules/node/views_handler_field_node_link_edit.inc', 'views', 0),
('views_handler_field_node_link_translate', 'class', 'sites/all/modules/views/modules/translation/views_handler_field_node_link_translate.inc', 'views', 0),
('views_handler_field_node_new_comments', 'class', 'sites/all/modules/views/modules/comment/views_handler_field_node_new_comments.inc', 'views', 0),
('views_handler_field_node_path', 'class', 'sites/all/modules/views/modules/node/views_handler_field_node_path.inc', 'views', 0),
('views_handler_field_node_revision', 'class', 'sites/all/modules/views/modules/node/views_handler_field_node_revision.inc', 'views', 0),
('views_handler_field_node_revision_link_delete', 'class', 'sites/all/modules/views/modules/node/views_handler_field_node_revision_link_delete.inc', 'views', 0);
INSERT INTO `registry` (`name`, `type`, `filename`, `module`, `weight`) VALUES
('views_handler_field_node_revision_link_revert', 'class', 'sites/all/modules/views/modules/node/views_handler_field_node_revision_link_revert.inc', 'views', 0),
('views_handler_field_node_translation_link', 'class', 'sites/all/modules/views/modules/translation/views_handler_field_node_translation_link.inc', 'views', 0),
('views_handler_field_node_type', 'class', 'sites/all/modules/views/modules/node/views_handler_field_node_type.inc', 'views', 0),
('views_handler_field_numeric', 'class', 'sites/all/modules/views/handlers/views_handler_field_numeric.inc', 'views', 0),
('views_handler_field_prerender_list', 'class', 'sites/all/modules/views/handlers/views_handler_field_prerender_list.inc', 'views', 0),
('views_handler_field_profile_date', 'class', 'sites/all/modules/views/modules/profile/views_handler_field_profile_date.inc', 'views', 0),
('views_handler_field_profile_list', 'class', 'sites/all/modules/views/modules/profile/views_handler_field_profile_list.inc', 'views', 0),
('views_handler_field_search_score', 'class', 'sites/all/modules/views/modules/search/views_handler_field_search_score.inc', 'views', 0),
('views_handler_field_serialized', 'class', 'sites/all/modules/views/handlers/views_handler_field_serialized.inc', 'views', 0),
('views_handler_field_taxonomy', 'class', 'sites/all/modules/views/modules/taxonomy/views_handler_field_taxonomy.inc', 'views', 0),
('views_handler_field_term_link_edit', 'class', 'sites/all/modules/views/modules/taxonomy/views_handler_field_term_link_edit.inc', 'views', 0),
('views_handler_field_term_node_tid', 'class', 'sites/all/modules/views/modules/taxonomy/views_handler_field_term_node_tid.inc', 'views', 0),
('views_handler_field_time_interval', 'class', 'sites/all/modules/views/handlers/views_handler_field_time_interval.inc', 'views', 0),
('views_handler_field_url', 'class', 'sites/all/modules/views/handlers/views_handler_field_url.inc', 'views', 0),
('views_handler_field_user', 'class', 'sites/all/modules/views/modules/user/views_handler_field_user.inc', 'views', 0),
('views_handler_field_user_language', 'class', 'sites/all/modules/views/modules/user/views_handler_field_user_language.inc', 'views', 0),
('views_handler_field_user_link', 'class', 'sites/all/modules/views/modules/user/views_handler_field_user_link.inc', 'views', 0),
('views_handler_field_user_link_cancel', 'class', 'sites/all/modules/views/modules/user/views_handler_field_user_link_cancel.inc', 'views', 0),
('views_handler_field_user_link_edit', 'class', 'sites/all/modules/views/modules/user/views_handler_field_user_link_edit.inc', 'views', 0),
('views_handler_field_user_mail', 'class', 'sites/all/modules/views/modules/user/views_handler_field_user_mail.inc', 'views', 0),
('views_handler_field_user_name', 'class', 'sites/all/modules/views/modules/user/views_handler_field_user_name.inc', 'views', 0),
('views_handler_field_user_permissions', 'class', 'sites/all/modules/views/modules/user/views_handler_field_user_permissions.inc', 'views', 0),
('views_handler_field_user_picture', 'class', 'sites/all/modules/views/modules/user/views_handler_field_user_picture.inc', 'views', 0),
('views_handler_field_user_roles', 'class', 'sites/all/modules/views/modules/user/views_handler_field_user_roles.inc', 'views', 0),
('views_handler_field_xss', 'class', 'sites/all/modules/views/handlers/views_handler_field.inc', 'views', 0),
('views_handler_filter', 'class', 'sites/all/modules/views/handlers/views_handler_filter.inc', 'views', 0),
('views_handler_filter_aggregator_category_cid', 'class', 'sites/all/modules/views/modules/aggregator/views_handler_filter_aggregator_category_cid.inc', 'views', 0),
('views_handler_filter_boolean_operator', 'class', 'sites/all/modules/views/handlers/views_handler_filter_boolean_operator.inc', 'views', 0),
('views_handler_filter_boolean_operator_string', 'class', 'sites/all/modules/views/handlers/views_handler_filter_boolean_operator_string.inc', 'views', 0),
('views_handler_filter_broken', 'class', 'sites/all/modules/views/handlers/views_handler_filter.inc', 'views', 0),
('views_handler_filter_comment_user_uid', 'class', 'sites/all/modules/views/modules/comment/views_handler_filter_comment_user_uid.inc', 'views', 0),
('views_handler_filter_date', 'class', 'sites/all/modules/views/handlers/views_handler_filter_date.inc', 'views', 0),
('views_handler_filter_equality', 'class', 'sites/all/modules/views/handlers/views_handler_filter_equality.inc', 'views', 0),
('views_handler_filter_field_list', 'class', 'sites/all/modules/views/modules/field/views_handler_filter_field_list.inc', 'views', 0),
('views_handler_filter_file_status', 'class', 'sites/all/modules/views/modules/system/views_handler_filter_file_status.inc', 'views', 0),
('views_handler_filter_file_type', 'class', 'sites/all/modules/file_entity/views/views_handler_filter_file_type.inc', 'file_entity', 0),
('views_handler_filter_group_by_numeric', 'class', 'sites/all/modules/views/handlers/views_handler_filter_group_by_numeric.inc', 'views', 0),
('views_handler_filter_history_user_timestamp', 'class', 'sites/all/modules/views/modules/node/views_handler_filter_history_user_timestamp.inc', 'views', 0),
('views_handler_filter_in_operator', 'class', 'sites/all/modules/views/handlers/views_handler_filter_in_operator.inc', 'views', 0),
('views_handler_filter_locale_group', 'class', 'sites/all/modules/views/modules/locale/views_handler_filter_locale_group.inc', 'views', 0),
('views_handler_filter_locale_language', 'class', 'sites/all/modules/views/modules/locale/views_handler_filter_locale_language.inc', 'views', 0),
('views_handler_filter_locale_version', 'class', 'sites/all/modules/views/modules/locale/views_handler_filter_locale_version.inc', 'views', 0),
('views_handler_filter_many_to_one', 'class', 'sites/all/modules/views/handlers/views_handler_filter_many_to_one.inc', 'views', 0),
('views_handler_filter_ncs_last_updated', 'class', 'sites/all/modules/views/modules/comment/views_handler_filter_ncs_last_updated.inc', 'views', 0),
('views_handler_filter_node_access', 'class', 'sites/all/modules/views/modules/node/views_handler_filter_node_access.inc', 'views', 0),
('views_handler_filter_node_comment', 'class', 'sites/all/modules/views/modules/comment/views_handler_filter_node_comment.inc', 'views', 0),
('views_handler_filter_node_language', 'class', 'sites/all/modules/views/modules/translation/views_handler_filter_node_language.inc', 'views', 0),
('views_handler_filter_node_status', 'class', 'sites/all/modules/views/modules/node/views_handler_filter_node_status.inc', 'views', 0),
('views_handler_filter_node_tnid', 'class', 'sites/all/modules/views/modules/translation/views_handler_filter_node_tnid.inc', 'views', 0),
('views_handler_filter_node_tnid_child', 'class', 'sites/all/modules/views/modules/translation/views_handler_filter_node_tnid_child.inc', 'views', 0),
('views_handler_filter_node_type', 'class', 'sites/all/modules/views/modules/node/views_handler_filter_node_type.inc', 'views', 0),
('views_handler_filter_node_uid_revision', 'class', 'sites/all/modules/views/modules/node/views_handler_filter_node_uid_revision.inc', 'views', 0),
('views_handler_filter_numeric', 'class', 'sites/all/modules/views/handlers/views_handler_filter_numeric.inc', 'views', 0),
('views_handler_filter_profile_selection', 'class', 'sites/all/modules/views/modules/profile/views_handler_filter_profile_selection.inc', 'views', 0),
('views_handler_filter_search', 'class', 'sites/all/modules/views/modules/search/views_handler_filter_search.inc', 'views', 0),
('views_handler_filter_string', 'class', 'sites/all/modules/views/handlers/views_handler_filter_string.inc', 'views', 0),
('views_handler_filter_system_type', 'class', 'sites/all/modules/views/modules/system/views_handler_filter_system_type.inc', 'views', 0),
('views_handler_filter_term_node_tid', 'class', 'sites/all/modules/views/modules/taxonomy/views_handler_filter_term_node_tid.inc', 'views', 0),
('views_handler_filter_term_node_tid_depth', 'class', 'sites/all/modules/views/modules/taxonomy/views_handler_filter_term_node_tid_depth.inc', 'views', 0),
('views_handler_filter_user_current', 'class', 'sites/all/modules/views/modules/user/views_handler_filter_user_current.inc', 'views', 0),
('views_handler_filter_user_name', 'class', 'sites/all/modules/views/modules/user/views_handler_filter_user_name.inc', 'views', 0),
('views_handler_filter_user_permissions', 'class', 'sites/all/modules/views/modules/user/views_handler_filter_user_permissions.inc', 'views', 0),
('views_handler_filter_user_roles', 'class', 'sites/all/modules/views/modules/user/views_handler_filter_user_roles.inc', 'views', 0),
('views_handler_filter_vocabulary_machine_name', 'class', 'sites/all/modules/views/modules/taxonomy/views_handler_filter_vocabulary_machine_name.inc', 'views', 0),
('views_handler_filter_vocabulary_vid', 'class', 'sites/all/modules/views/modules/taxonomy/views_handler_filter_vocabulary_vid.inc', 'views', 0),
('views_handler_relationship', 'class', 'sites/all/modules/views/handlers/views_handler_relationship.inc', 'views', 0),
('views_handler_relationship_broken', 'class', 'sites/all/modules/views/handlers/views_handler_relationship.inc', 'views', 0),
('views_handler_relationship_entity_reverse', 'class', 'sites/all/modules/views/modules/field/views_handler_relationship_entity_reverse.inc', 'views', 0),
('views_handler_relationship_groupwise_max', 'class', 'sites/all/modules/views/handlers/views_handler_relationship_groupwise_max.inc', 'views', 0),
('views_handler_relationship_node_term_data', 'class', 'sites/all/modules/views/modules/taxonomy/views_handler_relationship_node_term_data.inc', 'views', 0),
('views_handler_relationship_translation', 'class', 'sites/all/modules/views/modules/translation/views_handler_relationship_translation.inc', 'views', 0),
('views_handler_sort', 'class', 'sites/all/modules/views/handlers/views_handler_sort.inc', 'views', 0),
('views_handler_sort_broken', 'class', 'sites/all/modules/views/handlers/views_handler_sort.inc', 'views', 0),
('views_handler_sort_comment_thread', 'class', 'sites/all/modules/views/modules/comment/views_handler_sort_comment_thread.inc', 'views', 0),
('views_handler_sort_date', 'class', 'sites/all/modules/views/handlers/views_handler_sort_date.inc', 'views', 0),
('views_handler_sort_group_by_numeric', 'class', 'sites/all/modules/views/handlers/views_handler_sort_group_by_numeric.inc', 'views', 0),
('views_handler_sort_menu_hierarchy', 'class', 'sites/all/modules/views/handlers/views_handler_sort_menu_hierarchy.inc', 'views', 0),
('views_handler_sort_ncs_last_comment_name', 'class', 'sites/all/modules/views/modules/comment/views_handler_sort_ncs_last_comment_name.inc', 'views', 0),
('views_handler_sort_ncs_last_updated', 'class', 'sites/all/modules/views/modules/comment/views_handler_sort_ncs_last_updated.inc', 'views', 0),
('views_handler_sort_random', 'class', 'sites/all/modules/views/handlers/views_handler_sort_random.inc', 'views', 0),
('views_handler_sort_search_score', 'class', 'sites/all/modules/views/modules/search/views_handler_sort_search_score.inc', 'views', 0),
('views_join', 'class', 'sites/all/modules/views/includes/handlers.inc', 'views', 0),
('views_join_subquery', 'class', 'sites/all/modules/views/includes/handlers.inc', 'views', 0),
('views_many_to_one_helper', 'class', 'sites/all/modules/views/includes/handlers.inc', 'views', 0),
('views_object', 'class', 'sites/all/modules/views/includes/base.inc', 'views', 0),
('views_plugin', 'class', 'sites/all/modules/views/includes/plugins.inc', 'views', 0),
('views_plugin_access', 'class', 'sites/all/modules/views/plugins/views_plugin_access.inc', 'views', 0),
('views_plugin_access_none', 'class', 'sites/all/modules/views/plugins/views_plugin_access_none.inc', 'views', 0),
('views_plugin_access_perm', 'class', 'sites/all/modules/views/plugins/views_plugin_access_perm.inc', 'views', 0),
('views_plugin_access_role', 'class', 'sites/all/modules/views/plugins/views_plugin_access_role.inc', 'views', 0),
('views_plugin_argument_default', 'class', 'sites/all/modules/views/plugins/views_plugin_argument_default.inc', 'views', 0),
('views_plugin_argument_default_current_user', 'class', 'sites/all/modules/views/modules/user/views_plugin_argument_default_current_user.inc', 'views', 0),
('views_plugin_argument_default_fixed', 'class', 'sites/all/modules/views/plugins/views_plugin_argument_default_fixed.inc', 'views', 0),
('views_plugin_argument_default_node', 'class', 'sites/all/modules/views/modules/node/views_plugin_argument_default_node.inc', 'views', 0),
('views_plugin_argument_default_php', 'class', 'sites/all/modules/views/plugins/views_plugin_argument_default_php.inc', 'views', 0),
('views_plugin_argument_default_raw', 'class', 'sites/all/modules/views/plugins/views_plugin_argument_default_raw.inc', 'views', 0),
('views_plugin_argument_default_taxonomy_tid', 'class', 'sites/all/modules/views/modules/taxonomy/views_plugin_argument_default_taxonomy_tid.inc', 'views', 0),
('views_plugin_argument_default_user', 'class', 'sites/all/modules/views/modules/user/views_plugin_argument_default_user.inc', 'views', 0),
('views_plugin_argument_validate', 'class', 'sites/all/modules/views/plugins/views_plugin_argument_validate.inc', 'views', 0),
('views_plugin_argument_validate_node', 'class', 'sites/all/modules/views/modules/node/views_plugin_argument_validate_node.inc', 'views', 0),
('views_plugin_argument_validate_numeric', 'class', 'sites/all/modules/views/plugins/views_plugin_argument_validate_numeric.inc', 'views', 0),
('views_plugin_argument_validate_php', 'class', 'sites/all/modules/views/plugins/views_plugin_argument_validate_php.inc', 'views', 0),
('views_plugin_argument_validate_taxonomy_term', 'class', 'sites/all/modules/views/modules/taxonomy/views_plugin_argument_validate_taxonomy_term.inc', 'views', 0),
('views_plugin_argument_validate_user', 'class', 'sites/all/modules/views/modules/user/views_plugin_argument_validate_user.inc', 'views', 0),
('views_plugin_cache', 'class', 'sites/all/modules/views/plugins/views_plugin_cache.inc', 'views', 0),
('views_plugin_cache_none', 'class', 'sites/all/modules/views/plugins/views_plugin_cache_none.inc', 'views', 0),
('views_plugin_cache_time', 'class', 'sites/all/modules/views/plugins/views_plugin_cache_time.inc', 'views', 0),
('views_plugin_display', 'class', 'sites/all/modules/views/plugins/views_plugin_display.inc', 'views', 0),
('views_plugin_display_attachment', 'class', 'sites/all/modules/views/plugins/views_plugin_display_attachment.inc', 'views', 0),
('views_plugin_display_block', 'class', 'sites/all/modules/views/plugins/views_plugin_display_block.inc', 'views', 0),
('views_plugin_display_default', 'class', 'sites/all/modules/views/plugins/views_plugin_display_default.inc', 'views', 0),
('views_plugin_display_extender', 'class', 'sites/all/modules/views/plugins/views_plugin_display_extender.inc', 'views', 0),
('views_plugin_display_feed', 'class', 'sites/all/modules/views/plugins/views_plugin_display_feed.inc', 'views', 0),
('views_plugin_display_page', 'class', 'sites/all/modules/views/plugins/views_plugin_display_page.inc', 'views', 0),
('views_plugin_exposed_form', 'class', 'sites/all/modules/views/plugins/views_plugin_exposed_form.inc', 'views', 0),
('views_plugin_exposed_form_basic', 'class', 'sites/all/modules/views/plugins/views_plugin_exposed_form_basic.inc', 'views', 0),
('views_plugin_exposed_form_input_required', 'class', 'sites/all/modules/views/plugins/views_plugin_exposed_form_input_required.inc', 'views', 0),
('views_plugin_localization', 'class', 'sites/all/modules/views/plugins/views_plugin_localization.inc', 'views', 0),
('views_plugin_localization_core', 'class', 'sites/all/modules/views/plugins/views_plugin_localization_core.inc', 'views', 0),
('views_plugin_localization_none', 'class', 'sites/all/modules/views/plugins/views_plugin_localization_none.inc', 'views', 0),
('views_plugin_localization_test', 'class', 'sites/all/modules/views/tests/views_plugin_localization_test.inc', 'views', 0),
('views_plugin_pager', 'class', 'sites/all/modules/views/plugins/views_plugin_pager.inc', 'views', 0),
('views_plugin_pager_full', 'class', 'sites/all/modules/views/plugins/views_plugin_pager_full.inc', 'views', 0),
('views_plugin_pager_mini', 'class', 'sites/all/modules/views/plugins/views_plugin_pager_mini.inc', 'views', 0),
('views_plugin_pager_none', 'class', 'sites/all/modules/views/plugins/views_plugin_pager_none.inc', 'views', 0),
('views_plugin_pager_some', 'class', 'sites/all/modules/views/plugins/views_plugin_pager_some.inc', 'views', 0),
('views_plugin_query', 'class', 'sites/all/modules/views/plugins/views_plugin_query.inc', 'views', 0),
('views_plugin_query_default', 'class', 'sites/all/modules/views/plugins/views_plugin_query_default.inc', 'views', 0),
('views_plugin_row', 'class', 'sites/all/modules/views/plugins/views_plugin_row.inc', 'views', 0),
('views_plugin_row_aggregator_rss', 'class', 'sites/all/modules/views/modules/aggregator/views_plugin_row_aggregator_rss.inc', 'views', 0),
('views_plugin_row_comment_rss', 'class', 'sites/all/modules/views/modules/comment/views_plugin_row_comment_rss.inc', 'views', 0),
('views_plugin_row_comment_view', 'class', 'sites/all/modules/views/modules/comment/views_plugin_row_comment_view.inc', 'views', 0),
('views_plugin_row_fields', 'class', 'sites/all/modules/views/plugins/views_plugin_row_fields.inc', 'views', 0),
('views_plugin_row_file_view', 'class', 'sites/all/modules/file_entity/views/views_plugin_row_file_view.inc', 'file_entity', 0),
('views_plugin_row_node_rss', 'class', 'sites/all/modules/views/modules/node/views_plugin_row_node_rss.inc', 'views', 0),
('views_plugin_row_node_view', 'class', 'sites/all/modules/views/modules/node/views_plugin_row_node_view.inc', 'views', 0),
('views_plugin_row_search_view', 'class', 'sites/all/modules/views/modules/search/views_plugin_row_search_view.inc', 'views', 0),
('views_plugin_row_user_view', 'class', 'sites/all/modules/views/modules/user/views_plugin_row_user_view.inc', 'views', 0),
('views_plugin_style', 'class', 'sites/all/modules/views/plugins/views_plugin_style.inc', 'views', 0),
('views_plugin_style_default', 'class', 'sites/all/modules/views/plugins/views_plugin_style_default.inc', 'views', 0),
('views_plugin_style_grid', 'class', 'sites/all/modules/views/plugins/views_plugin_style_grid.inc', 'views', 0),
('views_plugin_style_jump_menu', 'class', 'sites/all/modules/views/plugins/views_plugin_style_jump_menu.inc', 'views', 0),
('views_plugin_style_list', 'class', 'sites/all/modules/views/plugins/views_plugin_style_list.inc', 'views', 0),
('views_plugin_style_rss', 'class', 'sites/all/modules/views/plugins/views_plugin_style_rss.inc', 'views', 0),
('views_plugin_style_summary', 'class', 'sites/all/modules/views/plugins/views_plugin_style_summary.inc', 'views', 0),
('views_plugin_style_summary_jump_menu', 'class', 'sites/all/modules/views/plugins/views_plugin_style_summary_jump_menu.inc', 'views', 0),
('views_plugin_style_summary_unformatted', 'class', 'sites/all/modules/views/plugins/views_plugin_style_summary_unformatted.inc', 'views', 0),
('views_plugin_style_table', 'class', 'sites/all/modules/views/plugins/views_plugin_style_table.inc', 'views', 0),
('views_slideshow_plugin_style_slideshow', 'class', 'sites/all/modules/views_slideshow/views_slideshow_plugin_style_slideshow.inc', 'views_slideshow', 0),
('views_test_plugin_access_test_dynamic', 'class', 'sites/all/modules/views/tests/test_plugins/views_test_plugin_access_test_dynamic.inc', 'views', 0),
('views_test_plugin_access_test_static', 'class', 'sites/all/modules/views/tests/test_plugins/views_test_plugin_access_test_static.inc', 'views', 0),
('views_ui', 'class', 'sites/all/modules/views/plugins/export_ui/views_ui.class.php', 'views_ui', 0);

-- --------------------------------------------------------

--
-- Struttura della tabella `registry_file`
--

CREATE TABLE IF NOT EXISTS `registry_file` (
  `filename` varchar(255) NOT NULL COMMENT 'Path to the file.',
  `hash` varchar(64) NOT NULL COMMENT 'sha-256 hash of the file’s contents when last parsed.',
  PRIMARY KEY (`filename`)
) ENGINE=InnoDB DEFAULT CHARSET=utf8 COMMENT='Files parsed to build the registry.';

--
-- Dump dei dati per la tabella `registry_file`
--

INSERT INTO `registry_file` (`filename`, `hash`) VALUES
('includes/actions.inc', 'f36b066681463c7dfe189e0430cb1a89bf66f7e228cbb53cdfcd93987193f759'),
('includes/ajax.inc', 'e9c0653a0df32a81577d64980d74ef4f2423573b15fc86e9d7aa65227b52f470'),
('includes/archiver.inc', 'bdbb21b712a62f6b913590b609fd17cd9f3c3b77c0d21f68e71a78427ed2e3e9'),
('includes/authorize.inc', 'a8f26e722ddba490cdc0fcf80238af45f0f88e977b2e0c90c0c21d9df3380748'),
('includes/batch.inc', '059da9e36e1f3717f27840aae73f10dea7d6c8daf16f6520401cc1ca3b4c0388'),
('includes/batch.queue.inc', '554b2e92e1dad0f7fd5a19cb8dff7e109f10fbe2441a5692d076338ec908de0f'),
('includes/bootstrap.inc', '9692dbb353a7d4318d4af347474ccaab1c49068ef9a8b26e16ae75f8fb5f555d'),
('includes/cache-install.inc', 'e7ed123c5805703c84ad2cce9c1ca46b3ce8caeeea0d8ef39a3024a4ab95fa0e'),
('includes/cache.inc', 'a8e3bc3affc37830d3a0b44e9049e2ba6893d0b0fbab451dd493c3c78a9d1a14'),
('includes/common.inc', '674dac8f7ecac4b7bfde0495093ab533f67fd07eca058ea17b6fd356d940ca04'),
('includes/database/database.inc', 'a9ae2e56f476a49e643b54fb20565de67d9408e025da1def7213407d2f02fc3c'),
('includes/database/log.inc', '4ecbdf9022d8c612310b41af575f10b0d4c041c0fbc41c6dc7e1f2ab6eacce6b'),
('includes/database/mysql/database.inc', 'b0f73402056edf41d3e9401df511d9179b708d1e21f1c367df45d4536c01f710'),
('includes/database/mysql/install.inc', '6ae316941f771732fbbabed7e1d6b4cbb41b1f429dd097d04b3345aa15e461a0'),
('includes/database/mysql/query.inc', 'e2a5457ec40a8f88f6a822bdc77f74865e4c02206fc733c2945c8897f46093de'),
('includes/database/mysql/schema.inc', 'f71af9dda287f0f37e7bd0077b801a6d3f38c951a9c2c6ea3b71dff1b69077d3'),
('includes/database/pgsql/database.inc', 'fa8b4f0f4997de02a34c47c5d8f38650e80e3a69d7e939b748fb4e789209e5b7'),
('includes/database/pgsql/install.inc', '585b80c5bbd6f134bff60d06397f15154657a577d4da8d1b181858905f09dea5'),
('includes/database/pgsql/query.inc', 'cb4c84f8f1ffc73098ed71137248dcd078a505a7530e60d979d74b3a3cdaa658'),
('includes/database/pgsql/schema.inc', '8fd647e4557522283caef63e528c6e403fc0751a46e94aac867a281af85eac27'),
('includes/database/pgsql/select.inc', 'ce06c4353d4322e519e1c90ca863e6666edc370fb3c12568fedf466334b2e2be'),
('includes/database/prefetch.inc', 'd32c8be47de08641f48327260d0df0dfa97543a2cd8902979bbe1586e273fee4'),
('includes/database/query.inc', 'cf7063348d0fed4366265347a274a1f5bbf1448531205cf3bd68055f20c0c992'),
('includes/database/schema.inc', '7f4dbe9387cfee584a4b7b5d49ce96e73b25d7a962db1220ad1b92ce0ea7033b'),
('includes/database/select.inc', '80f33c7685b08a2f89178d82143225ade9bd464a8a5dac8bdff3b89f48270386'),
('includes/database/sqlite/database.inc', 'd90ddb4c457b27345a57e914c79267ab923466084230d4f21d2e290699e39d6a'),
('includes/database/sqlite/install.inc', '381f3db8c59837d961978ba3097bb6443534ed1659fd713aa563963fa0c42cc5'),
('includes/database/sqlite/query.inc', '61e0459c0c9252ca465b86c475d88e09ea34c8cdb28220eb37a7d44357f5474f'),
('includes/database/sqlite/schema.inc', '238414785aa96dd27f10f48c961783f4d1091392beee8d0e7ca8ae774e917da2'),
('includes/database/sqlite/select.inc', '4ecb9d21d2f07237f7603e925519886dde0b8da82f96999b865ff0803438744e'),
('includes/date.inc', '18c047be64f201e16d189f1cc47ed9dcf0a145151b1ee187e90511b24e5d2b36'),
('includes/entity.inc', 'bdd5059b44a20a9a962dadf79d4c08d26c69608d0b5a59b8a02ccb506a7bb7ef'),
('includes/errors.inc', 'b4adafbd9ccbc578bc42af78d14d7d3fa508fa10981555aacc9ff5e00a1fa1d8'),
('includes/file.inc', 'c6ca6d311aa377e1f17af6c993ba561bc5468ae87ad681f91b8f6a24419af89d'),
('includes/file.mimetypes.inc', 'f88c967550576694b7a1ce2afd0f2f1bbc1a91d21cc2c20f86c44d39ff353867'),
('includes/filetransfer/filetransfer.inc', '4391b7228bd952fb351c9431a7c226b4e8a23d9a7307b9ffa63e097c17b25467'),
('includes/filetransfer/ftp.inc', '589ebf4b8bd4a2973aa56a156ac1fa83b6c73e703391361fb573167670e0d832'),
('includes/filetransfer/local.inc', '7cbfdb46abbdf539640db27e66fb30e5265128f31002bd0dfc3af16ae01a9492'),
('includes/filetransfer/ssh.inc', '002e24a24cac133d12728bd3843868ce378681237d7fad420761af84e6efe5ad'),
('includes/form.inc', '058285ffbdcead44fb91ac7e02894fa3343d79e1adddda7bb9fd2cbea007a7d0'),
('includes/graph.inc', 'd9ab806d219478d71f8cdc3861c0d44d5defc62872bf829e2194aba552da7f3e'),
('includes/image.inc', '22c8ff48d46276b9bea1ad2cf4af9b65abcf69fb5ebca441259e774190fa5863'),
('includes/install.core.inc', 'a56ff7412d5fb68221a9f3bdd9f710d9f331f2d2c4bbb62ed98cb3c79c6882d5'),
('includes/install.inc', '23455f095ebd75c49ef8bf2a18145f77b6633670a5eb9eab860d907b0ba25f35'),
('includes/iso.inc', 'f53653843c75e12aa0b05e7197c5aebdf794e2517b9902fc07994fb7cb8f3ed6'),
('includes/json-encode.inc', '02a822a652d00151f79db9aa9e171c310b69b93a12f549bc2ce00533a8efa14e'),
('includes/language.inc', '2660a308eefd99f1aec300d1f8e51365a4331ca8af2b9056e5df528cd5b03a89'),
('includes/locale.inc', '8aecf594a265af0c3b012b33d109fb423cde7bb0fb7e37dad90268b08fc9a033'),
('includes/lock.inc', 'daa62e95528f6b986b85680b600a896452bf2ce6f38921242857dcc5a3460a1b'),
('includes/mail.inc', 'bb50727f20717ffa17cbe11ddb27bd004bd814fc26115c3fca4b06f4cec179fa'),
('includes/menu.inc', '78e3435c52f675086c605787d47f1bf8433c855137436f042af93a9aa8245ee0'),
('includes/module.inc', '496f4cb4f163a01f7236ded33587596ab166a3ca3fae9005df2a8f77b3b63808'),
('includes/pager.inc', '6f9494b85c07a2cc3be4e54aff2d2757485238c476a7da084d25bde1d88be6d8'),
('includes/password.inc', 'aba5df25a237c14cc69335c4cf72d57da130144410ab04d10917d9da21cd606c'),
('includes/path.inc', '1d939d6b59b07ef41e71c9d616c2e9a34712dd81f6110e1a1f280613b3228738'),
('includes/registry.inc', 'd7df0e1a8104d6f1466be2f2d8b9b1ca45e4e64b84da774a8609bb8f2e6bb3bd'),
('includes/session.inc', '8293e6cc9f081ecdc4e8cfcdec885a79df01b9007030fe6b467a85c87ebb5d82'),
('includes/stream_wrappers.inc', '323e418fda2fdd29a44d8618f8855a92172c377eb745412d58ca55fdcaa8f2d1'),
('includes/tablesort.inc', '3f3cb2820920f7edc0c3d046ffba4fc4e3b73a699a2492780371141cf501aa50'),
('includes/theme.inc', 'df5e75cd0bb20e1e2f4e5524c956b60eb341e9ad614f57cacc5ddebf29def458'),
('includes/theme.maintenance.inc', 'd110314b4d943c3e965fcefe452f6873b53cd6a8844154467dfcbb2b6142dc82'),
('includes/token.inc', 'a975300558711bb49406a5c7f78294648baa2e5c912cb66f0c78bb2991c0f3c3'),
('includes/unicode.entities.inc', '2b858138596d961fbaa4c6e3986e409921df7f76b6ee1b109c4af5970f1e0f54'),
('includes/unicode.inc', '3d5a4756f7af1f9de84f7614b6cd87449af43f4bb1e2a77bb2c73589f5826f61'),
('includes/update.inc', 'f6ba0972a4b95572633666739e73e5e303cbe97a47eef0336548be51bfb8e6e8'),
('includes/updater.inc', 'd2da0e74ed86e93c209f16069f3d32e1a134ceb6c06a0044f78e841a1b54e380'),
('includes/utility.inc', '9b834814fd3f5ef10ce1946be30ef1ddf3f283c749f1ef1a4ebf845ecd524d59'),
('includes/xmlrpc.inc', 'c5b6ea78adeb135373d11aeaaea057d9fa8995faa4e8c0fec9b7c647f15cc4e0'),
('includes/xmlrpcs.inc', '79dc6e9882f4c506123d7dd8e228a61e22c46979c3aab21a5b1afa315ef6639c'),
('modules/block/block.test', '846852b1e8b36a3260e3e83f1bd42460771e0d2cb7f85bd2edfdb8be08d3e7b2'),
('modules/color/color.test', '013806279bd47ceb2f82ca854b57f880ba21058f7a2592c422afae881a7f5d15'),
('modules/colorbox/colorbox.admin.inc', '8aef62708eb6343752b05122b7af87b17b940f43a4a6a230529838c2c4e17bb9'),
('modules/colorbox/colorbox.install', 'bf46e4ec9f467028560d8b47717ac5d91bb844b5594564d1150125f304246530'),
('modules/colorbox/colorbox.module', '3daed9458c248b9ee7222715deb2e4eada0019b491a8890bc9f973689658a15e'),
('modules/colorbox/colorbox.pages.inc', '9ef80df71c7d53076155775c4b371a8a9e2ab5a88fcee261a6f87924c70cc48c'),
('modules/colorbox/colorbox.theme.inc', 'cd0c8c50b1331d7711b2e21854ac79f35106bbbb8b2937b3d923c458354c6e43'),
('modules/colorbox/drush/colorbox.drush.inc', 'aef8b3a00507d1a79007fb247c37d932fb186f2a4bf006f8818553e56b20df12'),
('modules/colorbox/views/colorbox.views.inc', '277f0c1504aea62f594ad85583433df4da1fbd561f669f954377edfa98682f53'),
('modules/colorbox/views/colorbox_handler_field_colorbox.inc', '292a7cdca39539fdebef9bd1e838174e6494ed9629c8d694575bd8a61c4e0758'),
('modules/comment/comment.module', 'cb7a5a94771d190895b13972e3914f567df5665b521fe082a89c3c3fb7f1634a'),
('modules/comment/comment.test', 'adcb988378b1eaea5b906a25322475b2cef4fb7688bdbad5e06bf9e58cf5edbc'),
('modules/contextual/contextual.test', '023dafa199bd325ecc55a17b2a3db46ac0a31e23059f701f789f3bc42427ba0b'),
('modules/dblog/dblog.test', '8538535f68ac410003a9d0776915b4ca42e61f9fec848b4d65a79dc28a43d49c'),
('modules/field/field.attach.inc', 'bd3dbfd63e7497fc84f23d9e12df80db1b1bf2b25f2621a8175d061c0960ecf0'),
('modules/field/field.module', '33ca7bba4a5dc4484649e5cbc56ba8bd406841f365bbbe6b2b3f8500ced5e048'),
('modules/field/modules/field_sql_storage/field_sql_storage.test', '8ede9843d771e307dfd3d7e7562976b07e0e0a9310a5cf409413581f199c897f'),
('modules/field/modules/list/tests/list.test', '5b2c194e6a62a82d7b162ee91a66c8175c4a40c842ba75f5f023a764e41507fc'),
('modules/field/modules/options/options.test', '2f2e15ab5e6da04033933af77663df220db3da30d0546327ef757968d628e43a'),
('modules/field/modules/text/text.test', '9d74c6d039f55dd7d6447a59186da8d48bf20617bfe58424612798f649797586'),
('modules/field/tests/field.test', 'fc642546736b585471d76d6e6bc35c7709381026b0e147a095e4037c64d9cdba'),
('modules/field_ui/field_ui.test', 'c40ecf17d601036f92b419938617a51d64a92821cdb2171793b76f7abdd2c9ff'),
('modules/file/tests/file.test', 'bb776eb42762d3b429600d591fb0781982951f5cc74e09f860eb89dc4d0fb8f6'),
('modules/filter/filter.test', 'eb2c2c3d27a00b91d9b936c7f965c4dbcf58688e785abc4856d16781491aad38'),
('modules/help/help.test', 'c6f03ece30548a6a345afcfac920d85afc418596a19dc4cf43f994391c5050d9'),
('modules/image/image.test', '90aa3c7e56407737b21bd9d0d2b33727c8b5782b9cf21c66ff8e9ca81a6f4901'),
('modules/locale/locale.test', '2f8e55da335364eb500b13a6f6ea893a46a9cfbd8d3b909ed74da23dee4b224b'),
('modules/menu/menu.test', 'b8ee602184584fab464900a946090dc1f3d81c15b8176004ee62022814632430'),
('modules/node/node.module', '43a2a194086a35b2f6579d59cd0314110ea038b52aeabf7da0c79e409c603288'),
('modules/node/node.test', 'a9e2c0e334ac50916e8b7b99c25e3470fe0900f82716770655ad00e8d9c1967b'),
('modules/rdf/rdf.test', '358e2ae2069a15c6ba828f3428ab979632ece7aa0ba33a6a5bdbc1d065961373'),
('modules/search/search.extender.inc', 'fea036745113dca3fea52ba956af605c4789f4acfa2ab1650a5843c6e173d7fe'),
('modules/search/search.test', '0a8696cea2c47d08de8b7c39001b9a4f15f687720937a86abd29ab8c88875807'),
('modules/shortcut/shortcut.test', 'b506a253353066e1f995e7f0e3541dadb8ef3c3ff9cf795db96e26599a0b6b7a'),
('modules/system/system.archiver.inc', 'faa849f3e646a910ab82fd6c8bbf0a4e6b8c60725d7ba81ec0556bd716616cd1'),
('modules/system/system.mail.inc', '3c2c06b55bded609e72add89db41af3bb405d42b9553793acba5fe51be8861d8'),
('modules/system/system.queue.inc', 'caf4feda51bdf7ad62cf782bc23274d367154e51897f2732f07bd06982d85ab1'),
('modules/system/system.tar.inc', '8a31d91f7b3cd7eac25b3fa46e1ed9a8527c39718ba76c3f8c0bbbeaa3aa4086'),
('modules/system/system.test', '44bff8bc19f84edb1f3bcdc41033a43e817471762ec8e2dc41c0b33c5f490acf'),
('modules/system/system.updater.inc', 'e2eeed65b833a6215f807b113f6fb4cc3cc487e93efcb1402ed87c536d2c9ea6'),
('modules/taxonomy/taxonomy.module', 'd2c51818cfb6478b810bc4b2ec2240196eac2c8baacd97269db17b3f51dc7806'),
('modules/taxonomy/taxonomy.test', 'ede1586a71d29c8beee7c9f98bc533d087b309cff77e8f7fa1d0936d6a31fd8a'),
('modules/translation/translation.test', 'e0cf65411b21b35ec98a7148567ef334e859513f2f884057be8a58f975d5d5e2'),
('modules/user/user.module', '3467220bb27050ced820c5e1b8e6cac10ef98d4375a0db2929627230a5f265fe'),
('modules/user/user.test', '0ae685aa0edbdb35276d83d7420b7614165c94d10a4386c1f9d77f3df607d472'),
('sites/all/modules/ctools/ctools_access_ruleset/plugins/export_ui/ctools_access_ruleset_ui.class.php', 'c5cbf9e68e1a813ba59c7ae93360d4d1902178d27cf0edcbdbdbcb6f9d3a2753'),
('sites/all/modules/ctools/ctools_custom_content/plugins/export_ui/ctools_custom_content_ui.class.php', '1b15f1595c6d1ca3abbd1439182d5613d5af7c3155d5f3e52ade4111833bc51b'),
('sites/all/modules/ctools/includes/context.inc', '0c155dc983c1b739ac9c4562684bd6d7d69e4035a7c49b3be32eb813c8f7acc7'),
('sites/all/modules/ctools/includes/math-expr.inc', '3386323b01da62e02c9f3607cd7f0a0d46f1af90a107a07aed726b1fa8c28235'),
('sites/all/modules/ctools/includes/stylizer.inc', 'd04102c9076971a712e422ccf4011b7d428f14385501044361fe5b4b6f9f1c6d'),
('sites/all/modules/ctools/plugins/export_ui/ctools_export_ui.class.php', 'e4a74565ebb5c9cd9c98246790ea36c7b9cd3febd347a5b764736d8460c32d89'),
('sites/all/modules/ctools/stylizer/plugins/export_ui/stylizer_ui.class.php', 'a59daf0b749aa681c31c117a7d72f023c83a5b9de91690c13b9614ac0e7ea769'),
('sites/all/modules/ctools/views_content/plugins/views/views_content_plugin_display_ctools_context.inc', '451bc0ca2cbfdba11159e339de3890480e009de853412034b81d4afe7c102809'),
('sites/all/modules/ctools/views_content/plugins/views/views_content_plugin_display_panel_pane.inc', '42725257f1ecd6093be2be28875ecf42ae8ec28e2d5a3f6c9f4aebf51a797e6b'),
('sites/all/modules/ctools/views_content/plugins/views/views_content_plugin_style_ctools_context.inc', '71a211a7602d33bd3a4adfdbbcd5f121bdfac8a2c47ec9f8cbaf74be6c83b05a'),
('sites/all/modules/file_entity/tests/file_entity.test', 'd8e1dfb973964323d0013cc451b0d6d1550f4cb5261d2ba3c157c886939593d1'),
('sites/all/modules/file_entity/views/views_handler_argument_file_type.inc', '915b85c094fa3a49660bf56d5ddfc6327c7c3cde0595c8f239f5af480561fbf3'),
('sites/all/modules/file_entity/views/views_handler_field_file_type.inc', '6498366a67a73fd5f9cc5e97a7114058b81b8c86e459de05eaa9eed1860fbedf'),
('sites/all/modules/file_entity/views/views_handler_filter_file_type.inc', 'df101c44edb3f72864afa7546c325271e4f61eb37badc2177991f8d254556cf6'),
('sites/all/modules/file_entity/views/views_plugin_row_file_view.inc', '769bd84100471b76b7eb12a5aee5c8341faf4fc7888eed455a1c32fb4fdfb08f'),
('sites/all/modules/media/includes/MediaReadOnlyStreamWrapper.inc', 'b7fd1711e3b345556b28392308f258358dd7e0c5a2cde296cf89c65786dd560d'),
('sites/all/modules/media/modules/media_internet/media_internet.module', 'f506db08ade7b686ef5db34d1fe3115b3d17f407594579c4dbcd43b8f1960dfa'),
('sites/all/modules/media/test/media.entity.test', '08a74e926fe3b76270e90ecddd21f7f9c378fac9cb79d2540a5ebeae35b9f251'),
('sites/all/modules/media/test/media.types.test', '4d6266505a3d09ab19b8e299a1b867dca887ca617b8cc5102a4a0b4f95960bc2'),
('sites/all/modules/multiform/multiform.module', '015fbf2315055778e8cb428d8450a0dd472f1d29e3e61bf577dbe8e2263d08b1'),
('sites/all/modules/multiform/tests/multiform.test', '762dccd15646209c4891794b21df2639c5b711ea581f0cce815905c6f8641e4d'),
('sites/all/modules/views/handlers/views_handler_area.inc', '38724826fb6634f4d2c430eb8a4ee5e6b1d41f0591c502e23927a69bbfd5ce43'),
('sites/all/modules/views/handlers/views_handler_area_result.inc', 'ea8067c651c4bcc7c275529153b17d5f98aae2aaa727f0b323e22cccecd56c23'),
('sites/all/modules/views/handlers/views_handler_area_text.inc', 'c7e1bdcd91a1d5db3ff93f854fdf156021976bbd475039ffe16fb9d9443ec455'),
('sites/all/modules/views/handlers/views_handler_area_view.inc', 'edbdd64949db641f010955691e338f88dc6c8d5f05ec15c14cc5f7b4461ec0bc'),
('sites/all/modules/views/handlers/views_handler_argument.inc', 'd8d8a25b7df43c83ac38daef9264a6f85eaa7bd3e9556e79d1e88bdf03ab48be'),
('sites/all/modules/views/handlers/views_handler_argument_date.inc', '5823b8b88795618ecb48dd3e3831afc7f329af3169a535449fa8a9696e8c6431'),
('sites/all/modules/views/handlers/views_handler_argument_formula.inc', '1c6c0302525148d7124ee5c8afde9105f06255ff4d2a645b2dfca59336ea2939'),
('sites/all/modules/views/handlers/views_handler_argument_group_by_numeric.inc', '6c008a379e84c2b68f0e43f4c150150f819a816f1d6ea4a6117dd4738757b15d'),
('sites/all/modules/views/handlers/views_handler_argument_many_to_one.inc', 'abe661b795db33fc60cafc394fc17b88fd4a0d8326a29255acbdb75a3bf3fd43'),
('sites/all/modules/views/handlers/views_handler_argument_null.inc', '73a022e90c7a933b5d857680c54f8ab298ad972073780c279f222b75f4d4cd2c'),
('sites/all/modules/views/handlers/views_handler_argument_numeric.inc', 'a96f4b26dfceb3236a833d2869a518914c6237c9af45b19d0d02b01018b02d36'),
('sites/all/modules/views/handlers/views_handler_argument_string.inc', '052b0adbb7aafd922c3c0ba7cd8f920a3cd3e7733aeb11ccd0e7a39ed5ee6ec0'),
('sites/all/modules/views/handlers/views_handler_field.inc', 'd73a4a5c3df4aedb767590e6f63a999626ee102f4cb3462ba87db723c85d6b46'),
('sites/all/modules/views/handlers/views_handler_field_boolean.inc', '21e7f54c094fb28f8b93236cb40905df3e52920f9f574bec80a3e92e0ee36cd6'),
('sites/all/modules/views/handlers/views_handler_field_contextual_links.inc', '70f1d244b90a904826886b625964a5994a3e15cf7555cd80e925bd80002b507a'),
('sites/all/modules/views/handlers/views_handler_field_counter.inc', '2a846f52aae3c017c6f445040ab680de60953382d575412b213ce5b1eaac6cc2'),
('sites/all/modules/views/handlers/views_handler_field_custom.inc', '264375d30cf7c91ced040fd37d337bd43248cdcf96ca7315548403fa3880b4a8'),
('sites/all/modules/views/handlers/views_handler_field_date.inc', '5ccbdbfd86799558973219c8c4763284934ed2449f3d00f6353a0b69abcac81f'),
('sites/all/modules/views/handlers/views_handler_field_entity.inc', 'cdc3240e54bb149b95dab8fc3903570f7dbd5f367b30cc95fb8611d706e6da5d'),
('sites/all/modules/views/handlers/views_handler_field_machine_name.inc', 'b64013c85b02c107d2c15c26b1c3320fc3ef1f6909730bebe7eb063c8a663cc7'),
('sites/all/modules/views/handlers/views_handler_field_markup.inc', '3088014e96bf72c591550f4a66719372a92e006b2f370c098c8eaada5b83e51e'),
('sites/all/modules/views/handlers/views_handler_field_math.inc', '8a9fad407cbf5b172756ae2e6198cb6b73605fb97919e1cce7e05392bab5a15d'),
('sites/all/modules/views/handlers/views_handler_field_numeric.inc', 'f271285273c27a3064b6af976e7276955caaccadef66c3619dbb03d366b12043'),
('sites/all/modules/views/handlers/views_handler_field_prerender_list.inc', '9c4e02e69d86c761e3daf42e3cad1b98ef6e673ac32d37a06ec3ac6cbd87c8d7'),
('sites/all/modules/views/handlers/views_handler_field_serialized.inc', 'e0df3ba002de38f6c9d84faa88123fd3475a0db65280359c247d6660e9504b94'),
('sites/all/modules/views/handlers/views_handler_field_time_interval.inc', '7ed2d4a5aad1492ceed5a008c23564698bfffef5f7b55371fa413554d457fa17'),
('sites/all/modules/views/handlers/views_handler_field_url.inc', '62cf62165b8b4647981decd5e552eedb021eba3639e298c5f2405eece53780df'),
('sites/all/modules/views/handlers/views_handler_filter.inc', 'aa810aa0bd2efaf2b8eaf6c190041eee19bd4cadd7df268dffa271a79bb64b19'),
('sites/all/modules/views/handlers/views_handler_filter_boolean_operator.inc', 'f8cb5fb8ddc7ce3be39b6f75e9ed8788d6d37a146de7f96d7b04c894b6bd6890'),
('sites/all/modules/views/handlers/views_handler_filter_boolean_operator_string.inc', 'be9e033d829cf682b3f8815676d34522c605b6d4690ada7aa7ac38fe738994d9'),
('sites/all/modules/views/handlers/views_handler_filter_date.inc', 'decd76c0d5b728c23ba5a41a19fb0d691f43f77c89b9ec3f851af27c3fef1cc8'),
('sites/all/modules/views/handlers/views_handler_filter_equality.inc', '0a7c92884ef84877b98410589a3251d8d3f98e934bb352a3c72a311bcae4e4ec'),
('sites/all/modules/views/handlers/views_handler_filter_group_by_numeric.inc', 'f0569c4137f71c0772b6b1a6b8871c5b7459c9fd863ab3346ae183d183deda45'),
('sites/all/modules/views/handlers/views_handler_filter_in_operator.inc', 'c6bb59aa0b24cd2fa48bc7ae320de8725aac223b129032a59eb5afd7ff39ddd7'),
('sites/all/modules/views/handlers/views_handler_filter_many_to_one.inc', 'e9f03d99cb402e73dff587eb1396c8c526819fc17c17b3281ba80d2fa6bb5fad'),
('sites/all/modules/views/handlers/views_handler_filter_numeric.inc', 'f709fe4410e9450fbccb3efdb0e128d0ae3ed60616d31d05f0b923bb983fe51f'),
('sites/all/modules/views/handlers/views_handler_filter_string.inc', '876595d4777cdec699154faf110e45fb54019c7017ee58ba775700cef3047e91'),
('sites/all/modules/views/handlers/views_handler_relationship.inc', '88cff2941680ea83144e3a27aa9e239fa877901abeb490138de36b79fc7899fc'),
('sites/all/modules/views/handlers/views_handler_relationship_groupwise_max.inc', '89a1bed9b7d47d7566b3dee90215bdbf16ebe5a23497c26ba767fd8a5406d41a'),
('sites/all/modules/views/handlers/views_handler_sort.inc', '90203164f507d75a689787cc0af200085d88537c66046197cc5a790c99143e62'),
('sites/all/modules/views/handlers/views_handler_sort_date.inc', '45e7e1a10e8bd3200ad5a8e3acb44c69886988f90f3ac03acf15651505f29ba5'),
('sites/all/modules/views/handlers/views_handler_sort_group_by_numeric.inc', '07edd49f58658f281b42fd4efdaf066037d61b1447c2be97ea948eb40469de86'),
('sites/all/modules/views/handlers/views_handler_sort_menu_hierarchy.inc', '6c99b64431cbf92e51488d977060c6a37825019621ce7251ef0a2ebd4faf7863'),
('sites/all/modules/views/handlers/views_handler_sort_random.inc', 'de222b78b5422dac43677728864f8308a1a9b29f89354467d702db8ff5fdefb6'),
('sites/all/modules/views/includes/base.inc', '85ece4b3f27da18a7ba6a8814683e1a4e044ee1cc9a468f8fceb4297d2e39aba'),
('sites/all/modules/views/includes/handlers.inc', '3d2f9b061da848c8f729808e9202be1c4c69e408b570f0b9d676b67e2246fb13'),
('sites/all/modules/views/includes/plugins.inc', 'fb79c75f6940617f6cc76c85ebd7a7fde75f8eb8de7bdeabafdfd7b6012d8017'),
('sites/all/modules/views/includes/view.inc', '9b618f93d36c9602a086697560d843dcfa3cee65ca829e0f539506a995566636'),
('sites/all/modules/views/modules/aggregator/views_handler_argument_aggregator_category_cid.inc', '1e2c6da1659296994b59af832fb41f2f5670030c6cc2b5cd809eebfd0813771b'),
('sites/all/modules/views/modules/aggregator/views_handler_argument_aggregator_fid.inc', '07b65d57942ae1e88f2f80a399e580f47c8be693abbe212d46081d577ec369b2'),
('sites/all/modules/views/modules/aggregator/views_handler_argument_aggregator_iid.inc', '15662feb4007640011741ab46ffa65c68d67244300e9c0809a989bc4fefa8082'),
('sites/all/modules/views/modules/aggregator/views_handler_field_aggregator_category.inc', '956e8419c3c01ada5f7a7c402a1d28819cfbc3f51287ea1edf4ac8d7557c0ced'),
('sites/all/modules/views/modules/aggregator/views_handler_field_aggregator_title_link.inc', '6fef41eec6979478fe9a29a964ae2683dd8481b0d0c14b1f4a0f6f05d0211627'),
('sites/all/modules/views/modules/aggregator/views_handler_field_aggregator_xss.inc', 'd2c3c6ab6c8f40d5b8a0de60031701329bc776dea9f4c8354fa05819eaeb811c'),
('sites/all/modules/views/modules/aggregator/views_handler_filter_aggregator_category_cid.inc', '3e1a3dfca668c1d59b280f10b97d2ca70e8b554efb954c847fba3bba147da518'),
('sites/all/modules/views/modules/aggregator/views_plugin_row_aggregator_rss.inc', '2b3803d135f43fd0d8ffca491a392ab61c37c3e51913bfa26d93a6db8cf689ca'),
('sites/all/modules/views/modules/comment/views_handler_argument_comment_user_uid.inc', 'c88a7d7e6baf355f08b991fbc65339ac8ac6153d7960198a4da6a77182b22e1f'),
('sites/all/modules/views/modules/comment/views_handler_field_comment.inc', '0f4f0bb95c4ffc4612ce12263ee47bd08427c0d5c6fabd6397e8de54366a8a86'),
('sites/all/modules/views/modules/comment/views_handler_field_comment_depth.inc', '923509b84de82c6946cd2b10e37cfe947bc4ac75b0a378ad8baca1c58bb2a45a'),
('sites/all/modules/views/modules/comment/views_handler_field_comment_link.inc', 'db3d3e6cb886e3fd54469a8b6fef197552c9e6ef2c053c7b3a5413c25b135807'),
('sites/all/modules/views/modules/comment/views_handler_field_comment_link_approve.inc', '388736cc5e76f94c9d2199f58363579bda625551b7cc1a41ca3bf53e7aec8644'),
('sites/all/modules/views/modules/comment/views_handler_field_comment_link_delete.inc', '7fcec33f27c380c8732e07d9e10ace50e315451fd8d277cee13b47ba512eac75'),
('sites/all/modules/views/modules/comment/views_handler_field_comment_link_edit.inc', '78f42deba35fd6ba2998780b48472d01e42c406c2aaf72e5f9f842034d49dcb4'),
('sites/all/modules/views/modules/comment/views_handler_field_comment_link_reply.inc', 'f35a25e525abb0806e35760c5ac624db36e51368639da5b0472269fe23bda4a1'),
('sites/all/modules/views/modules/comment/views_handler_field_comment_node_link.inc', '144a598cce30cf9c8dfef118c83a18a9109a4a859121d09d011a4486cb844c80'),
('sites/all/modules/views/modules/comment/views_handler_field_comment_username.inc', 'dbc47798f26f2228600938a854c219347928a183bece331eeddf1514c618967e'),
('sites/all/modules/views/modules/comment/views_handler_field_last_comment_timestamp.inc', '3b05bfd2fed0442d9cdc64605611ed5eeee996558723724de5f9274814370c8a'),
('sites/all/modules/views/modules/comment/views_handler_field_ncs_last_comment_name.inc', '678812ab9ffc81db2b7b872212743956eb6f1f1435e81f829862c56f7b379e8b'),
('sites/all/modules/views/modules/comment/views_handler_field_ncs_last_updated.inc', '4bca3e5b8bf968d282dfe80d47c137f8ba201e7e5badfd0506f43fa3d607443f'),
('sites/all/modules/views/modules/comment/views_handler_field_node_comment.inc', 'afedd3e03f195efdb5bd289c805a78dd9efffc118a4708d02aa70afbf234dd31'),
('sites/all/modules/views/modules/comment/views_handler_field_node_new_comments.inc', '46453ca74895c7a8a4275126e05e3b292bfb202faa1a48573624e8e51250317a'),
('sites/all/modules/views/modules/comment/views_handler_filter_comment_user_uid.inc', 'dc6b29748e836ece3f019dbd5ce5dd044b6eae4076ced7d80456565f2f5e8bd8'),
('sites/all/modules/views/modules/comment/views_handler_filter_ncs_last_updated.inc', '5a32c92f5c3b531b0c0ab79c99b8a7ea40326f346a10369dabe1f34068ad60d0'),
('sites/all/modules/views/modules/comment/views_handler_filter_node_comment.inc', '9ca56f66a8539043a83aa036f3b906ce2bc48357e6efd1c47ada987948c918f6'),
('sites/all/modules/views/modules/comment/views_handler_sort_comment_thread.inc', '6bc31427734ecc09428862ff5dc0a45db8618ab9df0adfd030ab5fcca4b5dfb7'),
('sites/all/modules/views/modules/comment/views_handler_sort_ncs_last_comment_name.inc', '5d5e7ec9a91963a0c4d63827e938baec19980673512268eea359b26fe9f27452'),
('sites/all/modules/views/modules/comment/views_handler_sort_ncs_last_updated.inc', '6a9b1cdf749c56eb7a679d4543dfa05b0f95f4233cb369541041e6f7f866b86e'),
('sites/all/modules/views/modules/comment/views_plugin_row_comment_rss.inc', 'e8e8068587b2f9b341b2755c3e611197ebfe0267392218bbde52d57a560d6aed'),
('sites/all/modules/views/modules/comment/views_plugin_row_comment_view.inc', '74bbb78c11e57a5025e4e319d379a583b53ba9c60848c44263cc76fa24355263'),
('sites/all/modules/views/modules/contact/views_handler_field_contact_link.inc', '14eb20cae2c8954d9698f925f6b3726276f31f0f889d96e6fdcd98f4adcf1879'),
('sites/all/modules/views/modules/field/views_handler_argument_field_list.inc', '21a945ddabf0d8327b7ac58cc6f24ab8ec01a8e3ac8fd14f529c1ccd30101695'),
('sites/all/modules/views/modules/field/views_handler_field_field.inc', '0ddbd2e976e13ef5ab56616380f3c621a4f93e6f43c7cbe59d5521286c367694'),
('sites/all/modules/views/modules/field/views_handler_filter_field_list.inc', 'd16dcda175489fce0dee494800c1cd7a2da138ffe01dc23fec5aae8f8e312020'),
('sites/all/modules/views/modules/field/views_handler_relationship_entity_reverse.inc', '7ca0265a0c6aa5a8869acd3dd3d1a429e5c00a1f431c80866cbad9424f8c87d1'),
('sites/all/modules/views/modules/filter/views_handler_field_filter_format_name.inc', 'a8dcb05b4a4c160e236596aa620d0bb9c00f6759dc68b1fd218a000f575e1e7b'),
('sites/all/modules/views/modules/locale/views_handler_argument_locale_group.inc', 'f3728c0a23a97442577203411f1c8d07c0671711de268fc75a96fb8967553076'),
('sites/all/modules/views/modules/locale/views_handler_argument_locale_language.inc', 'ec542c661cd144f93267359be52e75d5e924b5e60dc6bed5ff06394471351251'),
('sites/all/modules/views/modules/locale/views_handler_field_locale_group.inc', '760fa4700e9dab23769cabb756d48ddb031dff12c4d6dea8be4f0bab053bd3e4'),
('sites/all/modules/views/modules/locale/views_handler_field_locale_language.inc', 'ae0981be36bf46db4b975e137f09c7c573e860ebf4f36369c25a72803c17a837'),
('sites/all/modules/views/modules/locale/views_handler_field_locale_link_edit.inc', '0077bd6d5322b3de3b7270d9d3e230f9caa2cf1938fe665fff6e9c8cbbdadb77'),
('sites/all/modules/views/modules/locale/views_handler_filter_locale_group.inc', '7182f4d0fcbfa2ac1f0adcfc16cf2cfbf645789b4a1611e9854520281953266c'),
('sites/all/modules/views/modules/locale/views_handler_filter_locale_language.inc', '46598e399775dceb845baa8763c3ad4ce86009684addcb85f728888b26de394d'),
('sites/all/modules/views/modules/locale/views_handler_filter_locale_version.inc', 'c486456fbab4a7f369734b7c4f78c66ebc8fc7efd116761bd06d93a3c5bec2ec'),
('sites/all/modules/views/modules/node/views_handler_argument_dates_various.inc', '7a5765b8014079f7d94e653697129f61bdf4cf1181a0ee7401b6e29e8f3daa91'),
('sites/all/modules/views/modules/node/views_handler_argument_node_language.inc', 'd8e60b1e20b1d2245267aee9a4510e2d77af59a4ed126f2ca2eb167809a75258'),
('sites/all/modules/views/modules/node/views_handler_argument_node_nid.inc', '6cc1552d75e7294acfd5fdbf28b2f390b9df7fdb1658b8667d17a11cd59ab9ea'),
('sites/all/modules/views/modules/node/views_handler_argument_node_type.inc', '2eb283cad11d49bef3a05cedf7606dc46aca5831a663235b26d1c6b77f059689'),
('sites/all/modules/views/modules/node/views_handler_argument_node_uid_revision.inc', 'a3cdd9b72d353aa7dcc9433700f18933cb46c684a379d90ef7fa719a1f0414d4'),
('sites/all/modules/views/modules/node/views_handler_argument_node_vid.inc', '786c911f85782bb86a84060b4e14963bd1ac06095c36e3a5cdd48065fac27acb'),
('sites/all/modules/views/modules/node/views_handler_field_history_user_timestamp.inc', 'a1306d8d088076499629c7b99fb86f00d26c6eacefff7fcc46cecd08dd54acdb'),
('sites/all/modules/views/modules/node/views_handler_field_node.inc', '6255479f680c89affa7210161be4416f312c2eb6a8f63af7c57678cff0250dbd'),
('sites/all/modules/views/modules/node/views_handler_field_node_link.inc', '6408c83bb785a45ca14d6f28301edf0f78657533dd12ae3697a5a5ab59a97d5d'),
('sites/all/modules/views/modules/node/views_handler_field_node_link_delete.inc', '48a9c7a9a6a895e600957156dad28b72baa52da9c0d1af3284e6e436781e9f98'),
('sites/all/modules/views/modules/node/views_handler_field_node_link_edit.inc', '747ac11e5a3c1bb61559e147ff1eea0205dab136b982ab7196869a1ed16468ba'),
('sites/all/modules/views/modules/node/views_handler_field_node_path.inc', 'b9b7440bc1ed05e3cc83e122f5eb00b34de738d29e7b10868232d185150aafff'),
('sites/all/modules/views/modules/node/views_handler_field_node_revision.inc', 'db42464cadaae4eb8deb4bebbd500b2d377dfb2cf5d9399fe87c9e01f0dfa247'),
('sites/all/modules/views/modules/node/views_handler_field_node_revision_link_delete.inc', '84e03d57fb01c8e839ae6e89edcdd1c2491888c7d062ac93036d132570f694bb'),
('sites/all/modules/views/modules/node/views_handler_field_node_revision_link_revert.inc', '1145d1b8e014950fc6af969072268a57c956e6626a948f01c8d3319e9ef8081c'),
('sites/all/modules/views/modules/node/views_handler_field_node_type.inc', '2e4a86f8f3110776191d18580e5a6293ebc2b6f0610362417aeff85a3ba0a4d1'),
('sites/all/modules/views/modules/node/views_handler_filter_history_user_timestamp.inc', '4ff02b60652e7dc627e5baa91fa61c032f2857af4c58b58fccd4865d1d6cf48f'),
('sites/all/modules/views/modules/node/views_handler_filter_node_access.inc', 'c751edd9527477ee0f95389c545220371f7761e10aa25c70d6eecfa908fbd157'),
('sites/all/modules/views/modules/node/views_handler_filter_node_status.inc', 'f2478237dc9ca71035435f11592e0d075cc4ef96b9c42cb0eda5cffc2f494319'),
('sites/all/modules/views/modules/node/views_handler_filter_node_type.inc', 'd36304617b444d1d12ae8ebca4700840944bd8e66598537ca27a962070789fb6'),
('sites/all/modules/views/modules/node/views_handler_filter_node_uid_revision.inc', 'fdd24e4c103d9ef8f9df5ddadd08b15c8095371720f25729b5f416abd41eeb4b'),
('sites/all/modules/views/modules/node/views_plugin_argument_default_node.inc', '653376a572ae15a748b9cb3e0e06590de53bd2a3afc50d77da89350ec337cfaf'),
('sites/all/modules/views/modules/node/views_plugin_argument_validate_node.inc', 'd069d549f59a60c54d923d70c4580794180a8454d5531bde70a5baaa6f0ea748'),
('sites/all/modules/views/modules/node/views_plugin_row_node_rss.inc', '5be3f41fac85a68c4d4cebca1094bff1d1d9e4b7a6e85444e33fcdd3335b36b9'),
('sites/all/modules/views/modules/node/views_plugin_row_node_view.inc', '5b0bbc28f19ad80a2d0e3b1dfca77da51d0bdf9c50415cb681a55ca28d660ad7'),
('sites/all/modules/views/modules/profile/views_handler_field_profile_date.inc', '8e491636473dba467ec5d8bfd57c3b42ff3338169dbf64054a0732195d634fb0'),
('sites/all/modules/views/modules/profile/views_handler_field_profile_list.inc', 'c9a2d1f8b29423da6099c2040704ce35f893ab743fa5fed7467008474c342fa2'),
('sites/all/modules/views/modules/profile/views_handler_filter_profile_selection.inc', '74c85ece8f3dae715da2498cbfd6aad68da54b990dbe709ca9739ad1c0db1888'),
('sites/all/modules/views/modules/search/views_handler_argument_search.inc', 'b04a505f4091a094ae87d5dd517827e1029c6feb6dda3ca44e28696610deb311'),
('sites/all/modules/views/modules/search/views_handler_field_search_score.inc', '9e3c790efb6e371a957be5f6fbd12007de172d5238c4dee632f7fedcecceaa02'),
('sites/all/modules/views/modules/search/views_handler_filter_search.inc', '2594387903c9f2c7dca48cee33ec28c7f4e3c797209aadc4367df048025166d4'),
('sites/all/modules/views/modules/search/views_handler_sort_search_score.inc', '1464cc315fea14158e71ee03a58a16f75034b7aba698ee25accef06e66afe15a'),
('sites/all/modules/views/modules/search/views_plugin_row_search_view.inc', '8b389f6e66dcf18e1a0c6455ba2375450c45cb7a58c4bf7004823fb670906e43'),
('sites/all/modules/views/modules/statistics/views_handler_field_accesslog_path.inc', 'a6bf9be0857a44843a69533b306165793e61af07d00a1f02283271c69c128afa'),
('sites/all/modules/views/modules/system/views_handler_argument_file_fid.inc', '0ddd0bcc73f1410601977eaf5953f306f13ee704ef70a6c70b99d838283685f3'),
('sites/all/modules/views/modules/system/views_handler_field_file.inc', '9004e4e2441e828ead43612b9e6b774ffcb57daa46916d4b10cdd13a952c435b'),
('sites/all/modules/views/modules/system/views_handler_field_file_extension.inc', 'a8ec5dd4ccc5288383af32375b4d24e94ea4df6ee3fd1ff42214ea3490894306'),
('sites/all/modules/views/modules/system/views_handler_field_file_filemime.inc', '6bf472e71b3a73d146f2e391029930c4f12aa16a6ca92be813f309fcc895bdc7'),
('sites/all/modules/views/modules/system/views_handler_field_file_status.inc', 'a61bd1a03540f0955c30b2f1e59c953b136aa253060c8d654b8722b51421967d'),
('sites/all/modules/views/modules/system/views_handler_field_file_uri.inc', '6b8102905053558df0d322c6e60c7c3d9015cc2868eee19fe84a360c13aee2cb'),
('sites/all/modules/views/modules/system/views_handler_filter_file_status.inc', '7f025243d3e865dadebc97d106ddde1e9fcde2beaa2b280bc4b59d911d669f9a'),
('sites/all/modules/views/modules/system/views_handler_filter_system_type.inc', '6eb07619b086adb64568b476a88e7b4ccea01c00dc02e442c658a65a149470cf'),
('sites/all/modules/views/modules/taxonomy/views_handler_argument_taxonomy.inc', '982245ed833ef0c74eb740c9ec1f02a81f50501d77ddf1ff2b3f0b284b355dab'),
('sites/all/modules/views/modules/taxonomy/views_handler_argument_term_node_tid.inc', '0554538be9c048b03b305d3954a25a5cf06fef580847cd4494dbe219b8a6f071'),
('sites/all/modules/views/modules/taxonomy/views_handler_argument_term_node_tid_depth.inc', '83a36b755487997701def69c3b52b8dba0b34a282faed3b41806cc078d311f66'),
('sites/all/modules/views/modules/taxonomy/views_handler_argument_term_node_tid_depth_modifier.inc', '237efb86ad9d280a45f6954867cc1acf5792f6022572df3b95df41a6171f5d0f'),
('sites/all/modules/views/modules/taxonomy/views_handler_argument_vocabulary_machine_name.inc', '1feb84984ead065fd27e3ff545664d9991103196e43ddc7c2dbcbe79add4267f'),
('sites/all/modules/views/modules/taxonomy/views_handler_argument_vocabulary_vid.inc', '26c035fecea66e6a52f17032e3208e4756f3727ed46c4203db8645eb7146efa4'),
('sites/all/modules/views/modules/taxonomy/views_handler_field_taxonomy.inc', '72b2837b56bdf85ebb1ba1890f14762fafb5441502bec65074cbe63c5ae64265'),
('sites/all/modules/views/modules/taxonomy/views_handler_field_term_link_edit.inc', '1fa914a8b3c632f715a5be91706c3dbcc0bb41745aa93a0ab32e901a85b186c8'),
('sites/all/modules/views/modules/taxonomy/views_handler_field_term_node_tid.inc', 'eb1f471696dc96a14b8c0ac05e4fc9e6cdb9d2afc62d39db7f653b0156e32754'),
('sites/all/modules/views/modules/taxonomy/views_handler_filter_term_node_tid.inc', '3f4a651b2ae6170e7695208163f2446aae2e55dd7dd63f45973f4cec0e9fc04a'),
('sites/all/modules/views/modules/taxonomy/views_handler_filter_term_node_tid_depth.inc', '327359e06a4da4710c07ff00e3968ccd2ca54056992c63c12bb4184b3b552c6a'),
('sites/all/modules/views/modules/taxonomy/views_handler_filter_vocabulary_machine_name.inc', 'a413ad0653d65c3201136ec04d63404590a298fea527c4145053da5b901b5475'),
('sites/all/modules/views/modules/taxonomy/views_handler_filter_vocabulary_vid.inc', 'b359396f18c6ab89b32670b364561675ad6f0611a10af4a660ff7eb0d01b9f56'),
('sites/all/modules/views/modules/taxonomy/views_handler_relationship_node_term_data.inc', '37f14c45d53facc984c62bb3690997701e8235f2ab30ded8ba8b47d73bb7ba80'),
('sites/all/modules/views/modules/taxonomy/views_plugin_argument_default_taxonomy_tid.inc', '93b0c8e652d02a8a8b3dc0d5a7528e2c720a6bc9f1cc39b641f619afad12e2c0'),
('sites/all/modules/views/modules/taxonomy/views_plugin_argument_validate_taxonomy_term.inc', '3ae2e2c44e6b7c20ed8f78977f35aed1d1e02716d358aded9b89352046c26adc'),
('sites/all/modules/views/modules/translation/views_handler_argument_node_tnid.inc', 'cbc266e896ab4e65a2ee79d84053fe2f5e8959f4931c2b36bc87b9a19d9abca9'),
('sites/all/modules/views/modules/translation/views_handler_field_node_language.inc', 'a782af2839da625159b37f64472036b1145bfd13000624326d24f0bde8548b25'),
('sites/all/modules/views/modules/translation/views_handler_field_node_link_translate.inc', '01a32c694991618743c1ab4e5ce97acebecee7db3c7aa689c0cfb5d8ff1e621c'),
('sites/all/modules/views/modules/translation/views_handler_field_node_translation_link.inc', 'c3b1b7b9494bb355461c837866563732ce205c1ae8507ac221feb69332320ec4'),
('sites/all/modules/views/modules/translation/views_handler_filter_node_language.inc', '7b8e54048ee13edef311aad84cd88becc761a60829f93d236d4585ec4f8e63e4'),
('sites/all/modules/views/modules/translation/views_handler_filter_node_tnid.inc', 'b016ab25b1bfdf843815317b3a371fef0f7366606fe3823f581d4c4ca4730018'),
('sites/all/modules/views/modules/translation/views_handler_filter_node_tnid_child.inc', '28c5d7e2e484d678046fb6cdb6ccddcfe92bae4695f54088af08afe232a877dd'),
('sites/all/modules/views/modules/translation/views_handler_relationship_translation.inc', '6c3f069393fd4b84440f55c27fa83575187aa1025705a6eb580100065cfddce8'),
('sites/all/modules/views/modules/user/views_handler_argument_users_roles_rid.inc', '353e61cd0770705da9dc5e3c2c78cc07b1b2a6e353b62343765bf17823416433'),
('sites/all/modules/views/modules/user/views_handler_argument_user_uid.inc', '40bbcd91951233383789c3e78123214796e346a096db73f4293ed54640b9eeb8'),
('sites/all/modules/views/modules/user/views_handler_field_user.inc', '2440bc297a011323da6755cf722bb7b0c52c4d233f4a161f6b44824721c86384'),
('sites/all/modules/views/modules/user/views_handler_field_user_language.inc', 'b94a5cb52f3ac61c0ba9c3235d29308814ec3e6540372de9975eb87108135573'),
('sites/all/modules/views/modules/user/views_handler_field_user_link.inc', '132a1e5ff54b93bd292a78ac36c04e909950d303ee3201a98320f91e7de508db'),
('sites/all/modules/views/modules/user/views_handler_field_user_link_cancel.inc', 'ea5ba61ac096a13c454e5fe189b92cf97a38fd258722a53d6823b4c163876b9d'),
('sites/all/modules/views/modules/user/views_handler_field_user_link_edit.inc', '34f87f9f9e5cd8252eafa05c0d40365597b5baa03566235cc45b8a32f3fd978c'),
('sites/all/modules/views/modules/user/views_handler_field_user_mail.inc', '456866c64c3502df30ddd20edb15d1f55acf7494187a8c4eb27b91c8beed321c'),
('sites/all/modules/views/modules/user/views_handler_field_user_name.inc', 'e97cfaee3c6b196d6f5572ecf10f95fe53c79c6366c345a17f9c4bd881dff60e'),
('sites/all/modules/views/modules/user/views_handler_field_user_permissions.inc', '6104522cbf31c17a6ae5e9bdde46a6079f3ce1e377aadf1484d298479078bdb0'),
('sites/all/modules/views/modules/user/views_handler_field_user_picture.inc', '7ab2ee03074dd8cd4adebd527a76f68869b50a1b445e80a16d6b40e85922ec70'),
('sites/all/modules/views/modules/user/views_handler_field_user_roles.inc', '7d905ee7c28dae9f48543943575d56d994b578a0bba6bd32e302cf554586022c'),
('sites/all/modules/views/modules/user/views_handler_filter_user_current.inc', 'd9e4b21e438e3eb3fc57179fe07fb114316df05c83c53d12409e20f3071e8fb7'),
('sites/all/modules/views/modules/user/views_handler_filter_user_name.inc', 'da29a3355844a57f5f44a28f0c195d8eaa0ed7044b496eb3d0388dfcc6df6aa0'),
('sites/all/modules/views/modules/user/views_handler_filter_user_permissions.inc', '50f4974d13b234c18b61b9d8b90b76e8063af652f661a73ad75f3f5dfec45bfe'),
('sites/all/modules/views/modules/user/views_handler_filter_user_roles.inc', 'd5169b1bf4466386a955226552bedbb73e637e9e27555a21f7c47f88393a1acf'),
('sites/all/modules/views/modules/user/views_plugin_argument_default_current_user.inc', '79200cf6647c1064bd7474bfe948d777a929f3d2c3709353f6c789468234e364'),
('sites/all/modules/views/modules/user/views_plugin_argument_default_user.inc', 'fd13f620bcbcd99371747d23c38522f814a64a93849d501990bf5d8e3fa6adfc'),
('sites/all/modules/views/modules/user/views_plugin_argument_validate_user.inc', '228b698b681bde74e565dd2c66bf4a2feafe3dde5b4b228d6e327d6eb3b57591'),
('sites/all/modules/views/modules/user/views_plugin_row_user_view.inc', '52548cca3f18d25b06cfce15ee00acea530b85bd22a10944d984b5a798c5969f'),
('sites/all/modules/views/plugins/export_ui/views_ui.class.php', '6e90fbc82e631c61dbf2c3ac807ae0f2df4c12ab636b8a30d320b44c75bd0b7e'),
('sites/all/modules/views/plugins/views_plugin_access.inc', 'eb853525c8483b57ce5ed868660359f2ddfcbbf734f20e930620825bda8a16b2'),
('sites/all/modules/views/plugins/views_plugin_access_none.inc', '76fcb2ee85d8e14ef889082b099a75dd84bb63559162e646353772c7bd954a38'),
('sites/all/modules/views/plugins/views_plugin_access_perm.inc', 'a645f8ebead301ffa59d0ccae01680eadebbed6b712ec1676bee5909dc64a265'),
('sites/all/modules/views/plugins/views_plugin_access_role.inc', '23306bd8161a3bb45d86f81db058e729d614f6387ad1eb5e84bf6ec161092ff6'),
('sites/all/modules/views/plugins/views_plugin_argument_default.inc', '6895e571d11d022db523cc5348524df66a7b0866bd8ccb1175dc72e0f75da979'),
('sites/all/modules/views/plugins/views_plugin_argument_default_fixed.inc', '1351b921dbfb880cac961c32322c6662a6a8b3bf27f235d8235696b849ef730e'),
('sites/all/modules/views/plugins/views_plugin_argument_default_php.inc', '9a2b0af3f59d720afb51138f3473ae6880cc51b65101fd1e2be5181ea70d9221'),
('sites/all/modules/views/plugins/views_plugin_argument_default_raw.inc', '5e4aa88cc6849af5d86074bb7db0892d0cc5211a5fdadb4143d6f60df8088e26'),
('sites/all/modules/views/plugins/views_plugin_argument_validate.inc', '954b0f0e516f7890ebc3b1b08d2d776a7e1a95b3dee3db5241cfbfeb574c69f0'),
('sites/all/modules/views/plugins/views_plugin_argument_validate_numeric.inc', '7f95c57de9d1df74ff65ba01ef6c481797d3271382dc6aeadcfb50ebe545345e'),
('sites/all/modules/views/plugins/views_plugin_argument_validate_php.inc', '7151ff7597cdce3aedbf4863d23d698bc0195bcb796c731268fbbd14f92f9b70'),
('sites/all/modules/views/plugins/views_plugin_cache.inc', '2b1b7dd4507dde4fb6601a25cff9ef42400d7bdf95c0f4e0a98887bb2f04bce6'),
('sites/all/modules/views/plugins/views_plugin_cache_none.inc', '0a175ca3f6597a075d5e7a13a2a6d1a7bf87726995687d19d03126f135b77364'),
('sites/all/modules/views/plugins/views_plugin_cache_time.inc', 'ebeb4e288ccb5a0f1d7e7bb75c5d8a96899634a617326b6c8d01cc2f843da7df'),
('sites/all/modules/views/plugins/views_plugin_display.inc', 'dcc06aab07e2290b4bb6f51d91cc33a08c98fc18647aed4cb5b58c84f091c6f2'),
('sites/all/modules/views/plugins/views_plugin_display_attachment.inc', 'da6d1d8c40b14b898896c5d917f009d6666736ea438e1b6137138f0d5ca96068'),
('sites/all/modules/views/plugins/views_plugin_display_block.inc', 'e95f3cdf809e071fa24c914573252fc9ae77b665b791ee07e584a80feece935c'),
('sites/all/modules/views/plugins/views_plugin_display_default.inc', '8542aaa29d8be6dd424d7579d6931f2aeb71a21286036bcca7e7966e2e5f7cff'),
('sites/all/modules/views/plugins/views_plugin_display_extender.inc', 'c07fd5685f633e4bd5a7a46a9d102bba97fc012074f46b0c8f083dbcc98e0b96'),
('sites/all/modules/views/plugins/views_plugin_display_feed.inc', '4c6539e96cd21b076b34ec18675ffeafe26a178c21184f31a59ce292736171c6'),
('sites/all/modules/views/plugins/views_plugin_display_page.inc', '67dee83b8845b651dac69650ebfc60340aa19971fb4a7c82aaf56afe82e676ee'),
('sites/all/modules/views/plugins/views_plugin_exposed_form.inc', 'd56e5ec778224101b3ca8456f72e144d6feadbe5dcfede224271532e81130d18'),
('sites/all/modules/views/plugins/views_plugin_exposed_form_basic.inc', '0cd6f0c4703fcf075b98e50a5b17f6bd2ad9b83d703416a767c3b47477f77501'),
('sites/all/modules/views/plugins/views_plugin_exposed_form_input_required.inc', 'a679accb9162d548704f68d253249dbfbdbedabcb8bbbacf731fe92aad814db1'),
('sites/all/modules/views/plugins/views_plugin_localization.inc', 'd5ab0ef8b15d49c939f6491258430b5e9257ec37419ddcfe3b99fea6f667f21a'),
('sites/all/modules/views/plugins/views_plugin_localization_core.inc', 'f0900c0640e7c779e9b876223ea395f613c8fe8449f6c8eb5d060e2d54a6afcc'),
('sites/all/modules/views/plugins/views_plugin_localization_none.inc', '4930c3a13ddc0df3065f4920a836ffdc933b037e1337764e6687d7311f49dd8a'),
('sites/all/modules/views/plugins/views_plugin_pager.inc', '0eedcbdd9cafc8188adc41165cad5f3d1ddbf9315db8a91e920f6bf8003be973'),
('sites/all/modules/views/plugins/views_plugin_pager_full.inc', 'af6e6c82bae0ec33c53863b34ce002d139d2a918e1684a4408bf8f1148e0d3a5'),
('sites/all/modules/views/plugins/views_plugin_pager_mini.inc', '627733f65b1d08d20ae03a531c99daacda97df37af9792cf6f3357d9379546ec'),
('sites/all/modules/views/plugins/views_plugin_pager_none.inc', '30d08bb09cf63ca24e1cab5576e0262702672c193e429252918bb31e39de11b7'),
('sites/all/modules/views/plugins/views_plugin_pager_some.inc', 'ca7f99097c907fbd7c110cdee084993accde000f12d59e661b7a9753a808fd00'),
('sites/all/modules/views/plugins/views_plugin_query.inc', '8efc4d7b27771a4e60177a53ff0381dc762b4d47d8cc58bbe3da98714597d694'),
('sites/all/modules/views/plugins/views_plugin_query_default.inc', 'bfca2ab0195f1fb250464c3b31ff5b49b6964931633eeb224482454297fdeba9'),
('sites/all/modules/views/plugins/views_plugin_row.inc', '50b10dd4150cfc75a04e431048a65ed05e59250cd587c1e482beaada98ee20cc'),
('sites/all/modules/views/plugins/views_plugin_row_fields.inc', '8977e0973e786dd09c2200c6b294f9306ce480482a546866ebba6c17f823f486'),
('sites/all/modules/views/plugins/views_plugin_style.inc', 'a30ab426f90638388be422e40071b81bdfa7f9e946cfa3f28f856d75d38570ef'),
('sites/all/modules/views/plugins/views_plugin_style_default.inc', '37d4711f237efb201e96e74fe1f1f9d3a32a8adb65fa789bb09b81b8f439b039'),
('sites/all/modules/views/plugins/views_plugin_style_grid.inc', 'ab5e59a3287c4eff4ffaaedf91bcbd7b1ac091ee1204b5767b8184aff2743788'),
('sites/all/modules/views/plugins/views_plugin_style_jump_menu.inc', 'ee718836eab271af2b2f42dc75f5bc1fad698632f2a26ff4f2ecc0cd77368b90'),
('sites/all/modules/views/plugins/views_plugin_style_list.inc', '2d4831c6c55ee9bc415922d6ecb32deff93ff63e5962b6b67e3497fa6965ccc1'),
('sites/all/modules/views/plugins/views_plugin_style_rss.inc', 'fa1b3b9619c1e2eeb3e0253575a95102ec6595a2ae3d6f5237f2d8e6853a9186'),
('sites/all/modules/views/plugins/views_plugin_style_summary.inc', '17d143c20fd9f9efea0fe4d70c0e04ee1b4acd18b4fcabae00470d1d70aac0c4'),
('sites/all/modules/views/plugins/views_plugin_style_summary_jump_menu.inc', 'c67efb6088bf737f4d79c80bdd07a0ef5613be95a80c7cd2c4c1f4e9d140e6f4'),
('sites/all/modules/views/plugins/views_plugin_style_summary_unformatted.inc', '6e07b64ec8758e309e28303a232932bef4f3843d992de95f1421376677f054a2'),
('sites/all/modules/views/plugins/views_plugin_style_table.inc', '9c19b95f6df036d100af73ed9a7bacf87770d06a6880b0e7d8906369ac242cb1'),
('sites/all/modules/views/plugins/views_wizard/views_ui_base_views_wizard.class.php', '0f95fa318e7b472003b93aa7225478948a8995719fbca70b2d8e3db986464758'),
('sites/all/modules/views/plugins/views_wizard/views_ui_comment_views_wizard.class.php', 'e6b9dda4730e1dc3598a57bd40f365cb18ac7fa31204582c5a00e59f8d2d50d5'),
('sites/all/modules/views/plugins/views_wizard/views_ui_file_managed_views_wizard.class.php', 'b0c72a676dff32fa25b2f7a22df3a0d2dee84a7d004dc44be0265fe9e809c3bc'),
('sites/all/modules/views/plugins/views_wizard/views_ui_node_revision_views_wizard.class.php', '398d35874dd2d48b491c87319716d276f647c40e7d87c318086776b8f5643d69'),
('sites/all/modules/views/plugins/views_wizard/views_ui_node_views_wizard.class.php', '6406a99a4c04a651433b46a282aae9bf97fd72f3deaf99fab40fdde3984e5cb9'),
('sites/all/modules/views/plugins/views_wizard/views_ui_taxonomy_term_views_wizard.class.php', '92b641b8d13d883993150f8d74b43fcb382a520f26c2ef83c1b2c8a86c23e5b1'),
('sites/all/modules/views/plugins/views_wizard/views_ui_users_views_wizard.class.php', '6419a9e125aefbef0bd13879b4e57ee158f4e0b7d1f05832879054cdbb03833d'),
('sites/all/modules/views/tests/comment/views_handler_argument_comment_user_uid.test', '83a5528be29cac578cae139e6afb741b5de555a0e42332716555effe61ddd548'),
('sites/all/modules/views/tests/comment/views_handler_filter_comment_user_uid.test', 'bdb7e9f7a31c17b025363ef7fc1a2f95bad6281990c6ac8759436080727c6bcc'),
('sites/all/modules/views/tests/handlers/views_handler_area_text.test', '944b1211d872e0342f7e6cda8a8d66cb85adf73c5e0ee6396a22ae3f260b3c0e'),
('sites/all/modules/views/tests/handlers/views_handler_argument_null.test', 'b12e2b0cc9b7a14424920912c5908ea0aae9fc5be1ae5e892880225d01624292'),
('sites/all/modules/views/tests/handlers/views_handler_field.test', '508ec461e1d7c6eae45fbb83cde0446043d8a87a366c6e5dacb4d0e949c104aa'),
('sites/all/modules/views/tests/handlers/views_handler_field_boolean.test', '84e6fe1b125d2fb9429175bbb7b76d07dd05afeb94e31287680e240b9d88d676'),
('sites/all/modules/views/tests/handlers/views_handler_field_counter.test', 'bec20808b9c22057de453341809fe01d6b6fffde27c32a803e2d1f345ddfcc02'),
('sites/all/modules/views/tests/handlers/views_handler_field_custom.test', 'a13349d6429b35a01e105b25186b7f55469e4b813c5ed8be4a79c58e5dc3a67c'),
('sites/all/modules/views/tests/handlers/views_handler_field_date.test', 'a14e4f07ee03e49082d111832c21b86cba83c7abfb7de1859e461e90330bdc40'),
('sites/all/modules/views/tests/handlers/views_handler_field_file_size.test', 'a28ede0e98211f2204e3a2ca2c6bfd253c67bd04e22d8474b5b058843fa97340'),
('sites/all/modules/views/tests/handlers/views_handler_field_math.test', '0916b7b53ebef9e16a9a45e22123a4a2b1ad8fdd06c0d670db5e2396df86c5c7'),
('sites/all/modules/views/tests/handlers/views_handler_field_url.test', '922f7dba511ff4e9d2a24bb4d445265b86a1560b76d097e8d6e0a41cc59a6b29'),
('sites/all/modules/views/tests/handlers/views_handler_field_xss.test', 'df777917cb8568938ced57578936d92bf4c9e00734868676b94b13bf251c963a'),
('sites/all/modules/views/tests/handlers/views_handler_filter_date.test', 'a5c510b72d4559878183081622ce268dcf71f42c70a5480a51a214afc6c0ebca'),
('sites/all/modules/views/tests/handlers/views_handler_filter_equality.test', '05006487eb97c7214aab1e1e8f4d58a8661f678bcd3b691ce9a84c7955bf76fd');
INSERT INTO `registry_file` (`filename`, `hash`) VALUES
('sites/all/modules/views/tests/handlers/views_handler_filter_in_operator.test', '0d5252ce92c4a51182644b5d229e3d6b639526466298a8fcec02a045078530e4'),
('sites/all/modules/views/tests/handlers/views_handler_filter_numeric.test', '65c67e9c0de483511280742a2bb73ba61fd447a8d8e52bb071d84910760ca672'),
('sites/all/modules/views/tests/handlers/views_handler_filter_string.test', '93a349a671004b75b41a939623f198974a891bf251f990f1711d07f13ed749e4'),
('sites/all/modules/views/tests/handlers/views_handler_sort.test', 'f79dbd877823ac5bda4060ef1b308303c59d4a6b5b58447db7d4c2ad142f0f5d'),
('sites/all/modules/views/tests/handlers/views_handler_sort_date.test', '3fdad803c29ce009b2e129c4b1b19d8043a62ef15611be5d116f28e185edd8a4'),
('sites/all/modules/views/tests/handlers/views_handler_sort_random.test', '65f455f2a770efde4e91e01885a1b50fc783499b68477ab7214c5dd868fac6c4'),
('sites/all/modules/views/tests/styles/views_plugin_style.test', 'd77b4d488c4f8929c053cded6e26433c142d6a8d7200de7c373a8b62d91c0a3e'),
('sites/all/modules/views/tests/styles/views_plugin_style_jump_menu.test', '522296bcfaa74f77787b9b99dcd453a008f029a85c512ce93fa5ab1b183e6d7d'),
('sites/all/modules/views/tests/test_plugins/views_test_plugin_access_test_dynamic.inc', 'c524281180d91ef1cd256beb615e14a34ec6f44cd7a733a9c7e8e521779bfa21'),
('sites/all/modules/views/tests/test_plugins/views_test_plugin_access_test_static.inc', 'a1d341165b48dacb4149b4837687e371e81b742c34afa3522168b84e29f2cc50'),
('sites/all/modules/views/tests/user/views_handler_field_user_name.test', 'a131beaa03883575f68efef7aa5789caa05798e78cf2051a770493d095bf05ae'),
('sites/all/modules/views/tests/user/views_user.test', '2e9e6cad540ab20e47c4532c047164e9186ed90db5bfa96da73ff997096bc56f'),
('sites/all/modules/views/tests/user/views_user_argument_default.test', '2a1c7f4bc3c8a3cbdfd7ea2eab1811345cd5053bafe5793f7ace71b28839640f'),
('sites/all/modules/views/tests/user/views_user_argument_validate.test', '98ce7c348f1e579983ebeb2e1ddc60643e3b262e3a3dcbee1c2da45f7b1ee2dc'),
('sites/all/modules/views/tests/views_access.test', '1324b42772e38b5cdc079837b33abc25a27ccc9fe26a2bee68c150f035bf8ad1'),
('sites/all/modules/views/tests/views_analyze.test', '501464be8a5a3800f07d4f03b9244f7174c7a550b10db268a27646701eaea6e7'),
('sites/all/modules/views/tests/views_argument_default.test', '05372c66b95ce941c2ae2cf763646602ad8075c9f239e43dc7095faf2181f507'),
('sites/all/modules/views/tests/views_argument_validator.test', 'fb35d39bfea4fc83b14bcaf33b6ed388e618ffa638fbe0c5ea363a40971fdf78'),
('sites/all/modules/views/tests/views_basic.test', '8237d5e8a554dcbb35ac54db739bf2088bce077e63e9c774a2b7501665bd529a'),
('sites/all/modules/views/tests/views_cache.test', '10a4ed1f5027d765d1a795d15ab2fe03cc7267cc8569fff77a0bdae72adc93ff'),
('sites/all/modules/views/tests/views_exposed_form.test', '77e5472b5428594835cc1aa8dd4fc2985a793a3d08b951f2f49e41b9945c7174'),
('sites/all/modules/views/tests/views_glossary.test', '184432181da26bfbc17c50c1bdfc7c34f5b5a00f4001550895ad826382cf8cd3'),
('sites/all/modules/views/tests/views_groupby.test', '3009f7519b90410277792a9404d83cdb61942dfa0d958f310862031420ca0c1b'),
('sites/all/modules/views/tests/views_handlers.test', 'ca465bc554474576e5d0600ca5791c66e240776f8af87490b417b60b069f38e0'),
('sites/all/modules/views/tests/views_module.test', 'e4ff61004332c0682a001ffd8e197b5a5413160b82f101da3d606f0b0bb9d525'),
('sites/all/modules/views/tests/views_pager.test', '878e698e4c70e2cad839834bfc9f9e95014e2a46ba4d8ed1425a6c21033e3240'),
('sites/all/modules/views/tests/views_plugin_localization_test.inc', '2443243936d5b2e560d5e49b371a6511c01a53eb82e6e04ac2032feec0033633'),
('sites/all/modules/views/tests/views_query.test', '1bba0df04ed8bbfcf8ba1c2ecf30c6bfe7095eb594521bed86871dac11837ce3'),
('sites/all/modules/views/tests/views_test.views_default.inc', '3fa0e17e35b4b49ad981156768d59e175a8edbca995b423ec78e35a55dc333db'),
('sites/all/modules/views/tests/views_translatable.test', '4738bcbe52a143bbea66234eb89f918dc29a47e8d7fc1af6f4b3cfc42e8685f0'),
('sites/all/modules/views/tests/views_ui.test', '2190cd05c1b69107bae060d6d55b7112082d0bdfcfee55b7773933a24ad47fad'),
('sites/all/modules/views/tests/views_upgrade.test', '152d28c537fb66dbfebf2b38393afc3c0d88b9995ad4ef0b5d39eb4febefd3c7'),
('sites/all/modules/views/tests/views_view.test', '34f5f0b515353db81ec44839fae85db792955185a33c906fa7918591485d9d15'),
('sites/all/modules/views/views_ui.module', '111cef03bed51ad0356a5437de2ae2fa05778e2c6945ca6aac07a28be993751f'),
('sites/all/modules/views_slideshow/contrib/views_slideshow_cycle/theme/views_slideshow_cycle.theme.inc', '7f1f73ce1610779ce593b11d38e6832a06c4f745e1bbea962693bcc4baa1c6fb'),
('sites/all/modules/views_slideshow/contrib/views_slideshow_cycle/views_slideshow_cycle.module', 'ed3201899e23d642cee207b82da6f49acf1e7597dbaa27e1527ed22f9604d7fb'),
('sites/all/modules/views_slideshow/contrib/views_slideshow_cycle/views_slideshow_cycle.views_slideshow.inc', '8fe17974840186891b3029090105801a37b38b06419f50ccc441a71e7d80f67f'),
('sites/all/modules/views_slideshow/theme/views_slideshow.theme.inc', 'a074f621f1343e51f1d2d7d38fc9ad76e78cb6542f82e00bc8dc5c1d0d9a4663'),
('sites/all/modules/views_slideshow/views_slideshow.module', '66bd739ceacafb250368469d70150955c91f745469b4520c8c5e8027285da337'),
('sites/all/modules/views_slideshow/views_slideshow.views.inc', '3b3834220b91a373a74347683de8cbe45dfc19f8263b71dae368abaca45ec617'),
('sites/all/modules/views_slideshow/views_slideshow_plugin_style_slideshow.inc', '51dbe2d3aa647df37e1854e4504f8426e4d7fc79ed3d2309707ee865134a0d3f');

-- --------------------------------------------------------

--
-- Struttura della tabella `role`
--

CREATE TABLE IF NOT EXISTS `role` (
  `rid` int(10) unsigned NOT NULL AUTO_INCREMENT COMMENT 'Primary Key: Unique role ID.',
  `name` varchar(64) NOT NULL DEFAULT '' COMMENT 'Unique role name.',
  `weight` int(11) NOT NULL DEFAULT '0' COMMENT 'The weight of this role in listings and the user interface.',
  PRIMARY KEY (`rid`),
  UNIQUE KEY `name` (`name`),
  KEY `name_weight` (`name`,`weight`)
) ENGINE=InnoDB  DEFAULT CHARSET=utf8 COMMENT='Stores user roles.' AUTO_INCREMENT=4 ;

--
-- Dump dei dati per la tabella `role`
--

INSERT INTO `role` (`rid`, `name`, `weight`) VALUES
(3, 'administrator', 2),
(1, 'anonymous user', 0),
(2, 'authenticated user', 1);

-- --------------------------------------------------------

--
-- Struttura della tabella `role_permission`
--

CREATE TABLE IF NOT EXISTS `role_permission` (
  `rid` int(10) unsigned NOT NULL COMMENT 'Foreign Key: role.rid.',
  `permission` varchar(128) NOT NULL DEFAULT '' COMMENT 'A single permission granted to the role identified by rid.',
  `module` varchar(255) NOT NULL DEFAULT '' COMMENT 'The module declaring the permission.',
  PRIMARY KEY (`rid`,`permission`),
  KEY `permission` (`permission`)
) ENGINE=InnoDB DEFAULT CHARSET=utf8 COMMENT='Stores the permissions assigned to user roles.';

--
-- Dump dei dati per la tabella `role_permission`
--

INSERT INTO `role_permission` (`rid`, `permission`, `module`) VALUES
(1, 'access comments', 'comment'),
(1, 'access content', 'node'),
(1, 'administer search', 'search'),
(1, 'search content', 'search'),
(1, 'use advanced search', 'search'),
(1, 'view file', 'file_entity'),
(1, 'view media', 'media'),
(2, 'access comments', 'comment'),
(2, 'access content', 'node'),
(2, 'administer blocks', 'block'),
(2, 'administer search', 'search'),
(2, 'post comments', 'comment'),
(2, 'search content', 'search'),
(2, 'skip comment approval', 'comment'),
(2, 'use advanced search', 'search'),
(2, 'use text format didascalia', 'filter'),
(2, 'use text format filtered_html', 'filter'),
(2, 'view file', 'file_entity'),
(2, 'view media', 'media'),
(3, 'access administration pages', 'system'),
(3, 'access all views', 'views'),
(3, 'access comments', 'comment'),
(3, 'access content', 'node'),
(3, 'access content overview', 'node'),
(3, 'access contextual links', 'contextual'),
(3, 'access dashboard', 'dashboard'),
(3, 'access overlay', 'overlay'),
(3, 'access site in maintenance mode', 'system'),
(3, 'access site reports', 'system'),
(3, 'access toolbar', 'toolbar'),
(3, 'access user profiles', 'user'),
(3, 'add media from remote sources', 'media_internet'),
(3, 'administer actions', 'system'),
(3, 'administer blocks', 'block'),
(3, 'administer comments', 'comment'),
(3, 'administer content types', 'node'),
(3, 'administer ctools access ruleset', 'ctools_access_ruleset'),
(3, 'administer custom content', 'ctools_custom_content'),
(3, 'administer files', 'file_entity'),
(3, 'administer filters', 'filter'),
(3, 'administer image styles', 'image'),
(3, 'administer languages', 'locale'),
(3, 'administer media', 'media'),
(3, 'administer menu', 'menu'),
(3, 'administer modules', 'system'),
(3, 'administer nodes', 'node'),
(3, 'administer page manager', 'page_manager'),
(3, 'administer permissions', 'user'),
(3, 'administer search', 'search'),
(3, 'administer shortcuts', 'shortcut'),
(3, 'administer site configuration', 'system'),
(3, 'administer software updates', 'system'),
(3, 'administer stylizer', 'stylizer'),
(3, 'administer taxonomy', 'taxonomy'),
(3, 'administer themes', 'system'),
(3, 'administer url aliases', 'path'),
(3, 'administer users', 'user'),
(3, 'administer views', 'views'),
(3, 'block IP addresses', 'system'),
(3, 'bypass node access', 'node'),
(3, 'cancel account', 'user'),
(3, 'change own username', 'user'),
(3, 'create article content', 'node'),
(3, 'create page content', 'node'),
(3, 'create url aliases', 'path'),
(3, 'customize shortcut links', 'shortcut'),
(3, 'delete any article content', 'node'),
(3, 'delete any page content', 'node'),
(3, 'delete own article content', 'node'),
(3, 'delete own page content', 'node'),
(3, 'delete revisions', 'node'),
(3, 'delete terms in 1', 'taxonomy'),
(3, 'edit any article content', 'node'),
(3, 'edit any page content', 'node'),
(3, 'edit file', 'file_entity'),
(3, 'edit media', 'media'),
(3, 'edit own article content', 'node'),
(3, 'edit own comments', 'comment'),
(3, 'edit own page content', 'node'),
(3, 'edit terms in 1', 'taxonomy'),
(3, 'import media', 'media'),
(3, 'post comments', 'comment'),
(3, 'revert revisions', 'node'),
(3, 'search content', 'search'),
(3, 'select account cancellation method', 'user'),
(3, 'skip comment approval', 'comment'),
(3, 'switch shortcut sets', 'shortcut'),
(3, 'translate content', 'translation'),
(3, 'translate interface', 'locale'),
(3, 'use advanced search', 'search'),
(3, 'use bulk exporter', 'bulk_export'),
(3, 'use page manager', 'page_manager'),
(3, 'use text format didascalia', 'filter'),
(3, 'use text format filtered_html', 'filter'),
(3, 'use text format full_html', 'filter'),
(3, 'view file', 'file_entity'),
(3, 'view media', 'media'),
(3, 'view own unpublished content', 'node'),
(3, 'view revisions', 'node'),
(3, 'view the administration theme', 'system');

-- --------------------------------------------------------

--
-- Struttura della tabella `search_dataset`
--

CREATE TABLE IF NOT EXISTS `search_dataset` (
  `sid` int(10) unsigned NOT NULL DEFAULT '0' COMMENT 'Search item ID, e.g. node ID for nodes.',
  `type` varchar(16) NOT NULL COMMENT 'Type of item, e.g. node.',
  `data` longtext NOT NULL COMMENT 'List of space-separated words from the item.',
  `reindex` int(10) unsigned NOT NULL DEFAULT '0' COMMENT 'Set to force node reindexing.',
  PRIMARY KEY (`sid`,`type`)
) ENGINE=InnoDB DEFAULT CHARSET=utf8 COMMENT='Stores items that will be searched.';

--
-- Dump dei dati per la tabella `search_dataset`
--

INSERT INTO `search_dataset` (`sid`, `type`, `data`, `reindex`) VALUES
(4, 'node', ' alcune delle epigrafi latine a roma le epigrafi  colonna traiana   il cippo del pomerio di claudio   il cippo del pomerio di vespasiano   il ponte fabricio   il sepolcro di eurisace   l arco degli argentari   obelisco di piazza montecitorio   obelisco di piazza del popolo   pantheon  porta maggiore ', 1353511339),
(7, 'node', ' cosa sono le epigrafi  questo sito è strutturato che per ogni epigrafe ci sono tre sottolivelli visitatore turista storico e bambino sarà solo nel momento in cui accederei alle varie epigrafi che deciderai chi vuoi essere e quale guardare ogni epigrafe ha anche una sua galleria se vuoi contribuire al sito  iscriviti e lascia commenti buona navigazione l epigrafe dal greco antico ἐπιγραφή scritto sopra o iscrizione è un testo esposto pubblicamente su un supporto di materiale non deperibile principalmente marmo o pietra più raramente metallo l intento del testo è solitamente quello di tramandare la memoria di un evento storico di un personaggio o di un atto le parole possono essere incise oppure dipinte o eseguite a mosaico l epigrafe si può trovare sia in un luogo chiuso chiesa cappella palazzo sia all aperto piazza via cimitero oppure può essere apposta su un oggetto generalmente le iscrizioni sono realizzate in lettere maiuscole a caratterizzarle però non è solo lo stile della scrittura ma anche l adozione di particolari registri linguistici improntati generalmente a concisione e solennità in funzione del contenuto del contesto e dello scopo comunicativo la tradizione epigrafica è caratteristica della civiltà classica greca e romana e testimonia il diffuso grado di alfabetizzazione raggiunto da queste società senza un tale presupposto le epigrafi non avrebbero potuto assolvere la funzione di comunicazione pubblica cui erano destinate  ', 0),
(8, 'node', ' home chi sei storico bambino turista  ', 0),
(10, 'node', ' pantheon monumento  pantheon  anno  2725 ac  collocazione  piazza della rotonda  storia  e un edificio di roma antica costruito come tempio dedicato alle divinità dell olimpo all inizio del vii secolo è stato convertito in basilica cristiana visitatore storico bambino  pantheon  ', 0),
(11, 'node', ' colonna traiana monumento  colonna traiana  anno  113 ac  collocazione  foro di traiano  storia  la colonna traiana è un monumento innalzato a roma per celebrare la conquista della dacia da parte dell imperatore traiano  visitatore storico bambino  colonna traiana  ', 0),
(12, 'node', ' il cippo del pomerio di claudio monumento  cippo del pomerio di claudio  anno  49 dc  collocazione  via del pellegrino  storia  il pomerio era il confine sacro della città di roma visitatore storico bambino  cippo del pomerio claudio  ', 0),
(13, 'node', ' il cippo del pomerio di vespasiano monumento  cippo del pomerio di vespasiano  anno  precedente il 75 dc  collocazione  piazza di santa cecilia  storia  e stato trovato nel 1899 vicino la chiesa di s cecilia in trastevere ed è tutt ora esposto sulla destra appena si varca l ingresso del portico visitatore storico bambino  cippo del pomerio vespasiano  ', 1353511559),
(14, 'node', ' il ponte fabricio monumento  ponte fabricio  anno  62 ac  collocazione  rioni sant angelo e ripa  storia  e noto come ponte dei quattro capi è un ponte che collega il lungotevere de cenci a via di ponte quattro capi molto ben conservato e tuttavia il più antico esistente visitatore storico bambino  ponte fabricio  ', 0),
(15, 'node', ' il sepolcro di eurisace monumento  sepolcro di eurisace  anno  3020 ac  collocazione  vicino porta maggiore  storia  e una tomba monumentale di un fornaio romano marco virgilio eurisace e di sua moglie atistia visitatore storico bambino  sepolcro eurisace  ', 0),
(16, 'node', ' l arco degli argentari monumento  arco degli argentari  anno  204 dc  collocazione  piazza della bocca della verità  storia  e una piccola porta ha la forma di una porta architrava il monumento fu eretto nel punto in cui l antica strada urbana si immeteva nella piazza del foro boario visitatore storico bambino  arco degli argentari  ', 0),
(17, 'node', ' obelisco di piazza montecitorio monumento  obelisco di piazza montecitorio  anno  vi secolo ac  collocazione  piazza montecitorio  storia  fu realizzato all epoca del faraone psammetico ii era collocato nella città di eliopoli in egitto fu portato a roma nel 10 ac da augusto e collocato come gnomone della merdiana di augusto in campo marzio visitatore storico bambino  obelisco piazza montecitorio  ', 0),
(18, 'node', ' obelisco di piazza del popolo monumento  obelisco di piazza del popolo  anno  xiii ac  collocazione  circo massimo  storia  fu realizzato all epoca dei faraoni ramesse ii e merenptah e collocato nel tempio del sole di eliopoli in egitto venne portato per volere di ottaviano augusto a roma nel 10 ac visitatore storico bambino  obelisco piazza del popolo  ', 0),
(19, 'node', ' porta maggiore monumento  porta maggiore  anno  52 dc  collocazione  mura aureliane di roma  storia  e una delle porte nelle mura aureliane di roma si trova nel punto in cui covergevano otto degli undici acquedotti nella zona che per la vicinanza al vecchio tempio veniva chiamata ad spem veterem  visitatore storico bambino  porta maggiore  ', 0),
(25, 'node', ' itinerario completo in questo itinerario trovate il percorso che potete fare per vedere tutte le epigrafi  1 itinerario completo  ', 0),
(28, 'node', ' colonna traiana b e stata fatta costruire dall imperatore traiano e fu inaugurata nel 113 dc e stata inalzata per celebrare la conquista della dacia da parte dei romani era collocata nel foro in un ristetto cortile alle spalle della basilica ulpia fra due biblioteche fu la prima colonna coclide innalzata e composta da 19 blocchi di marmo dove vi sono rappresentate le vicissitudini delle campagne militari nel basamento della colonna vi è un epigrafe latina l epigrafe è fatta di marmo con il testo inciso a scalpello essa onora l imperatore traiano  bambino  ', 1353511461),
(31, 'node', ' il cippo di pomerio claudio b l imperatore claudio fece costruire un cippo nell anno 49 dc l imperatore claudio potè allargare il confine di roma dopo la conquista della britannia nel 43 dc nella cartina si può vedere l allargamento del confine dell impero linea blu il cippo fu ritrovato tra via via dei baschi e vicolo di malpasso e ora è in esposizione in via del pellegrino sul cippo vi è un iscrizione dove testimonia che furuno ampliati i confini dell impero  bambino  ', 1353511406),
(34, 'node', ' il cippo di pomerio vespasiano b e stata fatta costruire dall imperatore vespasiano e dal figlio tito nel 75 dc l imperatore vespasiano ha potuto allargare il confine dell impero grazie alle conquiste fatte in britannia e in germania il confine dell impero s era allargato come si può vedere dalla cartina linea rossa e stato ritrovato durante gli scavi alla fine dell 800 eseguiti sotto la basilica di santa cecilia sul cippo vi è un iscrizione che ricorda l ampliamento del pomerio effettuato dall imperatore vespasiano  bambino  ', 1353511386),
(37, 'node', ' il ponte fabricio b questo ponte è stato fatto da licio fabricio un curatore delle strade nel 62 ac e il ponte più antico dopo ponte milvio il ponte collega l isola tiberina alla terraferma nelle 4 arcate si trovano quattro iscrizioni dove viene attestato che il ponte è stato fatto da licio fabricio nel 23 ac venne restaurato dai consoli marco lollio e quinto lepido a causa di una piena del fiume sotto papa eugenio iv il ponte fu pavimentato  bambino  ', 1353511657),
(40, 'node', ' il sepolcro di eurisace b questo monumento risale al i secolo ac e una tomba monumentale di un fornaio romano e di sua moglie e collocata esternamente alla porta maggiore nel 1838 fu rinvenuta nel corso della demolizione delle torre difensive della porta maggiore costruite da onorio sui tre lati vi è un epigrafe latina dove testimonia che questo monumento è del fornaio marco virgilio eurisace grazie all epigrafe si scopre che il fornaio lavorava per lo stato al quale forniva i suoi prodotti e che lavorava per qualche personaggio di alto rango come un magistrato o un sarcedote  bambino  ', 1353511721),
(43, 'node', ' l arco degli argentari b e una piccola porta che si trova a roma accanto al portico della chiesa di san giorgio al velabro e stata eretta nel 204 nel punto in cui l antica strada urbana si immetteva nell attuale piazza della bocca della verità sopra vi è un epigrafe che è una dedica privata agli augusti settimo severo e caracalla e alle loro mogli in seguito però dei nomi sono stati abrasi  bambino  ', 1353511781),
(46, 'node', ' obelisco di piazza montecitorio b tra il regno di psammetico ii intorno al 595598 ac venne costruito un obelisco e posto nella città di eliopoli dove sorgeva davanti al tempio del sole fu dedicato al dio sole rhà l antica città di eliopoli heliopolis città del sole fu un importante città dell antico egitto fu portato a roma nel 10 dc sotto il primo imperatore romano augusto dopo la battaglia di azio insieme all obelisco flaminio fu posto al centro della piazza campo marzio e faceva da gnomone della meridiana tra il ix e l xi secolo probabilmente a causa di un incendio o di un terremoto l obelisco crollò e poi s interrò fu papa sisto v che fece intraprendere dei tentativi di rimontare e rialzare l obelisco assemblandone alcuni pezzi che era già stati ritrovati nel 1502 nell attuale piazza del parlamento ma le cattive condizioni lo fecero desistere tanto che lo stesso fu risotterrato dal 1789 al 1789 fu il bazaglia sotto il pontificato di benedetto xiv nel 1748 a ritrovarlo e rimuoverlo dalla piazza dove giaceva l obelisco risultava molto danneggiato e si rendeva diffile il suo rinnalzamento tanto che si dovettero cercare dei blocchi di granito per restuararne la base nel 1792 l obelisco con la sua base furono collocati in piazza montecitorio in alto fu posto un globo per riadattarlo a orologio solare nel basamento dell obelisco vi sono state scritte due epigrafi identiche fra loro e anche uguali all iscrizione sulla base dell obelisco flaminio  bambino  ', 1353511896),
(49, 'node', ' obelisco di piazza del popolo b tra il regno di ramsete ii terzo monarca della xix dinastia egizia regnò in egitto dal 1279 ac al 1213 ac figlio di seti i e sua moglie tuya salì al trono dopo la scomparsa del fratello e il regno di mineptah che era il tredicesimo figlio di ramsete ii e della grande sposa reale isinofret salì al trono già anziano dopo aver ricoperto numerosi incarichi nell esercito e nel cerimoniale venne costruito un obelisco e posto nella città di eliopoli dove sorgeva davanti al tempio del sole i suoi geroglifici mostrano il nome del faraone ramsete ii e di suo figlio mineptah 13º secolo ac fu dedicato al dio sole rhà l antica città di eliopoli heliopolis città del sole fu un importante città dell antico egitto fu il primo obelisco ad essere portato a roma nel 10 dc sotto il primo imperatore romano augusto dopo la battaglia di azio fu posto al centro del circo massimo come elemento decorativo sia questo obelisco che quello di pzza san giovanni caddero quando nel corso dei secoli il circo andò in disuso e furono sepolti a causa dell innalzamento del livello stradale furono scoperti alla fine del 16º secolo scavando i resti del circo papa sisto v li fece restaurare e fu trasportato al centro di piazza del popolo da domenico fontana perfetto esecutore delle concezioni urbanistiche di sisto v 1589 fu leone xii a circondarlo con la gradinata quattro leoni in stile egizio e vasche sottostanti  bambino  ', 1353511990),
(52, 'node', ' pantheon b il primo pantheon fu fatto costruire nel 2725 ac da marco vipsano agrippa nel quadro della monumentalizzazione del campo marzio sotto l imperatore adriano l edificio venne interamente ricostruito sulla facciata del pantheon il fregio riporta un iscrizione di agrippa in lettere di bronzo l iscrizione parla del 3 consolato di agrippa e quindi ciò testimonia che il primo pantheon fu fatto intorno all anno 27 ac nel primo medioevo l edificio si salvò dalla demolizione perchè nel 608 l imperatore bizantino foca lo aveva dato in dono a papa bonifacio iv nel 609 papa bonifacio iv lo trasformò in chiesa cristiana con il nome di sancta maria ad martyres nel xv secolo il pantheon venne arricchito di affreschi  bambino  ', 1353512069),
(55, 'node', ' porta maggiore b l imperatore claudio nel 52 fece costruire la porta per consentire all acquedotto di scavalcare le vie praenestina e lebicana la porta fu inserita nel trecciato delle mura aureliane costruite intorno alla città dell imperatore aureliano nella seconda metà del iii secolo e una delle porte nelle mura aureliane e si trova nel pnto in cui convergevano 8 degli 11 acquedotti che portavano l acqua alla città nel 402 l imperatore onorio la fece fortificare e avanzare le due porte verso l esterno e ci fece costruire un bastione davanti alla porta suddividendole così in due porte distinte nel 1838 papa gregorio xvi fece restaurare la porta e demolì la struttura onoriana e ripristinò l antico assrtto aureliano sull attico della porta vi sono 3 iscrizioni ripetute su entrambi i lati della porta l iscrizione più in alto è stata fatta incidere dall imperatore claudio in occasione della costruzione del duplice arco l iscrizione nel centro è stata fatta incidere da vespasiano sul condotto dell aqua claudia risalente ad un restauro del 71 l iscrizione in basso è stata fatta incidere da tito sul basamento dell attico in occasione di un successivo restauro dell 82  bambino  ', 1353512175),
(57, 'node', ' galleria arco argentari cippo pomerio claudio cippo pomerio vespasiano colonna traiana obelisco di piazza montecitorio obelisco di piazza del popolo pantheon ponte fabricio 1 ponte fabricio 2 porta maggiore tomba di eurisace  ', 0),
(58, 'node', ' obelisco di piazza del popolo v obelisco flaminio obelisco flaminio obelisco flaminio obelisco flaminio obelisco flaminio obelisco flaminio obelisco flaminio obelisco flaminio testo sul lato settentrionale  i mp erator caesar dìvì f ilius augustus pontifex maximus i mp erator xii co n sul xi trib unicia pot estate xiv aegupto in potestátem populì románì redáctá s olì dónum dedit sul lato meridionale imp erator caesar dìvì f ilius augustus pontifex maximus imp erator xii co n sul xi trib unicia pot estate xiv aegupto in potestátem populì románì redáct á sólì dónum dedit traduzione  l imperatore cesare figlio del divo augusto pontefice massimo acclamato imperatore per la 12ª volta console per la 11ª volta investito della potestà tribunicia per la 14ª volta posto l egitto sotto il dominio di roma diede in dono al sole  commento storicoantiquario nell anno 10 ac augusto collocò sulla spina del circo massimo il grande obelisco di ramesse ii proveniente da heliopolis sull asse longitudinale dell arena si alzava la spina di 340 m intorno alla quale si svolgevano i giri di gara insieme con quello posto da costanzo ii oggi a piazza s giovanni in laterano i due obelischi rimasero intatti sulla spina fino alla fine del mondo antico fino a totila che vi organizzò le ultime gare tra il vi ed il vii sec su di essi si scatenò la furia iconoclasta poiché erano simboli degli dei vinti per abbatterli furono smussati con il piccone e con il fuoco entrambi alla base su tutti e 4 gli angoli così che cadessero e non potessero essere più rizzati i 2 obelischi vennero dissotterrati da sisto v nel 1587 e nel 1589 collocati nell attuale sede l iscrizione riportata sulla base è identica a quella dell obelisco di piazza montecitorio si può notare come questo monumento sia stato eretto nel 10 ac anno della 14ª tribunicia potestas di augusto quindi 20 anni dopo l annessione dell egitto 30 ac anche se dal testo dell epigrafe i due avvenimenti sembrerebbero contemporanei ciò secondo gli storici si spiegherebbe con la volontà da parte di augusto di richiamare alla memoria attraverso i due obelischi egizi il momento iniziale dell organizzazione del principato ovvero la battaglia di azio la dedica alla divinità solare richiama poi gli antichi culti romani nell ottica imperiale della restaurazione del mos maiorum datazione  10 dc data fabbricazione  xiii ac luogo di rinvenimento  circo massimo luogo di esposizione  piazza del popolo periodo raccontato  racconta dell imperatore cesare augusto che sottomette l egitto osservazioni sull ambito di committenza  e stato fatto sotto l epoca dei faraoni ramesse ii e merenpath osservazioni sull ambito di produzione  e stato fatto sotto l epoca dei faraoni ramesse ii e merenpath e collocato nel tempio del sole di eliopoli definizione del genere  e un epigrafe commemorativa  visitatore  ', 1353511978),
(59, 'node', ' obelisco di piazza del popolo s obelisco flaminio obelisco flaminio obelisco flaminio obelisco flaminio obelisco flaminio obelisco flaminio obelisco flaminio obelisco flaminio tipologia del materiale  pietra forma del supporto  piedistallo misura  10 m luogo di rinvenimento  circo massimo luogo di esposizione  piazza del popolo reperimento in situ  no stato di conservazione  testi integri datazione  10 dc data fabbricazione  xiii ac periodo raccontato  racconta dell imperatore cesare augusto che sottomette l egitto tecnina  incisione a scalpello osservazioni sull ambito di committenza  e stato fatto sotto l epoca dei faraoni ramsete ii e mineptah osservazioni sull ambito di produzione  e stato fatto sotto l epoca dei faraoni ramsete ii e mineptah e collocato nel tempio del sole di eliopoli definizione del genere  e un epigrafe commemorativa trascrizione sul lato settentrionale  i mp erator caesar dìvì f ilius augustus pontifex maximus i mp erator xii co n sul xi trib unicia pot estate xiv aegupto in potestátem populì románì redáctá s olì dónum dedit sul lato meridionale imp erator caesar dìvì f ilius augustus pontifex maximus imp erator xii co n sul xi trib unicia pot estate xiv aegupto in potestátem populì románì redáct á sólì dónum dedit traduzione  l imperatore cesare figlio del divo augusto pontefice massimo acclamato imperatore per la 12ª volta console per la 11ª volta investito della potestà tribunicia per la 14ª volta posto l egitto sotto il dominio di roma diede in dono al sole  bibliografia   the egyptian and egyptianing monuments of imperial rome aroullett leinden 1972 a selection of latin inscriptions rh barrow oxford 1934 egitto a roma gli obelischi g carnevali camera dei deputati 2004 architetture per la città l arte a roma al tempo di sisto v mp sette palazzo venezia 1992 per approfondimenti  http wwwedredrit edrprogrammi rescomplexnewphp do book idnr ed   storico  ', 1353511984),
(60, 'node', ' colonna traiana v colonna traiana colonna traiana colonna traiana colonna traiana colonna traiana colonna traiana colonna traiana colonna traiana colonna traiana colonna traiana testo senatus popolusque romanus imp eratori caesari divi f ilius nerva traiano aug usto germ anico dacico pontif ici maximo trib unicia pot estate xvii imp eratori vi co n s uli vi p atri p atriae ad declarandum quantae altitudinis mons et locus tant is oper ibus sit egestus traduzione  il senato ed il popolo romano all imperatore cesare figlio del divo nerva traiano augusto germanico dacico pontefice massimo investito della potestà tribunicia 17 volte acclamato imperatore 6 volte eletto console 6 volte padre della patria per mostrare per quanta altezza il monte e il luogo con così grandi lavori siano stati scavati  commento storicoantiquario si tratta di una dedica fatta dal senato all imperatore traiano all indomani delle guerre daciche l 11 maggio del 113 dc il motivo della dedica non è come saremmo indotti a credere guardando i meravigliosi fregi di apollodoro esaltare la vittoria dell imperatore ma la volontà di mostrare come la colonna con la sua altezza rappresenti la profondità del taglio operato sulla sella montuosa che un tempo si ergeva tra quirinale e campidoglio fatto con lo scopo di creare lo spazio necessario alla costruzione del magnifico foro traianeo tuttavia l interpretazione di questo notissimo testo non trova d accordo tutti gli studiosi sia per la difficoltà di tradurre i termini mons et locus sia per il fatto che la parte centrale dell ultima riga dell iscrizione fu danneggiata al momento dalla costruzione della cappella di s nicola in columna nell viii sec dc rendendo criptico il suo significato l integrazione della lacuna con tant is oper ibus con così grandi lavori risulta comunque secondo la maggioranza degli epigrafisti la più verosimile la colonna avrebbe avuto quindi un triplice scopo quello di esaltare le imprese imperiali nelle guerre daciche con i suoi fregi quello di ricordare l entità del taglio operato sul monte e non ultimo essere luogo di sepoltura dello stesso imperatore dal momento che le sue ceneri racchiuse in un urna d oro erano collocate in una camera funeraria all interno del basamento oggi la colonna è sormontata dalla statua di san pietro per volere di papa sisto v ma originariamente vedeva sulla sommità la statua dello stesso imperatore datazione  113 dc data fabbricazione  113 dc periodo raccontato  racconta le campagne militari in dacia dell imperatore traiano luogo di rinvenimento  foro traiano luogo di esposizione  foro traiano osservazioni sull ambito di committenza  e stato voluto dall imperatore traiano osservazioni sull ambito di produzione  e stato fatto da un maestro delle imprese definizione del genere  e un iscrizione in onore di traiano  visitatore  ', 1353511437),
(61, 'node', ' colonna traiana s colonna traiana colonna traiana colonna traiana colonna traiana colonna traiana colonna traiana colonna traiana colonna traiana colonna traiana colonna traiana tipologia del materiale  marmo forma del supporto  iscrizione scritta sulla colonna misura  115 x 275 luogo di rinvenimento  foro di traiano luogo di esposizione  foro di traiana reperimento in situ  si stato di conservazione  testi integri datazione  113 dc data fabbricazione  113 dc periodo raccontato  il monumento racconta le campagne militari in dacia dell imperatore traiano caratteristiche della scrittura  carattere lapidario romano tecnina  incisione a scalpello osservazioni sull ambito di committenza  e stato voluto dall imperatore traiano osservazioni sull ambito di produzione  e stato fatto da un maestro delle imprese definizione del genere  e un iscrizione in onore di traiano trascrizione senatus popolusque romanus imp eratori caesari divi f ilius nerva traiano aug usto germ anico dacico pontif ici maximo trib unicia pot estate xvii imp eratori vi co n s uli vi p atri p atriae ad declarandum quantae altitudinis mons et locus tant is oper ibus sit egestus traduzione  il senato ed il popolo romano all imperatore cesare figlio del divo nerva traiano augusto germanico dacico pontefice massimo investito della potestà tribunicia 17 volte acclamato imperatore 6 volte eletto console 6 volte padre della patria per mostrare per quanta altezza il monte e il luogo con così grandi lavori siano stati scavati apparato critico  soprintendenza speciale per i beni archeologici di roma bibliografia   le epigrafi romane di canosa ricognizione delle testimonianze m chelotti 1990 la colonna traiana ssettis 1998 vol i building trajan s column l lancaster american journal of archaelogy vol 103 n 3 la colonna traiana f coarelli 1999  per approfondimenti  http wwwedredrit edrprogrammi rescomplexnewphp do book idnr ed   storico  ', 1353511454),
(62, 'node', ' il cippo di pomerio claudio v cippo di pomerio claudio cippo di pomerio claudio cippo di pomerio claudio cippo di pomerio claudio testo sul lato superiore non leggibile   pomerium  sulla fronte ti berius claudius drusi f ilius caisar aug ustus germanicus pont ifex max imus trib unicia pot estate viiii imp erator xvi co n s ul iiii censor p ater p atriae auctis populi romani finibus pomerium ampliavit terminavitq ue  traduzione sul lato superiore oggi non leggibile   pomerio  sulla fronte  tiberio claudio figlio di druso cesare augusto germanico pontefice massimo investito della 9ª potestà tribunicia acclamato imperatore per la 16ª volta durante il suo 4 consolato censore padre della patria dopo aver accresciuto i confini dell impero ampliò e delimitò il pomerio  commento storicoantiquario si tratta di uno dei cippi che delimitavano il pomerio romano infissi lungo il limite sacro a distanza irregolare secondo le condizioni del terreno con la faccia principale rivolta verso la città sono di solito numerati progressivamente sul lato corto sinistro iniziando a contare dall argine sinistro del tevere a sudovest della città e continuando da ovest ad est in senso antiorario quando troviamo delle indicazioni in piedi romani sul lato corto destro di un cippo esse indicano la distanza da quello successivo il che dimostra che questa distanza non era fissa traccia di questa misurazione si può trovare sul cippo conservato a santa cecilia in trastevere l iscrizione ricorda l ampliamento del pomerio effettuato dall imperatore claudio nel 49 dc ma cosa era di preciso il pomerio la spiegazione risale al tempo di romolo ed all origine di roma il pomerio infatti è il solco tracciato dall aratro con il quale venne fondata la città la terra gettata all interno del limite dal passaggio dell aratro era il muro da qui pomerium da post murum cioè la linea sacra che passava dietro al muro entro questo confine non era consentito esercitare l imperium militiae comando militare da parte dei magistrati fare entrare l esercito eccetto nei casi di trionfo e non vi si potevano seppellire i morti questo limite in origine comprendeva solo il palatino e poi sempre in età monarchica vennero aggiunti il campidoglio il quirinale il viminale ed infine l esquilino muovendosi di pari passo con l ampliamento della città successivamente il pomerio non fu più esteso e l aventino fu escluso dal suo circuito fino a claudio con questo imperatore il pomerio sembra assumere un nuovo significato che costituirà un precedente per la storia successiva fu forse proprio con lui infatti che si iniziò a collegare l ampliamento del limite sacro con l aumento dei confini dello stato rendendolo quasi un simbolo della frontiera in espansione dell impero romano claudio infatti lo allargò in conseguenza della conquista della britannia il cippo fu rinvenuto nei pressi del luogo in cui oggi è conservato forse non lontano dal sito originario un identico significato del pomerio lo troviamo anche nei cippi posti da vespasiano in cui si ripete la formula claudiana auctis populi romani finibus anche per questo un esempio è il cippo di santa cecilia in trastevere  datazione  49 dc data fabbricazione  49 dc periodo raccontato  segna il confine dell impero romano luogo di rinvenimento  tra via dei baschi e vicolo di malpasso luogo di esposizione  via del pellegrino osservazioni sull ambito di committenza  imperatore claudio osservazioni sull ambito di produzione  imperatore claudio definizione del genere  e un iscrizione che delineava il confine dell impero romano  visitatore  ', 1353511508),
(63, 'node', ' il cippo di pomerio claudio s cippo di pomerio claudio cippo di pomerio claudio cippo di pomerio claudio cippo di pomerio claudio tipologia del materiale  marmo forma del supporto  iscrizione scritta sul cippo in travertino misura  115 x 275 luogo di rinvenimento  tra via dei baschi e vicolo di malpasso luogo di esposizione  via del pellegrino reperimento in situ  e stato trovato tra via dei baschi e vicolo di malpassa e ora è in esposizione in via del pellegrino stato di conservazione  testi integri datazione  49 dc data fabbricazione  49 dc periodo raccontato  si tratta di uno dei cippi che delimitavano il pomerio romano tecnina  incisione a scalpello osservazioni sull ambito di committenza  imperatore claudio osservazioni sull ambito di produzione  imperatore claudio definizione del genere  e un iscrizione che delineava il confine romano trascrizione sul lato superiore non leggibile   pomerium  sulla fronte ti berius claudius drusi f ilius caisar aug ustus germanicus pont ifex max imus trib unicia pot estate viiii imp erator xvi co n s ul iiii censor p ater p atriae auctis populi romani finibus pomerium ampliavit terminavitq ue  traduzione sul lato superiore oggi non leggibile   pomerio  sulla fronte  tiberio claudio figlio di druso cesare augusto germanico pontefice massimo investito della 9ª potestà tribunicia acclamato imperatore per la 16ª volta durante il suo 4 consolato censore padre della patria dopo aver accresciuto i confini dell impero ampliò e delimitò il pomerio  bibliografia   il territorio tra la via salaria l aniena il tevere e la via salaria vetus acarandini 2007  per approfondimenti  http wwwedredrit edrprogrammi rescomplexnewphp do book idnr ed   storico  ', 1353515650),
(64, 'node', ' il cippo di pomerio vespasiano v testo sulla fronte  imperator cae sar vespasi anus aug ustus pont ifex max imus trib unicia pot estate vi imp erator xiv p ater p atriae censor co n s ul vi desig natus vii t itus caesar aug ustus f ilius vespasianus imp erator vi pont ifex trib unicia pot estate iv censor co n s ul iv desig natus v auctis p opuli r omani finibus pomerium ampliaverunt terminaveruntq ue  sul lato destro p edes  traduzione sulla fronte  l imperatore cesare vespasiano augusto pontefice massimo investito della 6ª potestà tribunicia acclamato imperatore per la 14ª volta padre della patria censore console per la 6ª volta console designato per la 7ª volta tito cesare augusto figlio di vespasiano acclamato imperatore per la 6ª volta pontefice investito della 4ª potestà tribunicia censore console per la 4ª volta console designato per la 5ª volta dopo aver accresciuto i confini del popolo romano ampliarono i limiti del pomerio sul lato destro  piedi  commento storicoantiquario si tratta di uno dei cippi che delimitavano il pomerio romano infissi lungo il limite sacro a distanza irregolare secondo le condizioni del terreno con la faccia principale rivolta verso la città sono di solito numerati progressivamente sul lato corto sinistro iniziando a contare dall argine sinistro del tevere a sudovest della città e continuando da ovest ad est in senso antiorario quando troviamo delle indicazioni in piedi romani sul lato corto destro di un cippo esse indicano la distanza da quello successivo il che dimostra che questa distanza non era fissa sul lato destro del nostro cippo è rimasta una p per pedes ma non la misura l iscrizione ricorda l ampliamento del pomerio effettuato dall imperatore vespasiano e da suo figlio tito nel 75 dc ma cosa era di preciso il pomerio la spiegazione risale al tempo di romolo ed all origine di roma il pomerio infatti è il solco tracciato dall aratro con il quale venne fondata la città la terra gettata all interno del limite dal passaggio dell aratro era il muro da qui pomerium da post murum cioè la linea sacra che passava dietro al muro entro questo confine non era consentito esercitare l imperium militiae comando militare da parte dei magistrati fare entrare l esercito eccetto nei casi di trionfo e non vi si potevano seppellire i morti questo limite in origine comprendeva solo il palatino e poi sempre in età monarchica vennero aggiunti il campidoglio il quirinale il viminale ed infine l esquilino muovendosi di pari passo con l ampliamento della città successivamente il pomerio non fu più esteso e l aventino fu escluso dal suo circuito fino a claudio uno dei cippi di claudio è affisso a via del pellegrino 175 la linea del pomerio vespasianeo sembra seguire in gran parte quella di claudio e rispetto a quest ultimo si estese nell area transtiberina come attesta questo cippo scoperto durante gli scavi della fine dell 800 eseguiti al di sotto della basilica di santa cecilia vespasiano ampliò il limite sacro dopo le campagne vittoriose in britannia nella commagene ed in renania dopo aver creato cioè le condizioni necessarie sull esempio dell imperatore claudio che motivò il suo ampliamento come conseguenza dell estensione dell impero  datazione  precedente il 75 dc data fabbricazione  precedente il 75 dc periodo raccontato  segna il confine dell impero romano luogo di rinvenimento  vicino alla chiesa di s cecilia in trastevere luogo di esposizione  vicino alla chiesa di s cecilia in trastevere osservazioni sull ambito di committenza  imperatore vespasiano osservazioni sull ambito di produzione  imperatore vespasiano definizione del genere  e un iscrizione che delineava il confine dell impero romano  visitatore  ', 1353511581),
(65, 'node', ' il cippo di pomerio vespasiano s tipologia del materiale  marmo forma del supporto  iscrizione scritta sul cippo in travertino misura  115 x 275 luogo di rinvenimento  vicino alla chiesa di s cecilia in trastevere luogo di esposizione  vicino alla chiesa di s cecilia in trastevere reperimento in situ  si stato di conservazione  testi integri datazione  precedente il 75 dc data fabbricazione  precedente il 75 dc periodo raccontato  si tratta di uno dei cippi che delimitavano il pomerio romano tecnina  incisione a scalpello osservazioni sull ambito di committenza  imperatore vespasiano osservazioni sull ambito di produzione  imperatore vespasiano definizione del genere  e un iscrizione che delineava il confine romano trascrizione sulla fronte  imperator cae sar vespasi anus aug ustus pont ifex max imus trib unicia pot estate vi imp erator xiv p ater p atriae censor co n s ul vi desig natus vii t itus caesar aug ustus f ilius vespasianus imp erator vi pont ifex trib unicia pot estate iv censor co n s ul iv desig natus v auctis p opuli r omani finibus pomerium ampliaverunt terminaveruntq ue  sul lato destro p edes  traduzione  l imperatore cesare vespasiano augusto pontefice massimo investito della 6ª potestà tribunicia acclamato imperatore per la 14ª volta padre della patria censore console per la 6ª volta console designato per la 7ª volta tito cesare augusto figlio di vespasiano acclamato imperatore per la 6ª volta pontefice investito della 4ª potestà tribunicia censore console per la 4ª volta console designato per la 5ª volta dopo aver accresciuto i confini del popolo romano ampliarono i limiti del pomerio sul lato destro  piedi  bibliografia   f coarelli divus vespasianus il bimillenario dei flavi catalogo della mostra milano 2009 p nelli l imperatore dalle umili origini titus flavius vespasianus roma 2010 per approfondimenti  http wwwedredrit edrprogrammi rescomplexnewphp do book idnr ed   storico  ', 1353511589),
(66, 'node', ' l arco degli argentari s arco degli argentari arco degli argentari arco degli argentari arco degli argentari tipologia del materiale  marmo forma del supporto  iscrizione sull arco misura  115 x 275 luogo di rinvenimento  via del velabro presso la chiesa di s giorgio al velabro luogo di esposizione  via del velabro presso la chiesa di s giorgio al velabro reperimento in situ  si stato di conservazione  testi integri datazione  212 dc data fabbricazione  212 ac periodo raccontato  tecnina  incisione a scalpello definizione del genere  e un iscrizione commemorativa trascrizione prima del 212 dc imp eratori caes ari l ucio septimio severo pio pertinaci augusto arabic o adiabenic o part hico max imo fortissimo felicissimo pontifi ici max imo trib unicia potest ate xii imp eratori xi co n s uli iii patri patriae et imp eratori caes ari m arco aurelio antonino pio felici aug usto trib unicia potest ate vii co n s uli et p ublio septimio getae nobilissimo caes ari et iuliae aug ustae matri aug usti et castrorum et fulviae plautillae aug ustae imp eratoris caes aris m arci aureli antonini pii felicis aug usti uxori filiae c ai fulvi plautiani c larissimi v iri p ontifici nobilissimi pr efecti pr aetori co n s uli ii necessari et comitis aug ustorum argentari et negotiantes boari huius loci devoti numini eorum dopo il 212 dc imp eratori caes ari l ucio septimio severo pio pertinaci augusto arabic o adiabenic o part hico max imo fortissimo felicissimo pontifi ici max imo trib unicia potest ate xii imp eratori xi co n s uli iii patri patriae et imp eratori caes ari m arco aurelio antonino pio felici aug usto trib unicia potest ate vii co n s uli felicissimoque principi et iuliae aug ustae matri aug usti et castrorum et patriae et imp eratoris caes aris m arci aureli antonini pii felicis aug usti argentari et negotiantes boari huius devoti numini eorum traduzione prima del 212 dc  all imperatore cesare lucio settimio severo pio pertinace augusto arabico partico massimo fortissimo felicissimo pontefice massimo insignito della 12ª potestà tribunicia acclamato imperatore per la 11ª volta console per la 3ª volta padre della patria e all imperatore cesare marco aurelio antonino pio felice augusto insignito della 8ª potestà tribunicia console per la 3ª volta padre della patria proconsole principe fortissimo e felicissimo e a giulia augusta madre del nostro imperatore e degli accampamenti e del senato e della patria e dell imperatore cesare marco aurelio antonino pio felice augusto partico massimo britannico massimo gli argentari ed i commercianti di carne di questo luogo che verseranno la quota devoti ai loro numi  dopo il 212 dc  all imperatore cesare lucio settimio severo pio pertinace augusto arabico partico massimo fortissimo felicissimo pontefice massimo insignito della 12ª potestà tribunicia acclamato imperatore per la 11ª volta console e a publio settimio geta nobilissimo cesare e all imperatore cesare marco aurelio antonino pio felice augusto insignito della 7ª potestà tribunicia console per la 3ª volta padre della patria proconsole principe fortissimo e felicissimo e a giulia augusta madre del nostro imperatore e degli accampamenti e a fulvia plautilla moglie dell imperatore cesare marco aurelio antonino pio felice augusto e figlia di gaio fulvio plauziano di rango senatorio pontefice nobilissimo prefetto del pretorio console per la 2ª volta parente e funzionario di corte degli imperatori gli argentari ed i commercianti di carne di questo luogo che verseranno la quota devoti ai loro numi  bibliografia   l arco degli argentari mpallattino danesi 1946 epigrafia umanistica a roma dgionta messina 2005 les opera publica à rome a daguetgagey paris 1997 iscrizioni funerarie romane ls mazzolani milano 1991  per approfondimenti  http wwwedredrit edrprogrammi rescomplexnewphp do book idnr ed   storico  ', 1353515397),
(67, 'node', ' l arco degli argentari v arco degli argentari arco degli argentari arco degli argentari arco degli argentari testo prima del 212 dc imp eratori caes ari l ucio septimio severo pio pertinaci augusto arabic o adiabenic o part hico max imo fortissimo felicissimo pontifi ici max imo trib unicia potest ate xii imp eratori xi co n s uli iii patri patriae et imp eratori caes ari m arco aurelio antonino pio felici aug usto trib unicia potest ate vii co n s uli et p ublio septimio getae nobilissimo caes ari et iuliae aug ustae matri aug usti et castrorum et fulviae plautillae aug ustae imp eratoris caes aris m arci aureli antonini pii felicis aug usti uxori filiae c ai fulvi plautiani c larissimi v iri p ontifici nobilissimi pr efecti pr aetori co n s uli ii necessari et comitis aug ustorum argentari et negotiantes boari huius loci devoti numini eorum dopo il 212 dc imp eratori caes ari l ucio septimio severo pio pertinaci augusto arabic o adiabenic o part hico max imo fortissimo felicissimo pontifi ici max imo trib unicia potest ate xii imp eratori xi co n s uli iii patri patriae et imp eratori caes ari m arco aurelio antonino pio felici aug usto trib unicia potest ate vii co n s uli felicissimoque principi et iuliae aug ustae matri aug usti et castrorum et patriae et imp eratoris caes aris m arci aureli antonini pii felicis aug usti argentari et negotiantes boari huius devoti numini eorum traduzione prima del 212 dc  all imperatore cesare lucio settimio severo pio pertinace augusto arabico partico massimo fortissimo felicissimo pontefice massimo insignito della 12ª potestà tribunicia acclamato imperatore per la 11ª volta console per la 3ª volta padre della patria e all imperatore cesare marco aurelio antonino pio felice augusto insignito della 8ª potestà tribunicia console per la 3ª volta padre della patria proconsole principe fortissimo e felicissimo e a giulia augusta madre del nostro imperatore e degli accampamenti e del senato e della patria e dell imperatore cesare marco aurelio antonino pio felice augusto partico massimo britannico massimo gli argentari ed i commercianti di carne di questo luogo che verseranno la quota devoti ai loro numi  dopo il 212 dc  all imperatore cesare lucio settimio severo pio pertinace augusto arabico partico massimo fortissimo felicissimo pontefice massimo insignito della 12ª potestà tribunicia acclamato imperatore per la 11ª volta console e a publio settimio geta nobilissimo cesare e all imperatore cesare marco aurelio antonino pio felice augusto insignito della 7ª potestà tribunicia console per la 3ª volta padre della patria proconsole principe fortissimo e felicissimo e a giulia augusta madre del nostro imperatore e degli accampamenti e a fulvia plautilla moglie dell imperatore cesare marco aurelio antonino pio felice augusto e figlia di gaio fulvio plauziano di rango senatorio pontefice nobilissimo prefetto del pretorio console per la 2ª volta parente e funzionario di corte degli imperatori gli argentari ed i commercianti di carne di questo luogo che verseranno la quota devoti ai loro numi  commento storicoantiquario l arco costituiva l ingresso monumentale al foro boario l iscrizione dedicatoria è scritta per gran parte in litura ovvero su parti di testo precedentemente erase il titulus originario 2034 in onore di settimio severo caracalla geta giulia domna plautilla e fulvio plauziano vide redazioni successive rese necessarie dalle vicende turbolente della casa imperiale che portarono alla damnatio memoriae cancellazione di ogni ricordo di alcuni membri della famiglia nel 205 cadde in disgrazia presso la famiglia imperiale la potente figura del prefetto del pretorio plauziano e nel 211 sua figlia plautilla moglie di caracalla venne assassinata dopo un periodo di esilio alla lipari per tali ragioni dall iscrizione originaria vennero tempestivamente cancellati i nomi di questi due personaggi inserendo l espressione senatus et patriae al posto del nome di plautilla alla riga 4 e parthici massimi britannici massimi al posto di quello di plauziano alla riga 5 nel 212 poi all indomani della morte di settimio severo venne ucciso geta dal fratello caracalla a lui d intralcio nell esercizio del potere assoluto e così anche il suo nome venne eraso e sostituito con iii p ater p atriae proco n s ules fortissimo felicissimoque principi alla riga 3 ovvero con ulteriori titoli onorifici per l imperatore caracalla l arco è stato dedicato dagli argentari i cambiavalute e dai commercianti di carne due collegia che avevano la loro sede nello stesso luogo il foro boario ed erano legati da interessi riguardanti operazioni di prestito trasferimento crediti etc destinate a facilitare il grandioso mercato urbano del bestiame il motivo per cui innalzarono l arco ai severi risiede forse nella volontà di ringraziare gli imperatori per la concessione di una qualche immunità conseguente ai servizi prestati all annona approvvigionamento di roma nell ambito dell importazione della carne una questione problematica è quella relativa all aggiunta alla riga 6 di qui invehent dopo hius loci l espressione infatti risulta particolarmente complessa da tradurre dal momento che il verbo inveho può avere un duplice significato quello di importare ma anche quello di pagare versare altro problema riesiede nel fatto che il tempo è il futuro e che non è chiaro se si riferisca solo ai commercianti o anche ai banchieri inoltre perché si decise di aggiungere questa espressione non si è ancora in grado di trovare una soluzione a queste questioni una delle ipotesi più probabili è che si debba tradurre il verbo con versare la quota volendo intendere che solo i membri di questi collegi che saranno disposti a pagare la quota per la realizzazione del monumento sono i responsabili della dedica va inoltre ricordato che il foro boario fu uno di quei quartieri di roma interessati dai lavori di ristrutturazione e abbellimento voluti dai severi in occasione della celebrazione dei ludi saeculares del 204 e dei quali ci da testimonianza anche l iscrizione della porticus octaviae nel quartiere ebraico datazione di ritrovamento  204 dc data fabbricazione  204 dc periodo raccontato  luogo di rinvenimento  via del velabro presso la chiesa di s giorgio al velabro luogo di esposizione  via del velabro presso la chiesa di s giorgio al velabro definizione del genere  e un iscrizione commemorativa  visitatore  ', 1353515399),
(68, 'node', ' obelisco di piazza montecitorio s obelisco di piazza montecitorio obelisco di piazza montecitorio obelisco di piazza montecitorio obelisco di piazza montecitorio obelisco di piazza montecitorio obelisco di piazza montecitorio obelisco di piazza montecitorio obelisco di piazza montecitorio obelisco di piazza montecitorio obelisco di piazza montecitorio obelisco di piazza montecitorio obelisco di piazza montecitorio obelisco di piazza montecitorio obelisco di piazza montecitorio tipologia del materiale  pietra forma del supporto  piedistallo misura  occupa i due lati del basamento circa 10 metri luogo di rinvenimento  tra via di campo marzio e via di lucina presso s lorenzo luogo di esposizione  piazza montecitorio reperimento in situ  no stato di conservazione  testi integri datazione  10 dc data fabbricazione  595599 ac periodo raccontato  racconta dell imperatore cesare augusto che ha dedicato questo monumento al sole dopo aver sottomesso il popolo egizio tecnina  incisione a scalpello osservazioni sull ambito di committenza  e stato voluto dal faraone psammetico ii e collocato nella città di eliopoli osservazioni sull ambito di produzione  e stato voluto dal faraone psammetico ii e collocato nella città di eliopoli definizione del genere  e un iscrizione commemorativa trascrizione sul lato meridionale  imp erator caesar dìvì f il ius augustus pontifex maximu s aeguptó in potestátem populì rómánì redáctá sólì dónum dedit sul lato settentrionale  imp erator caesar dìvì fil ius augustus pontifex maximus imp erator xii co n sul xi trib unicia pot estate xiv aeguptó in potestát em populì rómánì redac ta sólì dónum dedit traduzione  l imperatore cesare figlio del divo augusto pontefice massimo acclamato imperatore per la 12ª volta console per la 11ª volta investito della potestà tribunicia per la 14ª volta posto l egitto sotto il dominio di roma diede in dono al sole  bibliografia   latin historical inscriptions illustrating the history of the early empire gm rushforth londra 1930 the egyptian and egyptianizing monuments of imperial rome a roullet leiden 1972 inscriptiones latinae kp almar odense 1990 per approfondimenti  http wwwedredrit edrprogrammi rescomplexnewphp do book idnr ed   storico  ', 1353511890);
INSERT INTO `search_dataset` (`sid`, `type`, `data`, `reindex`) VALUES
(69, 'node', ' obelisco di piazza montecitorio v obelisco di piazza montecitorio obelisco di piazza montecitorio obelisco di piazza montecitorio obelisco di piazza montecitorio obelisco di piazza montecitorio obelisco di piazza montecitorio obelisco di piazza montecitorio obelisco di piazza montecitorio obelisco di piazza montecitorio obelisco di piazza montecitorio obelisco di piazza montecitorio obelisco di piazza montecitorio obelisco di piazza montecitorio obelisco di piazza montecitorio testo sul lato meridionale  imp erator caesar dìvì f il ius augustus pontifex maximu s aeguptó in potestátem populì rómánì redáctá sólì dónum dedit sul lato settentrionale  imp erator caesar dìvì fil ius augustus pontifex maximus imp erator xii co n sul xi trib unicia pot estate xiv aeguptó in potestát em populì rómánì redac ta sólì dónum dedit traduzione  l imperatore cesare figlio del divo augusto pontefice massimo acclamato imperatore per la 12ª volta console per la 11ª volta investito della potestà tribunicia per la 14ª volta posto l egitto sotto il dominio di roma diede in dono al sole  commento storicoantiquario nel 10 ac augusto portò a roma un secondo obelisco oltre a quello oggi a piazza del popolo da heliopolis dove era stato eretto dal faraone psammetico ii nel vii sec ac egli lo usò come gnomone di un gigantesco orologio solare costituito nel campo marzio come una piazza di circa 160 x 75 m di lato a forma di trapezio la piazza era lastricata con blocchi di marmo bianco e su di essa erano segnati in bronzo i raggi che indicavano le ore le stagioni i segni dello zodiaco e gli anni come ci racconta attentamente plinio il vecchio naturalis historia 36 7273 ma l orologio solare in cui si tradusse la riforma del calendario operata da augusto e successiva a quella di cesare del 46 ac non era solo un prodigio tecnologico eretto in relazione all ara pacis che sorgeva ad est della piazza e non dove si trova oggi e regolato sul giorno natale di augusto il 23 settembre giorno in cui l ara veniva colpita dall ombra dell obelisco coincidente con l equinozio autunnale voleva rappresentare l ordine cosmico raggiunto dalla nuova età dell oro instaurata dall imperatore l obelisco fu definitivamente riportato alla luce dopo anni di scavi nel 1748 e posto nell attuale posizione da pio vi nel 1792 l iscrizione riportata sui due lati è identica a quella dell obelisco di piazza del popolo si tratta di una dedica al sole divinità autoctona diversa dall helios greco ma ad esso affine e dal ra egizio per il quale originariamente l obelisco fu eretto  datazione  10 dc data fabbricazione  595599 ac luogo di rinvenimento  tra via di campo marzio e via di lucina presso s lorenzo luogo di esposizione  piazza montecitorio periodo raccontato  racconta dell imperatore cesare augusto che ha dedicato questo monumento al sole dopo aver sottomesso il popolo egizio osservazioni sull ambito di committenza  e stato fatto sotto l epoca del faraone psammetico ii osservazioni sull ambito di produzione  e stato fatto sotto l epoca del faraone psammetico ii e collocato nel tempio del sole di eliopoli definizione del genere  e un epigrafe commemorativa  visitatore  ', 1353511884),
(70, 'node', ' il ponte fabricio s ponte fabricio ponte fabricio ponte fabricio ponte fabricio ponte fabricio ponte fabricio ponte fabricio ponte fabricio tipologia del materiale  marmo forma del supporto  iscrizione scritta sul ponte misura  occupa le facciate di travertino luogo di rinvenimento  sponda sinistra del tevere luogo di esposizione  sponda sinistra del tevere reperimento in situ  si stato di conservazione  testi integri datazione  62 ac data fabbricazione  62 ac periodo raccontato  collega l isola tiberina alla terraferma tecnina  incisione a scalpello osservazioni sull ambito di committenza  e stato voluto dal curatore delle strade l fabricio osservazioni sull ambito di produzione  e stato fatto dal curatore delle strade l fabricio definizione del genere  e un iscrizione in onore di fabricio trascrizione sull arco di sinistra a monte  a l ucius fabricius c aii f ilius cur ator viar um faciundum coeravit d q uintus lepidus m anii f ilius m arcus lollius m arci f ilius co n s ules vac ex s enatus c onsulto probaverun sull arco di piena a monte  b idemque probavit sull arco di destra a monte c l ucius fabricius c aii f ilius cur ator viar um faciundum coeravit sull arco di destra a valle  e l ucius fabricius c aii f ilius cur ator viar um faciundum coeravit sull arco di piena a valle  f eidemque probaveit sull arco di sinistra a valle  g l ucius fabricius c aii f ilius cur ator viar um faciundum coeravit h m arcus lollius m arci f ilius q uintus lep idus m anii f ilius c o n ules ex s enatus c onsulto probaverunt traduzione  lucio fabricio addetto alla manutenzione delle strade lo costruì lui stesso lo collaudò i consoli marco lollio e quinto lepido per decisione del senato lo fecero restaurare  apparato critico  soprintendenza speciale per i beni archeologici di roma bibliografia   c calci roma archeologica adnkronos libri roma 2005 am ramieri i ponti di roma colombo 2003 per approfondimenti  http wwwedredrit edrprogrammi rescomplexnewphp do book idnr ed   visitatore  ', 1353511652),
(71, 'node', ' il ponte fabricio v ponte fabricio ponte fabricio ponte fabricio ponte fabricio ponte fabricio ponte fabricio ponte fabricio ponte fabricio testo sull arco di sinistra a monte  a l ucius fabricius c aii f ilius cur ator viar um faciundum coeravit d q uintus lepidus m anii f ilius m arcus lollius m arci f ilius co n s ules vac ex s enatus c onsulto probaverun sull arco di piena a monte  b idemque probavit sull arco di destra a monte c l ucius fabricius c aii f ilius cur ator viar um faciundum coeravit sull arco di destra a valle  e l ucius fabricius c aii f ilius cur ator viar um faciundum coeravit sull arco di piena a valle  f eidemque probaveit sull arco di sinistra a valle  g l ucius fabricius c aii f ilius cur ator viar um faciundum coeravit h m arcus lollius m arci f ilius q uintus lep idus m anii f ilius c o n ules ex s enatus c onsulto probaverunt traduzione  lucio fabricio addetto alla manutenzione delle strade lo costruì lui stesso lo collaudò i consoli marco lollio e quinto lepido per decisione del senato lo fecero restaurare  commento storicoantiquario il ponte fabricio verosimilmente sostituiva un precedente ponte ligneo il nucleo interno della muratura è in tufo e peperino mentre l esterno è come si usava durante la bassa repubblica in travertino la parte superiore rifatta in mattoni è più tarda e va attribuita al ii sec dc infine la balaustrata originale era di bronzo innestata fra i pilastrini in forma di erme quadricipiti che gli hanno dato il nome di ponte dei quattro capi l iscrizione ripetuta quattro volte a c e g due su un lato e due sull altro è quella più antica insieme a quelle degli archi di piena b f risalente al 62 ac mentre l iscrizione più recente del 21 ac è quella ripetuta solo due volte una per lato d h il titolare dell iscrizione più antica è lucio fabricio costruttore del ponte egli svolse l incarico in quanto curator viarum curatela ricoperta da senatori congiuntamente ad altre cariche oppure nell intervallo tra le medesime con lo scopo di sovraintendere ai lavori inerenti la viabilità sia urbana che extraurbana osservando attentamente l iscrizione si può notare come il rifacimento operato dai due consoli ha previsto la sostituzione di alcuni conci di travertino del rivestimento esterno delle arcate se a questa osservazione aggiungiamo il fatto che le iscrizioni relative al restauro si trovino non su tutte le arcate ma solo sugli archi più vicini alla sponda del tevere dobbiamo pensare che non fu proprio una ricostruzione quanto piuttosto una riparazione dei danni causati dai detriti trasportati dalle piene degli anni 23 e del 22 ac spinti violentemente a causa della forma del letto fluviale e dalla presenza dell isola tiberina sul lato a monte del ponte in corrispondenza degli archi di piena proprio in questi punti non a caso erano già stati presi degli accorgimenti strutturali come le centine esterne delle volte a monte che si allargano verso il pilone centrale il cui bordo in travertino è antico solo per la parte inferiore datazione  62 ac data fabbricazione  62 ac periodo raccontato  collega l isola tiberina alla terra ferma luogo di rinvenimento  sponda sinistra del tevere luogo di esposizione  sponda sinistra del tevere osservazioni sull ambito di committenza  e stato voluto dal curatore delle strade l fabricio osservazioni sull ambito di produzione  e stato fatto dal curatore delle strade l fabricio definizione del genere  e un iscrizione dove conferma che questo ponte è stato fatto da fabricio  storico  ', 1353511646),
(72, 'node', ' pantheon v pantheon pantheon pantheon pantheon pantheon pantheon pantheon pantheon testo m arcus agrippa l uci f ilius co n s ul tertium fecit imp erator caes ar l ucius septimius pius pertinax aug ustus arabicus adia p ater p atriae proco n s ul et co n s ul proco n s ul pantheum vetustate corruptum cum omni cultu restituerunt traduzione  marco agrippa figlio di lucio console per la terza volta fece l imperatore cesare lucio settimio pio pertinace augusto arabico adiabenico partico massimo pontefice massimo investito della potestà tribunicia 10 volte acclamato imperatore per l 11ª volta console per la 3ª volta padre della patria proconsole insieme all imperatore cesare marco aurelio antonino pio felice augusto investito della potestà tribunicia 5 volte console e proconsole restaurarono il pantheon dedicato al culto di tutti gli dei danneggiato dal tempo  commento storicoantiquario l iscrizione del pantheon relativa ad agrippa è in lettere di oricalco lega di rame zinco e stagno le quali furono innestate nel 1881 sul solco lasciato dalle originali in bronzo andate perdute si tratta di una delle iscrizioni più famose e più viste di roma questo sia per la sua imponenza si tratta dell epigrafe più grande della città sia per le discussioni che animano gli studiosi ancora oggi relativamente alla sua storia e a quella del monumento cui appartiene la costruzione del tempio fu iniziata da agrippa nel 27 ac durante il suo 3 consolato nell ambito del grandioso programma edilizio di augusto in campo marzio dove secondo la tradizione era avvenuta la scomparsa di romolo e la sua trasformazione in quirino cassio dione sosteneva che il nome pantheon potesse derivare sia dal fatto che conteneva al suo interno le statue di molte divinità sia dalla sua cupola la cui forma richiamava la volta celeste e quindi le divinità planetarie lo storico afferma che l intenzione di agrippa fosse stata quella di creare un luogo di culto dinastico dedicato agli dei protettori della gens iulia marte e venere a seguito di un incendio divampato nell 80 dc fu restaurato da domiziano tra il 125 ed il 128 sotto l imperatore adriano il pantheon venne ricostruito sulle fondamenta del più antico tempio di agrippa rispettandone tuttavia l impianto essenziale l opinione della maggior parte degli studiosi è che adriano fece copiare sull architrave della nuova struttura l iscrizione del pantheon originale senza voler aggiungere il suo nome secondo un altra ipotesi tuttavia difficilmente verificabile il monumento più antico non aveva nessuna iscrizione o comunque essa non si era conservata fino ad adriano che scelse di indicare il 3 consolato di agrippa una delle cariche più illustri che un cittadino potesse ricoprire non per ricordare quindi una data originaria ma perché fosse di esempio e stimolo per i suoi contemporanei una seconda iscrizione in caratteri minori e priva di lettere metalliche ma incisa a scalpello corre sulla fascia sottostante l architrave ed è relativa ai restauri eseguiti sotto settimio severo e caracalla nel 203 dc non è ad oggi ancora chiara la natura di questi interventi si pensa che siano stati relativi all apparato decorativo dell edificio molto probabilmente questo restauro rientrò nel programma dei lavori di abbellimento della città in previsione dei ludi saeculares del 204 dc che coinvolsero monumenti tra i quali anche il portico d ottavia come potrai notare andando a leggere l iscrizione sull architrave dei suoi monumentali propilei nel 608 l imperatore foca donò il pantheon a papa bonifacio viii che lo trasformò nella chiesa di santa maria ad martyres  datazione  125 dc data fabbricazione  118 dc luogo di rinvenimento  piazza della rotonda luogo di esposizione  piazza della rotonda periodo raccontato  e un edificio di roma antica che è stato costruito come tempio dedicato alle divinità dell olimpo all inizio del vii secolo fu convertito in basilica cristiana osservazioni sull ambito di committenza  fu l imperatore marco agrippa a volerlo far costruire osservazioni sull ambito di produzione  fu l imperatore marco agrippa a volerlo far costruire definizione del genere  e un iscrizione sull edificio  visitatore  ', 1353512056),
(73, 'node', ' pantheon s pantheon pantheon pantheon pantheon pantheon pantheon pantheon pantheon tipologia del materiale  marmo forma del supporto  edificio misura  l epigrafe si può leggere sul fregio della facciata luogo di rinvenimento  piazza della rotonda luogo di esposizione  piazza della rotonda reperimento in situ  si stato di conservazione  testi integri datazione  125 dc data fabbricazione  118 d c periodo raccontato  e un edificio di roma antica che è stato costruito come tempio dedicato alle divinità dell olimpo all inizio del vii secolo fu convertito in basilica cristiana tecnina  lettere metalliche applicate osservazioni sull ambito di committenza  fu l imperatore marco agrippa a volerlo far costruire osservazioni sull ambito di produzione  fu l imperatore marco agrippa a volerlo far costruire definizione del genere  e un epigrafe apposta su edificio trascrizione m arcus agrippa l uci f ilius co n s ul tertium fecit imp erator caes ar l ucius septimius pius pertinax aug ustus arabicus adia p ater p atriae proco n s ul et co n s ul proco n s ul pantheum vetustate corruptum cum omni cultu restituerunt traduzione  marco agrippa figlio di lucio console per la terza volta fece l imperatore cesare lucio settimio pio pertinace augusto arabico adiabenico partico massimo pontefice massimo investito della potestà tribunicia 10 volte acclamato imperatore per l 11ª volta console per la 3ª volta padre della patria proconsole insieme all imperatore cesare marco aurelio antonino pio felice augusto investito della potestà tribunicia 5 volte console e proconsole restaurarono il pantheon dedicato al culto di tutti gli dei danneggiato dal tempo  apparato critico  soprintendenza per i beni architettonici e paesaggistici per il comune di roma bibliografia   epigrafia umanistica a roma dgionta messina 2005 les opera publica a roma a daguetgagey paris 1996 roma chiesa conventi chiostriprogetti per un inventario flombardi roma 1993 per approfondimenti  http wwwedredrit edrprogrammi rescomplexnewphp do book idnr ed   storico  ', 1353512062),
(74, 'node', ' il sepolcro di eurisace v il sepolcro di eurisace il sepolcro di eurisace il sepolcro di eurisace il sepolcro di eurisace il sepolcro di eurisace testo sul lato superiore non leggibile  sul lato n  est hoc monime ntum marcei vergilei eurysacis pistoris redemptoris apparet sul lato w est hoc monimentum margei vergilei eurysacis pistoris redemptoris apparet sul lato s est hoc monimentum marci vergili eurysac is  traduzione versione del testo 1   questo monumento è come si vede di marco virgilio eurisace fornaio e appaltatore  versione del testo 2   questo monumento è di marco virgilio eurisace  commento storicoantiquario le tre iscrizioni sostanzialmente uguali corrono lungo la fascia di separazione tra i corpi superiore ed inferiore dei tre lati a noi rimasti di questo stravagante sepolcro marco virgilio eurisace che come si evince dal cognome di origine greca e dalla sua professione era verosimilmente un liberto svolgeva l attività di fornaio pistor e di appaltatore delle forniture di pane allo stato redemptor grazie alla sua attività imprenditoriale aveva raggiunto un elevata condizione economica tale da permettergli la costruzione di questa singolare sepoltura che con la sua forma ed il suo apparato decorativo vuole esprimere l orgoglio di chi attraverso la sua professione ha raggiunto traguardi importanti al di sopra dell iscrizione in cui molto semplicemente eurisace dichiara di possedere questo monumento si trova la raffigurazione dei recipienti cilindrici per l impastatura ed un fregio in cui si susseguono le fasi della panificazione il linguaggio utilizzato è ricco di arcaismi che tuttavia non costituiscono una prova per sostenere una datazione più antica del monumento il loro utilizzo infatti era molto diffuso ancora in età imperiale secondo alcuni studiosi le tre iscrizioni sarebbero state composte in versi più esattamente in saturni ma la complessità della struttura del saturnio e la difficoltà nel rintracciala in questo testo fa ritenere più probabile che le epigrafi siano scritte in semplice prosa nonostante gli sforzi compiuti dal nostro personaggio per non essere dimenticato il sepolcro di eurisace fu travolto da varie vicissitudini costruito alla fine dell età repubblicana all angolo tra la via labicana e la via prenestina subì un primo torto dall imperatore claudio che proprio in quel punto fece passare il suo acquedotto coprendo ai passanti la visuale del lato est nel iii secolo venne inglobato all interno di una delle torri semicircolari della cinta muraria di aureliano fortificata ulteriormente dall imperatore onorio sparendo completamente alla vista e cadendo nell oblio fino agli scavi compiuti nel 183738 a questo monumento appartenevano anche la lastra sepolcrale di atistia moglie di eurisace la cui dedica fu da lui stesso dettata oggi conservata al museo nazionale romano ed una stele con la raffigurazione dei due coniugi esposta ai musei capitolini datazione di ritrovamente  1838 data fabbricazione  3020 ac periodo raccontato  e una lapide in memoria di un fornaio luogo di rinvenimento  piazza di porta maggiore luogo di esposizione  piazza di porta maggiore osservazioni sull ambito di committenza  marco virgilio eurisace osservazioni sull ambito di produzione  marco virgilio eurisace definizione del genere  e un iscrizione sepolcrale  visitatore  ', 1353511709),
(75, 'node', ' il sepolcro di eurisace s il sepolcro di eurisace il sepolcro di eurisace il sepolcro di eurisace il sepolcro di eurisace il sepolcro di eurisace tipologia del materiale  marmo forma del supporto  iscrizione su un edificio sepolcrale luogo di rinvenimento  piazza di porta maggiore luogo di esposizione  piazza di porta maggiore reperimento in situ  si stato di conservazione  testi integri datazione di ritrovamento  1838 data fabbricazione  3020 ac periodo raccontato  e una lapide in memoria di un fornaio caratteristiche della scrittura  carattere lapidario romano tecnina  incisione a scalpello osservazioni sull ambito di committenza  marco virgilio eurisace osservazioni sull ambito di produzione  marco virgilio eurisace definizione del genere  e un iscrizione funebre trascrizione sul lato n  est hoc monime ntum marcei vergilei eurysacis pistoris redemptoris apparet sul lato w est hoc monimentum margei vergilei eurysacis pistoris redemptoris apparet sul lato s est hoc monimentum marci vergili eurysac is  traduzione versione del testo 1   questo monumento è come si vede di marco virgilio eurisace fornaio e appaltatore  versione del testo 2   questo monumento è di marco virgilio eurisace  bibliografia   il sepolcro del fornaio marco virgilio eurisace a porta maggiore crossetto roma 1973 per approfondimenti  http wwwedredrit edrprogrammi rescomplexnewphp do book idnr ed   storico  ', 1353511715),
(76, 'node', ' porta maggiore v porta maggiore porta maggiore porta maggiore porta maggiore testo 5253 dc ti berius claudius drusi f ilius caisar augustus germanicus pontif ex maxim us tribunicia potestate xii co n sul v imperator xxvii pater patriae aquas claudiam ex fontibus qui vocabantur caeruleus et curtius a milliario xxxxv item anienem novam a milliario lxii sua impensa in urbem perducendas curavit 71 dc imp erator caesar vespasianus august us pontif ex max imus trib unicia pot estate ii imp erator vi co n s ul iii desig natus iiii p ater p atriae aquas curtiam et caeruleam perductas a divo claudio et postea intermissas dilapsaque per annos novem sua impensa urbi restituit 8081 dc imp erator t itus caesar divi f ilius vespasianus augustus pontifex maxi mus tribunic ia potestate x imperator xvii pater patriae censor co n s ul viii aquas curtiam et caeruleam perductas a divo claudio et postea a divo vespasiano patre suo urbi restitutas cum a capite aquarum a solo vetu state dilapsae essent nova forma reducendas sua impensa curavit traduzione 5253 dc  tiberio claudio figlio di druso cesare augusto germanico pontefice massimo insignito della 12ª potestà tribunicia console per la 5ª volta acclamato imperatore 27 volte padre della patria si occupò a sue spese della conduzione in città dell acqua claudia dalle fonti chiamate cerulea e curzia al 45 miglio e dell aniene nuovo al 62 miglio  71 dc  l imperatore cesare vespasiano augusto pontefice massimo insignito della 2ª potestà tribunicia acclamato imperatore 6 volte console per la 3ª volta console designato per la 4ª volta padre della patria restituì a sua spese alla città le acque curzia e cerulea condotte in città dal divo claudio ed in seguito interrotte e disperse per nove anni  8081 dc  l imperatore tito cesare figlio del divo vespasiano augusto pontefice massimo insignito della 10ª potestà tribunicia acclamato imperatore 17 volte padre della patria censore console per l 8ª volta curò a sue spese la restituzione ad una nuova forma delle acque curzia e cerulea introdotte dal divo claudio ed in seguito restituite alla città dal divo vespasiano suo padre essendo crollate fin dalla fonte e fin dalle fondamenta per l incuria del tempo  commento storicoantiquario l imperatore claudio nel 52 dc monumentalizzò le arcate del suo acquedotto che oltrepassavano le vie praenestina e labicana successivamente queste arcate furono inserite nel tracciato delle mura aureliane costruite intorno alla città dall imperatore aureliano nella seconda metà del iii secolo con la funzione di una porta a doppio fornice che assunse il nome di porta praenestina o labicana e più tardi di porta maggiore nel 402 la porta fu fortificata dall imperatore onorio ma nel 1838 essa venne restaurata e la struttura onoriana demolita la prima delle tre monumentali iscrizioni dell attico ricorda il grande lavoro iniziato nel 38 dc da caligola ed ultimato da claudio nel 5253 dc di conduzione dell acqua che da lui prese il nome di claudia dalle fonti situate sulla via sublacensis all altezza di subiaco la cerulea e di marano equo la curzia sino a roma percorrendo una distanza di circa 69 km l acqua claudia si univa presso subiaco all altro grande acquedotto allacciato da caligola l anio novus che captava l acqua direttamente dall aniene un dato interessante ricavabile da questa epigrafe è dato dall espressione sua impensa molto probabilmente claudio ha voluto porre l accento sul suo evergetismo sottolineando il fatto che i lavori furono eseguiti utilizzando il tesoro personale dell imperatore ciò e stato considerato una sorta di innovazione claudiana molto utilizzata nella successiva epigrafia imperiale in particolare per i testi relativi alla fornitura di acqua di cui un esempio sono le altre due iscrizioni della porta di epoca flavia la seconda iscrizione ricorda il restauro dell acquedotto operato da vespasiano nel 71 dc il quale ci dice espressamente che per nove anni fu interrotto il flusso dell acqua in città sui motivi di questa interruzione si sono fatte molte ipotesi alcuni studiosi ritengono che il danneggiamento dell acquedotto sia legato al grande incendio neroniano altri invece ritengono verosimile che vespasiano abbia voluto sottolineare in modo così preciso gli anni in cui l acquedotto fu inutilizzabile per avanzare una feroce critica al predecessore nerone che ne deviò il percorso con il fine di approvvigionare la sua domus aurea trasformando quindi un bene comune in un interesse personale la dinastia flavia sottolineò spesso nella costruzione di opere pubbliche la sua azione di restituzione di beni ingiustamente tolti alla città al restauro di vespasiano seguì nell 81 dc quello di suo figlio tito che motivò il suo intervento come necessario a causa di un collasso subito da un lungo tratto dell acquedotto e che impediva la captazione dell acqua alla fonte datazione  52 dc data fabbricazione  53 dc luogo di rinvenimento  piazza di porta maggiore luogo di esposizione  piazza di porta maggiore periodo raccontato  e una delle porte nelle mura aureliane a roma si trova nel punto in cui convergevano otto degli undici acquedotti che portavano l acqua alla città osservazioni sull ambito di committenza  imperatore claudio osservazioni sull ambito di produzione  imperatore claudio definizione del genere  e un iscrizione  visitatore  ', 1353512161),
(77, 'node', ' porta maggiore s porta maggiore porta maggiore porta maggiore porta maggiore tipologia del materiale  pietra tiburtina forma del supporto  iscrizione su un edificio misura  l epigrafe occupa l attico della porta luogo di rinvenimento  piazza di porta maggiore luogo di esposizione  piazza di porta maggiore reperimento in situ  si stato di conservazione  testi integri datazione  52 dc data fabbricazione  53 dc periodo raccontato  e una delle porte nelle mura aureliane a roma si trova nel punto in cui convergevano otto degli undici acquedotti che portavano l acqua alla città tecnina  incisione a scalpello osservazioni sull ambito di committenza  imperatore claudio osservazioni sull ambito di produzione  imperatore claudio definizione del genere  e un iscrizione che testimonia le modifiche della porta da diversi imperatori trascrizione 5253 dc ti berius claudius drusi f ilius caisar augustus germanicus pontif ex maxim us tribunicia potestate xii co n sul v imperator xxvii pater patriae aquas claudiam ex fontibus qui vocabantur caeruleus et curtius a milliario xxxxv item anienem novam a milliario lxii sua impensa in urbem perducendas curavit 71 dc imp erator caesar vespasianus august us pontif ex max imus trib unicia pot estate ii imp erator vi co n s ul iii desig natus iiii p ater p atriae aquas curtiam et caeruleam perductas a divo claudio et postea intermissas dilapsaque per annos novem sua impensa urbi restituit 8081 dc imp erator t itus caesar divi f ilius vespasianus augustus pontifex maxi mus tribunic ia potestate x imperator xvii pater patriae censor co n s ul viii aquas curtiam et caeruleam perductas a divo claudio et postea a divo vespasiano patre suo urbi restitutas cum a capite aquarum a solo vetu state dilapsae essent nova forma reducendas sua impensa curavit traduzione 5253 dc  tiberio claudio figlio di druso cesare augusto germanico pontefice massimo insignito della 12ª potestà tribunicia console per la 5ª volta acclamato imperatore 27 volte padre della patria si occupò a sue spese della conduzione in città dell acqua claudia dalle fonti chiamate cerulea e curzia al 45 miglio e dell aniene nuovo al 62 miglio  71 dc  l imperatore cesare vespasiano augusto pontefice massimo insignito della 2ª potestà tribunicia acclamato imperatore 6 volte console per la 3ª volta console designato per la 4ª volta padre della patria restituì a sua spese alla città le acque curzia e cerulea condotte in città dal divo claudio ed in seguito interrotte e disperse per nove anni  8081 dc  l imperatore tito cesare figlio del divo vespasiano augusto pontefice massimo insignito della 10ª potestà tribunicia acclamato imperatore 17 volte padre della patria censore console per l 8ª volta curò a sue spese la restituzione ad una nuova forma delle acque curzia e cerulea introdotte dal divo claudio ed in seguito restituite alla città dal divo vespasiano suo padre essendo crollate fin dalla fonte e fin dalle fondamenta per l incuria del tempo  bibliografia   porta maggiore monument and landscape r coatesstephens roma 2004 delle inscrizioni veneziane ea cicogna 1853 per approfondimenti  http wwwedredrit edrprogrammi rescomplexnewphp do book idnr ed   storico  ', 1353512169),
(78, 'node', ' itinerari scegli quale itinerario seguire tra quelli suggeriti  1 itinerario completo  in questo itinerario trovate il percorso che potete fare per vedere tutte le epigrafi 2 itinerario imperiale  in questo itinerario trovate le varie epigrafi che sono state volute o fatte da diversi imperatori romani questi monumenti rappresentano la volontà degli imperatori di voler lasciare una traccia ulteriore di sé 3 itinerario delle opere pubbliche  in questo itinerario trovate la testimonianza della capacità costruttiva degli antichi romani 4 itinerario delle opere private  in questo itinerario trovate le epigrafi che testimoniano ancora oggi il prestigio e la ricchezza dei committenti  ', 0),
(79, 'node', ' itineraio imperiale in questo itinerario trovate le varie epigrafi che sono state volute o fatte da diversi imperatori romani questi monumenti rappresentano la volontà degli imperatori di voler lasciare una traccia ulteriore di sé  2 itinerario imperiale  ', 0),
(80, 'node', ' itinerario delle opere pubbliche in questo itinerario trovate la testimonianza della capacità costruttiva degli antichi romani  3 itinerario delle opere pubbliche  ', 0),
(81, 'node', ' itinerario delle opere private in questo itinerario trovate le epigrafi che testimoniano ancora oggi il prestigio e la ricchezza dei committenti  4 itinerario delle opere private  ', 0);

-- --------------------------------------------------------

--
-- Struttura della tabella `search_index`
--

CREATE TABLE IF NOT EXISTS `search_index` (
  `word` varchar(50) NOT NULL DEFAULT '' COMMENT 'The search_total.word that is associated with the search item.',
  `sid` int(10) unsigned NOT NULL DEFAULT '0' COMMENT 'The search_dataset.sid of the searchable item to which the word belongs.',
  `type` varchar(16) NOT NULL COMMENT 'The search_dataset.type of the searchable item to which the word belongs.',
  `score` float DEFAULT NULL COMMENT 'The numeric score of the word, higher being more important.',
  PRIMARY KEY (`word`,`sid`,`type`),
  KEY `sid_type` (`sid`,`type`)
) ENGINE=InnoDB DEFAULT CHARSET=utf8 COMMENT='Stores the search index, associating words, items and...';

--
-- Dump dei dati per la tabella `search_index`
--

INSERT INTO `search_index` (`word`, `sid`, `type`, `score`) VALUES
('1', 25, 'node', 11),
('1', 57, 'node', 1),
('1', 74, 'node', 4),
('1', 75, 'node', 4),
('1', 78, 'node', 2.2),
('10', 17, 'node', 1),
('10', 18, 'node', 1),
('10', 46, 'node', 1),
('10', 49, 'node', 1),
('10', 58, 'node', 2.50241),
('10', 59, 'node', 2),
('10', 68, 'node', 2),
('10', 69, 'node', 1.71423),
('10', 72, 'node', 1),
('10', 73, 'node', 0.938382),
('103', 61, 'node', 0.816452),
('10ª', 76, 'node', 0.839384),
('10ª', 77, 'node', 0.693594),
('11', 55, 'node', 1),
('11', 60, 'node', 1),
('113', 11, 'node', 1),
('113', 28, 'node', 1),
('113', 60, 'node', 2.37136),
('113', 61, 'node', 2),
('115', 61, 'node', 1),
('115', 63, 'node', 1),
('115', 65, 'node', 1),
('115', 66, 'node', 1),
('118', 72, 'node', 0.541108),
('118', 73, 'node', 1),
('11ª', 58, 'node', 1),
('11ª', 59, 'node', 1),
('11ª', 66, 'node', 1.68232),
('11ª', 67, 'node', 1.90629),
('11ª', 68, 'node', 0.945829),
('11ª', 69, 'node', 1),
('11ª', 72, 'node', 1),
('11ª', 73, 'node', 0.927431),
('1213', 49, 'node', 1),
('125', 72, 'node', 1.26953),
('125', 73, 'node', 1),
('1279', 49, 'node', 1),
('128', 72, 'node', 0.725015),
('12ª', 58, 'node', 1),
('12ª', 59, 'node', 1),
('12ª', 66, 'node', 1.69883),
('12ª', 67, 'node', 1.90629),
('12ª', 68, 'node', 0.957226),
('12ª', 69, 'node', 1),
('12ª', 76, 'node', 0.98493),
('12ª', 77, 'node', 0.776703),
('13º', 49, 'node', 1),
('14ª', 58, 'node', 1.80275),
('14ª', 59, 'node', 0.989021),
('14ª', 64, 'node', 1),
('14ª', 65, 'node', 0.972861),
('14ª', 68, 'node', 0.927431),
('14ª', 69, 'node', 1),
('1502', 46, 'node', 1),
('1587', 58, 'node', 0.854391),
('1589', 49, 'node', 0.906287),
('1589', 58, 'node', 0.851346),
('160', 69, 'node', 1),
('16ª', 62, 'node', 1),
('16ª', 63, 'node', 0.953396),
('16º', 49, 'node', 0.961087),
('17', 60, 'node', 1),
('17', 61, 'node', 0.96498),
('17', 76, 'node', 0.836446),
('17', 77, 'node', 0.691597),
('1748', 46, 'node', 1),
('1748', 69, 'node', 0.771698),
('175', 64, 'node', 0.66666),
('1789', 46, 'node', 2),
('1792', 46, 'node', 0.96498),
('1792', 69, 'node', 0.759465),
('183738', 74, 'node', 0.676032),
('1838', 40, 'node', 1),
('1838', 55, 'node', 1),
('1838', 74, 'node', 0.635),
('1838', 75, 'node', 1),
('1838', 76, 'node', 0.7017),
('1853', 77, 'node', 0.646943),
('1881', 72, 'node', 1),
('1899', 13, 'node', 1),
('19', 28, 'node', 1),
('1930', 68, 'node', 0.863659),
('1934', 59, 'node', 0.906287),
('1946', 66, 'node', 0.752312),
('1972', 59, 'node', 0.927431),
('1972', 68, 'node', 0.836446),
('1973', 75, 'node', 1),
('1990', 61, 'node', 0.848323),
('1990', 68, 'node', 0.822065),
('1991', 66, 'node', 0.71),
('1992', 59, 'node', 0.857458),
('1993', 73, 'node', 0.800068),
('1996', 73, 'node', 0.816452),
('1997', 66, 'node', 0.722831),
('1998', 61, 'node', 0.842342),
('1999', 61, 'node', 0.808176),
('2', 57, 'node', 1),
('2', 58, 'node', 0.869951),
('2', 74, 'node', 4),
('2', 75, 'node', 4),
('2', 78, 'node', 2.2),
('2', 79, 'node', 11),
('20', 58, 'node', 0.797402),
('2003', 70, 'node', 0.923838),
('2004', 59, 'node', 0.886095),
('2004', 77, 'node', 0.653974),
('2005', 66, 'node', 0.738408),
('2005', 70, 'node', 0.938382),
('2005', 73, 'node', 0.833529),
('2007', 63, 'node', 0.869951),
('2009', 65, 'node', 0.882818),
('2010', 65, 'node', 0.857458),
('203', 72, 'node', 0.606252),
('2034', 67, 'node', 0.797402),
('204', 16, 'node', 1),
('204', 43, 'node', 1),
('204', 67, 'node', 1.39998),
('204', 72, 'node', 0.575885),
('205', 67, 'node', 0.736141),
('21', 71, 'node', 0.927431),
('211', 67, 'node', 0.722831),
('212', 66, 'node', 16.7629),
('212', 67, 'node', 16.2881),
('22', 71, 'node', 0.722831),
('23', 37, 'node', 1),
('23', 69, 'node', 0.842342),
('23', 71, 'node', 0.725015),
('27', 52, 'node', 1),
('27', 72, 'node', 0.892724),
('27', 76, 'node', 0.961087),
('27', 77, 'node', 0.76431),
('2725', 10, 'node', 1),
('2725', 52, 'node', 1),
('275', 61, 'node', 1),
('275', 63, 'node', 1),
('275', 65, 'node', 1),
('275', 66, 'node', 1),
('3', 52, 'node', 1),
('3', 55, 'node', 1),
('3', 61, 'node', 0.813674),
('3', 67, 'node', 0.625114),
('3', 72, 'node', 1.53326),
('3', 78, 'node', 2.2),
('3', 80, 'node', 11),
('30', 58, 'node', 0.786915),
('3020', 15, 'node', 1),
('3020', 74, 'node', 0.630018),
('3020', 75, 'node', 1),
('340', 58, 'node', 1),
('36', 69, 'node', 0.920273),
('38', 76, 'node', 0.670377),
('4', 37, 'node', 1),
('4', 58, 'node', 0.902857),
('4', 62, 'node', 1),
('4', 63, 'node', 0.938382),
('4', 67, 'node', 0.674137),
('4', 78, 'node', 2.2),
('4', 81, 'node', 11),
('402', 55, 'node', 1),
('402', 76, 'node', 0.707906),
('43', 31, 'node', 1),
('45', 76, 'node', 0.899454),
('45', 77, 'node', 0.729424),
('46', 69, 'node', 0.889397),
('49', 12, 'node', 1),
('49', 31, 'node', 1),
('49', 62, 'node', 2.04579),
('49', 63, 'node', 2),
('5', 67, 'node', 0.664818),
('5', 72, 'node', 1),
('5', 73, 'node', 0.899454),
('52', 19, 'node', 1),
('52', 55, 'node', 1),
('52', 76, 'node', 1.26284),
('52', 77, 'node', 1),
('5253', 76, 'node', 8.66482),
('5253', 77, 'node', 7.20027),
('53', 76, 'node', 0.479169),
('53', 77, 'node', 1),
('595598', 46, 'node', 1),
('595599', 68, 'node', 1),
('595599', 69, 'node', 0.71),
('6', 60, 'node', 2),
('6', 61, 'node', 1.89549),
('6', 67, 'node', 0.547222),
('6', 76, 'node', 0.882818),
('6', 77, 'node', 0.718502),
('608', 52, 'node', 1),
('608', 72, 'node', 0.558589),
('609', 52, 'node', 1),
('62', 14, 'node', 1),
('62', 37, 'node', 1),
('62', 70, 'node', 2),
('62', 71, 'node', 2.24981),
('62', 76, 'node', 0.886095),
('62', 77, 'node', 0.72066),
('69', 76, 'node', 0.636679),
('71', 55, 'node', 1),
('71', 76, 'node', 8.09115),
('71', 77, 'node', 6.7975),
('7273', 69, 'node', 0.916736),
('75', 13, 'node', 1),
('75', 34, 'node', 1),
('75', 64, 'node', 2.04917),
('75', 65, 'node', 2),
('75', 69, 'node', 1),
('8', 55, 'node', 1),
('80', 72, 'node', 0.736141),
('800', 34, 'node', 1),
('800', 64, 'node', 0.63167),
('8081', 76, 'node', 7.38129),
('8081', 77, 'node', 6.27494),
('81', 76, 'node', 0.494765),
('82', 55, 'node', 0.997306),
('abbatterli', 58, 'node', 0.931053),
('abbellimento', 67, 'node', 0.479169),
('abbellimento', 72, 'node', 0.581429),
('abbia', 76, 'node', 0.532778),
('abrasi', 43, 'node', 1),
('acarandini', 63, 'node', 0.873132),
('accampamenti', 66, 'node', 1.63679),
('accampamenti', 67, 'node', 1.85668),
('accanto', 43, 'node', 1),
('accederei', 7, 'node', 1),
('accento', 76, 'node', 0.606252),
('acclamato', 58, 'node', 1),
('acclamato', 59, 'node', 1),
('acclamato', 60, 'node', 1),
('acclamato', 61, 'node', 0.957226),
('acclamato', 62, 'node', 1),
('acclamato', 63, 'node', 0.961087),
('acclamato', 64, 'node', 2),
('acclamato', 65, 'node', 1.91926),
('acclamato', 66, 'node', 1.68885),
('acclamato', 67, 'node', 1.90629),
('acclamato', 68, 'node', 0.96498),
('acclamato', 69, 'node', 1),
('acclamato', 72, 'node', 1),
('acclamato', 73, 'node', 0.931053),
('acclamato', 76, 'node', 2.68817),
('acclamato', 77, 'node', 2.17686),
('accordo', 60, 'node', 0.879565),
('accorgimenti', 71, 'node', 0.683725),
('accresciuto', 62, 'node', 1),
('accresciuto', 63, 'node', 0.913226),
('accresciuto', 64, 'node', 1),
('accresciuto', 65, 'node', 0.931053),
('acqua', 55, 'node', 1),
('acqua', 76, 'node', 4.91946),
('acqua', 77, 'node', 1.74298),
('acque', 76, 'node', 1.6864),
('acque', 77, 'node', 1.39389),
('acquedotti', 19, 'node', 1),
('acquedotti', 55, 'node', 1),
('acquedotti', 76, 'node', 0.465433),
('acquedotti', 77, 'node', 1),
('acquedotto', 55, 'node', 1),
('acquedotto', 74, 'node', 0.729424),
('acquedotto', 76, 'node', 3.51628),
('addetto', 70, 'node', 1),
('addetto', 71, 'node', 1),
('adia', 72, 'node', 1),
('adia', 73, 'node', 1),
('adiabenic', 66, 'node', 1.9496),
('adiabenic', 67, 'node', 2),
('adiabenico', 72, 'node', 1),
('adiabenico', 73, 'node', 0.96498),
('adnkronos', 70, 'node', 0.945829),
('adozione', 7, 'node', 1),
('adriano', 52, 'node', 1),
('adriano', 72, 'node', 2.06623),
('aegupto', 58, 'node', 2),
('aegupto', 59, 'node', 2),
('aeguptó', 68, 'node', 1.99315),
('aeguptó', 69, 'node', 2),
('aetori', 66, 'node', 0.997306),
('aetori', 67, 'node', 1),
('afferma', 72, 'node', 0.774192),
('affine', 69, 'node', 0.725015),
('affisso', 64, 'node', 0.672252),
('affreschi', 52, 'node', 1),
('aggiungere', 67, 'node', 0.509287),
('aggiungere', 72, 'node', 0.676032),
('aggiungiamo', 71, 'node', 0.784336),
('aggiunta', 67, 'node', 0.548462),
('aggiunti', 62, 'node', 0.699655),
('aggiunti', 64, 'node', 0.705825),
('agli', 43, 'node', 1),
('agli', 72, 'node', 0.757065),
('agli', 74, 'node', 0.679856),
('agrippa', 52, 'node', 3),
('agrippa', 72, 'node', 7.05187),
('agrippa', 73, 'node', 4),
('aii', 70, 'node', 4),
('aii', 71, 'node', 4),
('alcune', 4, 'node', 26),
('alcuni', 46, 'node', 1),
('alcuni', 67, 'node', 0.745294),
('alcuni', 71, 'node', 0.800068),
('alcuni', 74, 'node', 0.863659),
('alcuni', 76, 'node', 0.545988),
('alfabetizzazione', 7, 'node', 0.916736),
('all', 7, 'node', 1),
('all', 10, 'node', 1),
('all', 17, 'node', 1),
('all', 18, 'node', 1),
('all', 40, 'node', 1),
('all', 46, 'node', 1.8894),
('all', 52, 'node', 1),
('all', 55, 'node', 1),
('all', 60, 'node', 3.71636),
('all', 61, 'node', 1),
('all', 62, 'node', 1.62251),
('all', 64, 'node', 1.64484),
('all', 66, 'node', 3.40219),
('all', 67, 'node', 5.56427),
('all', 69, 'node', 0.869951),
('all', 72, 'node', 2.11983),
('all', 73, 'node', 1.90974),
('all', 74, 'node', 1.47886),
('all', 76, 'node', 1.28564),
('alla', 34, 'node', 1),
('alla', 37, 'node', 1),
('alla', 40, 'node', 1),
('alla', 49, 'node', 0.968904),
('alla', 55, 'node', 3),
('alla', 58, 'node', 4.38927),
('alla', 60, 'node', 0.913226),
('alla', 64, 'node', 1.16288),
('alla', 65, 'node', 2),
('alla', 67, 'node', 3.98265),
('alla', 69, 'node', 0.781775),
('alla', 70, 'node', 2),
('alla', 71, 'node', 2.4099),
('alla', 72, 'node', 0.923838),
('alla', 74, 'node', 2.46131),
('alla', 76, 'node', 4.43944),
('alla', 77, 'node', 2.39005),
('allacciato', 76, 'node', 0.630018),
('allargamento', 31, 'node', 1),
('allargano', 71, 'node', 0.676032),
('allargare', 31, 'node', 1),
('allargare', 34, 'node', 1),
('allargato', 34, 'node', 1),
('allargò', 62, 'node', 0.63167),
('alle', 7, 'node', 1),
('alle', 10, 'node', 1),
('alle', 28, 'node', 1),
('alle', 34, 'node', 1),
('alle', 43, 'node', 1),
('alle', 72, 'node', 0.529288),
('alle', 73, 'node', 1),
('allo', 74, 'node', 1),
('almar', 68, 'node', 0.827757),
('altezza', 60, 'node', 1.98087),
('altezza', 61, 'node', 0.923838),
('altezza', 76, 'node', 0.652202),
('altitudinis', 60, 'node', 1),
('altitudinis', 61, 'node', 1),
('alto', 40, 'node', 1),
('alto', 46, 'node', 0.945829),
('alto', 55, 'node', 1),
('altra', 72, 'node', 0.674137),
('altre', 71, 'node', 0.873132),
('altre', 76, 'node', 0.569105),
('altri', 76, 'node', 0.536316),
('altro', 67, 'node', 0.524706),
('altro', 71, 'node', 0.96498),
('altro', 76, 'node', 0.63167),
('alzava', 58, 'node', 1),
('ambito', 58, 'node', 5.3784),
('ambito', 59, 'node', 8),
('ambito', 60, 'node', 5.2823),
('ambito', 61, 'node', 8),
('ambito', 62, 'node', 4.61811),
('ambito', 63, 'node', 8),
('ambito', 64, 'node', 4.60711),
('ambito', 65, 'node', 8),
('ambito', 67, 'node', 0.556022),
('ambito', 68, 'node', 8),
('ambito', 69, 'node', 5.36319),
('ambito', 70, 'node', 8),
('ambito', 71, 'node', 5.08032),
('ambito', 72, 'node', 5.00824),
('ambito', 73, 'node', 8),
('ambito', 74, 'node', 4.86227),
('ambito', 75, 'node', 8),
('ambito', 76, 'node', 3.68826),
('ambito', 77, 'node', 8),
('american', 61, 'node', 0.824901),
('ampliamento', 34, 'node', 1),
('ampliamento', 62, 'node', 2.18445),
('ampliamento', 64, 'node', 2.16399),
('ampliarono', 64, 'node', 1),
('ampliarono', 65, 'node', 0.920273),
('ampliati', 31, 'node', 1),
('ampliaverunt', 64, 'node', 1),
('ampliaverunt', 65, 'node', 1),
('ampliavit', 62, 'node', 1),
('ampliavit', 63, 'node', 1),
('ampliò', 62, 'node', 1),
('ampliò', 63, 'node', 0.899454),
('ampliò', 64, 'node', 0.621888),
('anche', 7, 'node', 2),
('anche', 46, 'node', 0.896076),
('anche', 58, 'node', 0.784336),
('anche', 62, 'node', 1.21563),
('anche', 67, 'node', 2.15057),
('anche', 72, 'node', 0.571798),
('anche', 74, 'node', 0.672252),
('ancora', 67, 'node', 0.507159),
('ancora', 72, 'node', 1.53944),
('ancora', 74, 'node', 0.876337),
('ancora', 78, 'node', 1),
('ancora', 81, 'node', 1),
('and', 59, 'node', 0.953396),
('and', 68, 'node', 0.857458),
('and', 77, 'node', 0.659351),
('andando', 72, 'node', 0.563797),
('andate', 72, 'node', 1),
('andò', 49, 'node', 1),
('angelo', 14, 'node', 1),
('angoli', 58, 'node', 0.896076),
('angolo', 74, 'node', 0.76431),
('anico', 60, 'node', 1),
('anico', 61, 'node', 1),
('aniena', 63, 'node', 0.882818),
('aniene', 76, 'node', 1.51461),
('aniene', 77, 'node', 0.725015),
('anienem', 76, 'node', 1),
('anienem', 77, 'node', 1),
('anii', 70, 'node', 2),
('anii', 71, 'node', 2),
('animano', 72, 'node', 0.942091),
('anio', 76, 'node', 0.628375),
('annessione', 58, 'node', 0.78951),
('anni', 58, 'node', 0.794753),
('anni', 69, 'node', 1.72002),
('anni', 71, 'node', 0.727213),
('anni', 76, 'node', 1.93019),
('anni', 77, 'node', 0.697623),
('anno', 10, 'node', 4),
('anno', 11, 'node', 4),
('anno', 12, 'node', 4),
('anno', 13, 'node', 4),
('anno', 14, 'node', 4),
('anno', 15, 'node', 4),
('anno', 16, 'node', 4),
('anno', 17, 'node', 4),
('anno', 18, 'node', 4),
('anno', 19, 'node', 4),
('anno', 31, 'node', 1),
('anno', 52, 'node', 1),
('anno', 58, 'node', 1.80275),
('annona', 67, 'node', 0.559882),
('annos', 76, 'node', 1),
('annos', 77, 'node', 0.886095),
('antica', 10, 'node', 1),
('antica', 16, 'node', 1),
('antica', 43, 'node', 1),
('antica', 46, 'node', 1),
('antica', 49, 'node', 1),
('antica', 71, 'node', 1.86697),
('antica', 72, 'node', 0.532778),
('antica', 73, 'node', 1),
('antica', 74, 'node', 0.892724),
('antichi', 58, 'node', 0.718502),
('antichi', 78, 'node', 1),
('antichi', 80, 'node', 1),
('antico', 7, 'node', 1),
('antico', 14, 'node', 1),
('antico', 37, 'node', 1),
('antico', 46, 'node', 1),
('antico', 49, 'node', 1),
('antico', 55, 'node', 1),
('antico', 58, 'node', 1),
('antico', 71, 'node', 0.664818),
('antico', 72, 'node', 1.37666),
('antiorario', 62, 'node', 0.942091),
('antiorario', 64, 'node', 0.949597),
('antonini', 66, 'node', 1.94209),
('antonini', 67, 'node', 2),
('antonino', 66, 'node', 5.22769),
('antonino', 67, 'node', 5.71961),
('antonino', 72, 'node', 1),
('antonino', 73, 'node', 0.906287),
('anus', 64, 'node', 1),
('anus', 65, 'node', 1),
('anziano', 49, 'node', 1),
('aperto', 7, 'node', 1),
('apollodoro', 60, 'node', 1),
('appaltatore', 74, 'node', 2),
('appaltatore', 75, 'node', 1),
('apparato', 61, 'node', 3.5709),
('apparato', 70, 'node', 3.93972),
('apparato', 72, 'node', 0.592848),
('apparato', 73, 'node', 3.4798),
('apparato', 74, 'node', 1),
('apparet', 74, 'node', 2),
('apparet', 75, 'node', 2),
('appartenevano', 74, 'node', 0.674137),
('appartiene', 72, 'node', 0.906287),
('appena', 13, 'node', 1),
('applicate', 73, 'node', 1),
('apposta', 7, 'node', 1),
('apposta', 73, 'node', 1),
('approfondimenti', 59, 'node', 3.41756),
('approfondimenti', 61, 'node', 3.22182),
('approfondimenti', 63, 'node', 3.46717),
('approfondimenti', 65, 'node', 3.41756),
('approfondimenti', 66, 'node', 2.83163),
('approfondimenti', 68, 'node', 3.27699),
('approfondimenti', 70, 'node', 3.68109),
('approfondimenti', 73, 'node', 3.18961),
('approfondimenti', 75, 'node', 4),
('approfondimenti', 77, 'node', 2.58083),
('approvvigionamento', 67, 'node', 0.558589),
('approvvigionare', 76, 'node', 0.51578),
('aqua', 55, 'node', 1),
('aquarum', 76, 'node', 1),
('aquarum', 77, 'node', 0.824901),
('aquas', 76, 'node', 3),
('aquas', 77, 'node', 2.75557),
('ara', 69, 'node', 1.70324),
('arabic', 66, 'node', 1.9496),
('arabic', 67, 'node', 2),
('arabico', 66, 'node', 1.71949),
('arabico', 67, 'node', 1.90629),
('arabico', 72, 'node', 1),
('arabico', 73, 'node', 0.968904),
('arabicus', 72, 'node', 1),
('arabicus', 73, 'node', 1),
('aratro', 62, 'node', 1.59783),
('aratro', 64, 'node', 1.61682),
('arcaismi', 74, 'node', 0.920273),
('arcate', 37, 'node', 1),
('arcate', 71, 'node', 1.55643),
('arcate', 76, 'node', 1.53138),
('archaelogy', 61, 'node', 0.819249),
('archeologica', 70, 'node', 0.949597),
('archeologici', 61, 'node', 0.876337),
('archeologici', 70, 'node', 0.96498),
('archi', 71, 'node', 2.40159),
('architettonici', 73, 'node', 0.857458),
('architetture', 59, 'node', 0.882818),
('architrava', 16, 'node', 1),
('architrave', 72, 'node', 1.86123),
('arci', 66, 'node', 1.94209),
('arci', 67, 'node', 2),
('arci', 70, 'node', 2),
('arci', 71, 'node', 2),
('arco', 4, 'node', 2.2),
('arco', 16, 'node', 38),
('arco', 43, 'node', 26),
('arco', 55, 'node', 1),
('arco', 57, 'node', 1),
('arco', 66, 'node', 33.7067),
('arco', 67, 'node', 34.0413),
('arco', 70, 'node', 21),
('arco', 71, 'node', 21),
('arcus', 70, 'node', 2),
('arcus', 71, 'node', 2),
('arcus', 72, 'node', 1),
('arcus', 73, 'node', 1),
('area', 64, 'node', 0.646943),
('arena', 58, 'node', 1),
('argentari', 4, 'node', 2.2),
('argentari', 16, 'node', 38),
('argentari', 43, 'node', 26),
('argentari', 57, 'node', 1),
('argentari', 66, 'node', 34.2644),
('argentari', 67, 'node', 34.4037),
('argine', 62, 'node', 0.968904),
('argine', 64, 'node', 0.976851),
('ari', 66, 'node', 4.89919),
('ari', 67, 'node', 5),
('aris', 66, 'node', 1.94209),
('aris', 67, 'node', 2),
('aroullett', 59, 'node', 0.934703),
('arricchito', 52, 'node', 1),
('arte', 59, 'node', 0.876337),
('assassinata', 67, 'node', 0.716357),
('asse', 58, 'node', 1),
('assemblandone', 46, 'node', 1),
('assoluto', 67, 'node', 0.643484),
('assolvere', 7, 'node', 0.886095),
('assrtto', 55, 'node', 1),
('assumere', 62, 'node', 0.66666),
('assunse', 76, 'node', 0.716357),
('ate', 66, 'node', 3.89919),
('ate', 67, 'node', 4),
('ater', 62, 'node', 1),
('ater', 63, 'node', 1),
('ater', 64, 'node', 1),
('ater', 65, 'node', 1),
('ater', 67, 'node', 0.63167),
('ater', 72, 'node', 1),
('ater', 73, 'node', 1),
('ater', 76, 'node', 1),
('ater', 77, 'node', 0.920273),
('atistia', 15, 'node', 1),
('atistia', 74, 'node', 0.66666),
('ator', 70, 'node', 4),
('ator', 71, 'node', 4),
('atri', 60, 'node', 1),
('atri', 61, 'node', 1),
('atriae', 60, 'node', 1),
('atriae', 61, 'node', 1),
('atriae', 62, 'node', 1),
('atriae', 63, 'node', 1),
('atriae', 64, 'node', 1),
('atriae', 65, 'node', 1),
('atriae', 67, 'node', 0.630018),
('atriae', 72, 'node', 1),
('atriae', 73, 'node', 1),
('atriae', 76, 'node', 1),
('atriae', 77, 'node', 0.916736),
('attentamente', 69, 'node', 0.938382),
('attentamente', 71, 'node', 0.822065),
('attesta', 64, 'node', 0.641769),
('attestato', 37, 'node', 1),
('attico', 55, 'node', 2),
('attico', 76, 'node', 0.679856),
('attico', 77, 'node', 1),
('attività', 74, 'node', 2),
('atto', 7, 'node', 1),
('attraverso', 58, 'node', 0.749958),
('attraverso', 74, 'node', 1),
('attribuita', 71, 'node', 1),
('attuale', 43, 'node', 1),
('attuale', 46, 'node', 1),
('attuale', 58, 'node', 0.845322),
('attuale', 69, 'node', 0.766757),
('auctis', 62, 'node', 1.60322),
('auctis', 63, 'node', 1),
('auctis', 64, 'node', 1),
('auctis', 65, 'node', 1),
('aug', 60, 'node', 1),
('aug', 61, 'node', 1),
('aug', 62, 'node', 1),
('aug', 63, 'node', 1),
('aug', 64, 'node', 2),
('aug', 65, 'node', 2),
('aug', 66, 'node', 9.7608),
('aug', 67, 'node', 10),
('aug', 72, 'node', 1),
('aug', 73, 'node', 1),
('august', 76, 'node', 1),
('august', 77, 'node', 0.961087),
('augusta', 66, 'node', 1.64572),
('augusta', 67, 'node', 1.86836),
('augusti', 43, 'node', 1),
('augusto', 17, 'node', 2),
('augusto', 18, 'node', 1),
('augusto', 46, 'node', 1),
('augusto', 49, 'node', 1),
('augusto', 58, 'node', 4.23653),
('augusto', 59, 'node', 2),
('augusto', 60, 'node', 1),
('augusto', 61, 'node', 0.993146),
('augusto', 62, 'node', 1),
('augusto', 63, 'node', 0.993146),
('augusto', 64, 'node', 2),
('augusto', 65, 'node', 1.94209),
('augusto', 66, 'node', 6.94409),
('augusto', 67, 'node', 7.62184),
('augusto', 68, 'node', 1.97286),
('augusto', 69, 'node', 4.42606),
('augusto', 72, 'node', 2.86055),
('augusto', 73, 'node', 1.87231),
('augusto', 76, 'node', 2.7222),
('augusto', 77, 'node', 2.20161),
('augustus', 58, 'node', 2),
('augustus', 59, 'node', 2),
('augustus', 68, 'node', 2),
('augustus', 69, 'node', 2),
('augustus', 76, 'node', 2),
('augustus', 77, 'node', 1.86366),
('aumento', 62, 'node', 0.645209),
('aurea', 76, 'node', 0.513597),
('aureli', 66, 'node', 1.94209),
('aureli', 67, 'node', 2),
('aureliane', 19, 'node', 2),
('aureliane', 55, 'node', 2),
('aureliane', 76, 'node', 1.21612),
('aureliane', 77, 'node', 1),
('aureliano', 55, 'node', 2),
('aureliano', 74, 'node', 0.7017),
('aureliano', 76, 'node', 0.736141),
('aurelio', 66, 'node', 5.22769),
('aurelio', 67, 'node', 5.71961),
('aurelio', 72, 'node', 1),
('aurelio', 73, 'node', 0.909743),
('autoctona', 69, 'node', 0.736141),
('autunnale', 69, 'node', 0.816452),
('avanzare', 55, 'node', 1),
('avanzare', 76, 'node', 0.524706),
('aventino', 62, 'node', 0.676032),
('aventino', 64, 'node', 0.681785),
('aver', 49, 'node', 1),
('aver', 62, 'node', 1),
('aver', 63, 'node', 0.916736),
('aver', 64, 'node', 1.61086),
('aver', 65, 'node', 0.934703),
('aver', 68, 'node', 1),
('aver', 69, 'node', 0.681785),
('avere', 67, 'node', 0.53161),
('aveva', 52, 'node', 1),
('aveva', 72, 'node', 0.664818),
('aveva', 74, 'node', 1),
('avevano', 67, 'node', 0.609315),
('avrebbe', 60, 'node', 0.776703),
('avrebbero', 7, 'node', 0.892724),
('avuto', 60, 'node', 0.774192),
('avvenimenti', 58, 'node', 0.776703),
('avvenuta', 72, 'node', 0.842342),
('azio', 46, 'node', 1),
('azio', 49, 'node', 1),
('azio', 58, 'node', 0.731649),
('azione', 76, 'node', 0.500884),
('balaustrata', 71, 'node', 1),
('bambino', 7, 'node', 1),
('bambino', 8, 'node', 1),
('bambino', 10, 'node', 2.2),
('bambino', 11, 'node', 2.2),
('bambino', 12, 'node', 2.2),
('bambino', 13, 'node', 2.2),
('bambino', 14, 'node', 2.2),
('bambino', 15, 'node', 2.2),
('bambino', 16, 'node', 2.2),
('bambino', 17, 'node', 2.2),
('bambino', 18, 'node', 2.2),
('bambino', 19, 'node', 2.2),
('bambino', 28, 'node', 11),
('bambino', 31, 'node', 11),
('bambino', 34, 'node', 11),
('bambino', 37, 'node', 11),
('bambino', 40, 'node', 11),
('bambino', 43, 'node', 11),
('bambino', 46, 'node', 9.711),
('bambino', 49, 'node', 9.53472),
('bambino', 52, 'node', 11),
('bambino', 55, 'node', 10.9246),
('banchieri', 67, 'node', 0.513597),
('barrow', 59, 'node', 0.913226),
('basamento', 28, 'node', 1),
('basamento', 46, 'node', 0.927431),
('basamento', 55, 'node', 1),
('basamento', 60, 'node', 0.714225),
('basamento', 68, 'node', 1),
('baschi', 31, 'node', 1),
('baschi', 62, 'node', 0.588512),
('baschi', 63, 'node', 2),
('base', 46, 'node', 2.80512),
('base', 58, 'node', 1.74327),
('basilica', 10, 'node', 1),
('basilica', 28, 'node', 1),
('basilica', 34, 'node', 1),
('basilica', 64, 'node', 0.62674),
('basilica', 72, 'node', 0.522445),
('basilica', 73, 'node', 1),
('bassa', 71, 'node', 1),
('basso', 55, 'node', 1),
('bastione', 55, 'node', 1),
('battaglia', 46, 'node', 1),
('battaglia', 49, 'node', 1),
('battaglia', 58, 'node', 0.733888),
('bazaglia', 46, 'node', 1),
('ben', 14, 'node', 1),
('bene', 76, 'node', 0.510357),
('benedetto', 46, 'node', 1),
('beni', 61, 'node', 0.879565),
('beni', 70, 'node', 0.968904),
('beni', 73, 'node', 0.860547),
('beni', 76, 'node', 0.499853),
('berius', 62, 'node', 1),
('berius', 63, 'node', 1),
('berius', 76, 'node', 1),
('berius', 77, 'node', 1),
('bestiame', 67, 'node', 0.582831),
('bianco', 69, 'node', 1),
('bibliografia', 59, 'node', 3.85992),
('bibliografia', 61, 'node', 3.4798),
('bibliografia', 63, 'node', 3.5709),
('bibliografia', 65, 'node', 3.63897),
('bibliografia', 66, 'node', 3.03786),
('bibliografia', 68, 'node', 3.59781),
('bibliografia', 70, 'node', 3.8289),
('bibliografia', 73, 'node', 3.39329),
('bibliografia', 75, 'node', 4),
('bibliografia', 77, 'node', 2.65194),
('biblioteche', 28, 'node', 1),
('bimillenario', 65, 'node', 0.899454),
('bizantino', 52, 'node', 1),
('blocchi', 28, 'node', 1),
('blocchi', 46, 'node', 0.98493),
('blocchi', 69, 'node', 1),
('blu', 31, 'node', 1),
('boari', 66, 'node', 1.91894),
('boari', 67, 'node', 2),
('boario', 16, 'node', 1),
('boario', 67, 'node', 1.92165),
('bocca', 16, 'node', 1),
('bocca', 43, 'node', 1),
('bonifacio', 52, 'node', 2),
('bonifacio', 72, 'node', 0.553478),
('book', 59, 'node', 9.23322),
('book', 61, 'node', 8.71335),
('book', 63, 'node', 9.36481),
('book', 65, 'node', 9.23322),
('book', 66, 'node', 7.67385),
('book', 68, 'node', 8.86),
('book', 70, 'node', 9.93143),
('book', 73, 'node', 8.6277),
('book', 75, 'node', 11),
('book', 77, 'node', 7.00346),
('bordo', 71, 'node', 0.66666),
('britannia', 31, 'node', 1),
('britannia', 34, 'node', 1),
('britannia', 62, 'node', 0.62674),
('britannia', 64, 'node', 0.617112),
('britannici', 67, 'node', 0.668514),
('britannico', 66, 'node', 0.830633),
('britannico', 67, 'node', 0.945829),
('bronzo', 52, 'node', 1),
('bronzo', 69, 'node', 0.98493),
('bronzo', 71, 'node', 1),
('bronzo', 72, 'node', 1),
('building', 61, 'node', 0.836446),
('buona', 7, 'node', 1),
('cadde', 67, 'node', 0.733888),
('caddero', 49, 'node', 1),
('cadendo', 74, 'node', 0.687638),
('cadessero', 58, 'node', 0.889397),
('cae', 64, 'node', 1),
('cae', 65, 'node', 1),
('caeruleam', 76, 'node', 2),
('caeruleam', 77, 'node', 1.75209),
('caeruleus', 76, 'node', 1),
('caeruleus', 77, 'node', 1),
('caes', 66, 'node', 6.84129),
('caes', 67, 'node', 7),
('caes', 72, 'node', 1),
('caes', 73, 'node', 1),
('caesar', 58, 'node', 2),
('caesar', 59, 'node', 2),
('caesar', 64, 'node', 1),
('caesar', 65, 'node', 1),
('caesar', 68, 'node', 2),
('caesar', 69, 'node', 2),
('caesar', 76, 'node', 2),
('caesar', 77, 'node', 1.8357),
('caesari', 60, 'node', 1),
('caesari', 61, 'node', 1),
('caisar', 62, 'node', 1),
('caisar', 63, 'node', 1),
('caisar', 76, 'node', 1),
('caisar', 77, 'node', 1),
('calci', 70, 'node', 0.953396),
('calendario', 69, 'node', 0.902857),
('caligola', 76, 'node', 1.29689),
('cambiavalute', 67, 'node', 0.613969),
('camera', 59, 'node', 0.892724),
('camera', 60, 'node', 0.72066),
('campagne', 28, 'node', 1),
('campagne', 60, 'node', 0.677939),
('campagne', 61, 'node', 1),
('campagne', 64, 'node', 0.620288),
('campidoglio', 60, 'node', 0.934703),
('campidoglio', 62, 'node', 0.697623),
('campidoglio', 64, 'node', 0.703756),
('campo', 17, 'node', 1),
('campo', 46, 'node', 1),
('campo', 52, 'node', 1),
('campo', 68, 'node', 1),
('campo', 69, 'node', 1.69966),
('campo', 72, 'node', 0.860547),
('cancellati', 67, 'node', 0.695602),
('cancellazione', 67, 'node', 0.752312),
('canosa', 61, 'node', 0.860547),
('capacità', 78, 'node', 1),
('capacità', 80, 'node', 1),
('capi', 14, 'node', 2),
('capi', 71, 'node', 0.989021),
('capite', 76, 'node', 1),
('capite', 77, 'node', 0.827757),
('capitolini', 74, 'node', 0.638366),
('cappella', 7, 'node', 1),
('cappella', 60, 'node', 0.830633),
('captava', 76, 'node', 0.625114),
('captazione', 76, 'node', 0.482973),
('caracalla', 43, 'node', 1),
('caracalla', 67, 'node', 2.78152),
('caracalla', 72, 'node', 0.60778),
('carattere', 61, 'node', 1),
('carattere', 75, 'node', 1),
('caratteri', 72, 'node', 0.628375),
('caratteristica', 7, 'node', 0.945829),
('caratteristiche', 61, 'node', 4),
('caratteristiche', 75, 'node', 4),
('caratterizzarle', 7, 'node', 1),
('cariche', 71, 'node', 0.869951),
('cariche', 72, 'node', 0.650439),
('carne', 66, 'node', 1.58153),
('carne', 67, 'node', 2.95039),
('carnevali', 59, 'node', 0.896076),
('cartina', 31, 'node', 1),
('cartina', 34, 'node', 1),
('casa', 67, 'node', 0.766757),
('casi', 62, 'node', 0.727213),
('casi', 64, 'node', 0.733888),
('caso', 71, 'node', 0.693594),
('cassio', 72, 'node', 0.827757),
('castrorum', 66, 'node', 1.94209),
('castrorum', 67, 'node', 2),
('catalogo', 65, 'node', 0.892724),
('cattive', 46, 'node', 1),
('causa', 37, 'node', 1),
('causa', 46, 'node', 1),
('causa', 49, 'node', 0.989021),
('causa', 71, 'node', 0.716357),
('causa', 76, 'node', 0.488796),
('causati', 71, 'node', 0.738408),
('cecilia', 13, 'node', 2),
('cecilia', 34, 'node', 1),
('cecilia', 62, 'node', 1.47167),
('cecilia', 64, 'node', 1.78357),
('cecilia', 65, 'node', 2),
('celebrare', 11, 'node', 1),
('celebrare', 28, 'node', 1),
('celebrazione', 67, 'node', 0.476356),
('celeste', 72, 'node', 0.784336),
('cenci', 14, 'node', 1),
('ceneri', 60, 'node', 0.733888),
('censor', 62, 'node', 1),
('censor', 63, 'node', 1),
('censor', 64, 'node', 2),
('censor', 65, 'node', 2),
('censor', 76, 'node', 1),
('censor', 77, 'node', 0.848323),
('censore', 62, 'node', 1),
('censore', 63, 'node', 0.931053),
('censore', 64, 'node', 2),
('censore', 65, 'node', 1.89561),
('censore', 76, 'node', 0.833529),
('censore', 77, 'node', 0.689612),
('centine', 71, 'node', 0.679856),
('centrale', 60, 'node', 0.851346),
('centrale', 71, 'node', 0.670377),
('centro', 46, 'node', 1),
('centro', 49, 'node', 1.93105),
('centro', 55, 'node', 1),
('cercare', 46, 'node', 0.989021),
('cerimoniale', 49, 'node', 1),
('cerulea', 76, 'node', 3.23822),
('cerulea', 77, 'node', 2.12567),
('cesare', 58, 'node', 1.68178),
('cesare', 59, 'node', 2),
('cesare', 60, 'node', 1),
('cesare', 61, 'node', 1),
('cesare', 62, 'node', 1),
('cesare', 63, 'node', 0.997306),
('cesare', 64, 'node', 2),
('cesare', 65, 'node', 1.94209),
('cesare', 66, 'node', 5.81241),
('cesare', 67, 'node', 6.52944),
('cesare', 68, 'node', 1.98087),
('cesare', 69, 'node', 2.57703),
('cesare', 72, 'node', 2),
('cesare', 73, 'node', 1.89876),
('cesare', 76, 'node', 2.72516),
('cesare', 77, 'node', 2.20422),
('che', 7, 'node', 2),
('che', 14, 'node', 1),
('che', 19, 'node', 1),
('che', 25, 'node', 1),
('che', 31, 'node', 1),
('che', 34, 'node', 1),
('che', 37, 'node', 1),
('che', 40, 'node', 3),
('che', 43, 'node', 2),
('che', 46, 'node', 3.99315),
('che', 49, 'node', 2),
('che', 52, 'node', 1),
('che', 55, 'node', 1),
('che', 58, 'node', 2.56849),
('che', 59, 'node', 1),
('che', 60, 'node', 2.54393),
('che', 62, 'node', 5.45318),
('che', 63, 'node', 2),
('che', 64, 'node', 4.77485),
('che', 65, 'node', 2),
('che', 66, 'node', 1.57592),
('che', 67, 'node', 6.6879),
('che', 68, 'node', 1),
('che', 69, 'node', 2.52504),
('che', 71, 'node', 4.65487),
('che', 72, 'node', 7.5918),
('che', 73, 'node', 1),
('che', 74, 'node', 4.47388),
('che', 76, 'node', 6.96965),
('che', 77, 'node', 2),
('che', 78, 'node', 3),
('che', 79, 'node', 1),
('che', 81, 'node', 1),
('chelotti', 61, 'node', 0.851346),
('chi', 7, 'node', 1),
('chi', 8, 'node', 1),
('chi', 74, 'node', 1),
('chiamata', 19, 'node', 1),
('chiamate', 76, 'node', 0.909743),
('chiamate', 77, 'node', 0.736141),
('chiara', 72, 'node', 0.604732),
('chiaro', 67, 'node', 0.516879),
('chiesa', 7, 'node', 1),
('chiesa', 13, 'node', 1),
('chiesa', 43, 'node', 1),
('chiesa', 52, 'node', 1),
('chiesa', 64, 'node', 1.16147),
('chiesa', 65, 'node', 2),
('chiesa', 66, 'node', 2),
('chiesa', 67, 'node', 0.916007),
('chiesa', 72, 'node', 0.548462),
('chiesa', 73, 'node', 0.813674),
('chiostriprogetti', 73, 'node', 0.808176),
('chiuso', 7, 'node', 1),
('cicogna', 77, 'node', 0.648686),
('cilindrici', 74, 'node', 0.961087),
('cimitero', 7, 'node', 1),
('cinta', 74, 'node', 0.705825),
('ciò', 52, 'node', 1),
('ciò', 58, 'node', 0.769219),
('ciò', 76, 'node', 0.592848),
('cioè', 62, 'node', 0.776703),
('cioè', 64, 'node', 1.39365),
('cippi', 62, 'node', 1.61086),
('cippi', 63, 'node', 1),
('cippi', 64, 'node', 1.67225),
('cippi', 65, 'node', 1),
('cippo', 4, 'node', 4.4),
('cippo', 12, 'node', 38),
('cippo', 13, 'node', 38),
('cippo', 31, 'node', 29),
('cippo', 34, 'node', 27),
('cippo', 57, 'node', 2),
('cippo', 62, 'node', 33.0199),
('cippo', 63, 'node', 31),
('cippo', 64, 'node', 28.4602),
('cippo', 65, 'node', 27),
('circa', 68, 'node', 1),
('circa', 69, 'node', 1),
('circa', 76, 'node', 0.638366),
('circo', 18, 'node', 1),
('circo', 49, 'node', 2.9496),
('circo', 58, 'node', 1.68961),
('circo', 59, 'node', 1),
('circondarlo', 49, 'node', 0.896076),
('circuito', 62, 'node', 0.672252),
('circuito', 64, 'node', 0.677939),
('città', 12, 'node', 1),
('città', 17, 'node', 1),
('città', 46, 'node', 4),
('città', 49, 'node', 4),
('città', 55, 'node', 2),
('città', 59, 'node', 0.879565),
('città', 62, 'node', 3.43908),
('città', 64, 'node', 3.46353),
('città', 68, 'node', 2),
('città', 72, 'node', 1.53343),
('città', 76, 'node', 5.72791),
('città', 77, 'node', 3.84325),
('cittadino', 72, 'node', 0.646943),
('civiltà', 7, 'node', 0.942091),
('classica', 7, 'node', 0.938382),
('claudia', 55, 'node', 1),
('claudia', 76, 'node', 2.21644),
('claudia', 77, 'node', 0.742984),
('claudiam', 76, 'node', 1),
('claudiam', 77, 'node', 1),
('claudiana', 62, 'node', 0.604732),
('claudiana', 76, 'node', 0.585658),
('claudio', 4, 'node', 2.2),
('claudio', 12, 'node', 38),
('claudio', 31, 'node', 28),
('claudio', 55, 'node', 2),
('claudio', 57, 'node', 1),
('claudio', 62, 'node', 34.3019),
('claudio', 63, 'node', 33),
('claudio', 64, 'node', 2.60688),
('claudio', 74, 'node', 0.742984),
('claudio', 76, 'node', 7.65214),
('claudio', 77, 'node', 5.92488),
('claudius', 62, 'node', 1),
('claudius', 63, 'node', 1),
('claudius', 76, 'node', 1),
('claudius', 77, 'node', 1),
('coarelli', 61, 'node', 0.810915),
('coarelli', 65, 'node', 0.906287),
('coatesstephens', 77, 'node', 0.655756),
('coclide', 28, 'node', 1),
('coeravit', 70, 'node', 4),
('coeravit', 71, 'node', 4),
('cognome', 74, 'node', 1),
('coincidente', 69, 'node', 0.822065),
('coinvolsero', 72, 'node', 0.574516),
('collasso', 76, 'node', 0.487816),
('collaudò', 70, 'node', 1),
('collaudò', 71, 'node', 1),
('collega', 14, 'node', 1),
('collega', 37, 'node', 1),
('collega', 70, 'node', 1),
('collega', 71, 'node', 0.652202),
('collegare', 62, 'node', 0.646943),
('collegi', 67, 'node', 0.49376),
('collegia', 67, 'node', 0.610858),
('collocata', 28, 'node', 1),
('collocata', 40, 'node', 1),
('collocate', 60, 'node', 0.722831),
('collocati', 46, 'node', 0.949597),
('collocati', 58, 'node', 0.848323),
('collocato', 17, 'node', 2),
('collocato', 18, 'node', 1),
('collocato', 58, 'node', 0.664818),
('collocato', 59, 'node', 1),
('collocato', 68, 'node', 2),
('collocato', 69, 'node', 0.664818),
('collocazione', 10, 'node', 4),
('collocazione', 11, 'node', 4),
('collocazione', 12, 'node', 4),
('collocazione', 13, 'node', 4),
('collocazione', 14, 'node', 4),
('collocazione', 15, 'node', 4),
('collocazione', 16, 'node', 4),
('collocazione', 17, 'node', 4),
('collocazione', 18, 'node', 4),
('collocazione', 19, 'node', 4),
('collocò', 58, 'node', 1),
('colombo', 70, 'node', 0.927431),
('colonna', 4, 'node', 2.2),
('colonna', 11, 'node', 39),
('colonna', 28, 'node', 28),
('colonna', 57, 'node', 1),
('colonna', 60, 'node', 38.4716),
('colonna', 61, 'node', 38.6562),
('colpita', 69, 'node', 0.833529),
('column', 61, 'node', 0.830633),
('columna', 60, 'node', 0.824901),
('comando', 62, 'node', 0.747619),
('comando', 64, 'node', 0.754681),
('come', 10, 'node', 1),
('come', 14, 'node', 1),
('come', 17, 'node', 1),
('come', 34, 'node', 1),
('come', 40, 'node', 1),
('come', 49, 'node', 1),
('come', 58, 'node', 0.819249),
('come', 60, 'node', 1.98493),
('come', 64, 'node', 1.2467),
('come', 69, 'node', 2.94209),
('come', 71, 'node', 2.49353),
('come', 72, 'node', 1.09706),
('come', 73, 'node', 1),
('come', 74, 'node', 2),
('come', 75, 'node', 1),
('come', 76, 'node', 0.490769),
('comitis', 66, 'node', 0.989021),
('comitis', 67, 'node', 1),
('commagene', 64, 'node', 0.613969),
('commemorativa', 58, 'node', 0.655756),
('commemorativa', 59, 'node', 1),
('commemorativa', 66, 'node', 1),
('commemorativa', 67, 'node', 0.45501),
('commemorativa', 68, 'node', 1),
('commemorativa', 69, 'node', 0.653974),
('commenti', 7, 'node', 1),
('commento', 58, 'node', 4),
('commento', 60, 'node', 4),
('commento', 62, 'node', 4),
('commento', 64, 'node', 4),
('commento', 67, 'node', 3.40538),
('commento', 69, 'node', 4),
('commento', 71, 'node', 4),
('commento', 72, 'node', 4),
('commento', 74, 'node', 4),
('commento', 76, 'node', 3.15804),
('commercianti', 66, 'node', 1.58437),
('commercianti', 67, 'node', 2.91418),
('committenti', 78, 'node', 1),
('committenti', 81, 'node', 1),
('committenza', 58, 'node', 2.70413),
('committenza', 59, 'node', 4),
('committenza', 60, 'node', 2.65194),
('committenza', 61, 'node', 4),
('committenza', 62, 'node', 2.30904),
('committenza', 63, 'node', 4),
('committenza', 64, 'node', 2.30354),
('committenza', 65, 'node', 4),
('committenza', 68, 'node', 4),
('committenza', 69, 'node', 2.68901),
('committenza', 70, 'node', 4),
('committenza', 71, 'node', 2.55346),
('committenza', 72, 'node', 2.07636),
('committenza', 73, 'node', 4),
('committenza', 74, 'node', 2.43112),
('committenza', 75, 'node', 4),
('committenza', 76, 'node', 1.84412),
('committenza', 77, 'node', 4),
('compiuti', 74, 'node', 1.47079),
('complessa', 67, 'node', 0.538701),
('complessità', 74, 'node', 0.839384),
('completamente', 74, 'node', 0.691597),
('completo', 25, 'node', 37),
('completo', 78, 'node', 2.2),
('composta', 28, 'node', 1),
('composte', 74, 'node', 0.851346),
('comprendeva', 62, 'node', 0.716357),
('comprendeva', 64, 'node', 0.722831),
('comune', 73, 'node', 0.851346),
('comune', 76, 'node', 0.509287),
('comunicativo', 7, 'node', 0.957226),
('comunicazione', 7, 'node', 0.882818),
('comunque', 60, 'node', 0.794753),
('comunque', 72, 'node', 0.661163),
('con', 28, 'node', 1),
('con', 46, 'node', 0.961087),
('con', 49, 'node', 0.892724),
('con', 52, 'node', 1),
('con', 58, 'node', 3.59647),
('con', 60, 'node', 5.26423),
('con', 61, 'node', 0.916736),
('con', 62, 'node', 4.45412),
('con', 64, 'node', 2.50689),
('con', 67, 'node', 1.7526),
('con', 69, 'node', 1.81925),
('con', 71, 'node', 0.851346),
('con', 74, 'node', 1.64521),
('con', 76, 'node', 1.24189),
('concessione', 67, 'node', 0.569105),
('concezioni', 49, 'node', 0.913226),
('conci', 71, 'node', 0.797402),
('concisione', 7, 'node', 0.98493),
('condizione', 74, 'node', 1),
('condizioni', 46, 'node', 1),
('condizioni', 62, 'node', 1),
('condizioni', 64, 'node', 1.60932),
('condotte', 76, 'node', 0.866793),
('condotte', 77, 'node', 0.71),
('condotto', 55, 'node', 1),
('conduzione', 76, 'node', 1.59952),
('conduzione', 77, 'node', 0.747619),
('conferma', 71, 'node', 0.623497),
('confine', 12, 'node', 1),
('confine', 31, 'node', 2),
('confine', 34, 'node', 2),
('confine', 62, 'node', 1.92276),
('confine', 63, 'node', 1),
('confine', 64, 'node', 1.92437),
('confine', 65, 'node', 1),
('confini', 31, 'node', 1),
('confini', 62, 'node', 1.64348),
('confini', 63, 'node', 0.909743),
('confini', 64, 'node', 1),
('confini', 65, 'node', 0.927431),
('congiuntamente', 71, 'node', 0.876337),
('coniugi', 74, 'node', 0.643484),
('conquista', 11, 'node', 1),
('conquista', 28, 'node', 1),
('conquista', 31, 'node', 1),
('conquista', 62, 'node', 0.628375),
('conquiste', 34, 'node', 1),
('conseguente', 67, 'node', 0.563797),
('conseguenza', 62, 'node', 0.630018),
('conseguenza', 64, 'node', 0.60322),
('consentire', 55, 'node', 1),
('consentito', 62, 'node', 0.757065),
('consentito', 64, 'node', 0.76431),
('conservata', 72, 'node', 0.657549),
('conservata', 74, 'node', 0.653974),
('conservato', 14, 'node', 1),
('conservato', 62, 'node', 1.49503),
('conservazione', 59, 'node', 4),
('conservazione', 61, 'node', 4),
('conservazione', 63, 'node', 4),
('conservazione', 65, 'node', 4),
('conservazione', 66, 'node', 4),
('conservazione', 68, 'node', 4),
('conservazione', 70, 'node', 4),
('conservazione', 73, 'node', 4),
('conservazione', 75, 'node', 4),
('conservazione', 77, 'node', 4),
('considerato', 76, 'node', 0.58995),
('consolato', 52, 'node', 1),
('consolato', 62, 'node', 1),
('consolato', 63, 'node', 0.934703),
('consolato', 72, 'node', 1.53),
('console', 58, 'node', 1),
('console', 59, 'node', 1),
('console', 60, 'node', 1),
('console', 61, 'node', 0.945829),
('console', 64, 'node', 4),
('console', 65, 'node', 3.77976),
('console', 66, 'node', 4.09996),
('console', 67, 'node', 4.65027),
('console', 68, 'node', 0.949597),
('console', 69, 'node', 1),
('console', 72, 'node', 3),
('console', 73, 'node', 2.81991),
('console', 76, 'node', 3.56661),
('console', 77, 'node', 2.89205),
('consoli', 37, 'node', 1),
('consoli', 70, 'node', 1),
('consoli', 71, 'node', 1.80545),
('contare', 62, 'node', 0.976851),
('contare', 64, 'node', 0.98493),
('contemporanei', 58, 'node', 0.771698),
('contemporanei', 72, 'node', 0.63167),
('conteneva', 72, 'node', 0.808176),
('contenuto', 7, 'node', 0.972861),
('contesto', 7, 'node', 0.968904),
('continuando', 62, 'node', 0.957226),
('continuando', 64, 'node', 0.96498),
('contribuire', 7, 'node', 1),
('conventi', 73, 'node', 0.810915),
('convergevano', 55, 'node', 1),
('convergevano', 76, 'node', 0.469016),
('convergevano', 77, 'node', 1),
('convertito', 10, 'node', 1),
('convertito', 72, 'node', 0.523573),
('convertito', 73, 'node', 1),
('copiare', 72, 'node', 0.691597),
('coprendo', 74, 'node', 0.727213),
('corpi', 74, 'node', 1),
('corre', 72, 'node', 0.618696),
('corrispondenza', 71, 'node', 0.699655),
('corrono', 74, 'node', 1),
('corruptum', 72, 'node', 1),
('corruptum', 73, 'node', 1),
('corso', 40, 'node', 1),
('corso', 49, 'node', 1),
('corte', 66, 'node', 0.76431),
('corte', 67, 'node', 0.857458),
('cortile', 28, 'node', 1),
('corto', 62, 'node', 1.90929),
('corto', 64, 'node', 1.92474),
('cosa', 7, 'node', 26),
('cosa', 62, 'node', 0.845322),
('cosa', 64, 'node', 0.857458),
('così', 55, 'node', 1),
('così', 58, 'node', 0.892724),
('così', 60, 'node', 1.7974),
('così', 61, 'node', 0.913226),
('così', 67, 'node', 0.641769),
('così', 76, 'node', 0.529288),
('cosmico', 69, 'node', 0.805455),
('costanzo', 58, 'node', 1),
('costituirà', 62, 'node', 0.661163),
('costituiscono', 74, 'node', 0.913226),
('costituito', 69, 'node', 1),
('costituiva', 67, 'node', 0.845322),
('costruì', 70, 'node', 1),
('costruì', 71, 'node', 1),
('costruire', 28, 'node', 1),
('costruire', 31, 'node', 1),
('costruire', 34, 'node', 1),
('costruire', 52, 'node', 1),
('costruire', 55, 'node', 2),
('costruire', 72, 'node', 1.02938),
('costruire', 73, 'node', 2),
('costruite', 40, 'node', 1),
('costruite', 55, 'node', 1),
('costruite', 76, 'node', 0.742984),
('costruito', 10, 'node', 1),
('costruito', 46, 'node', 1),
('costruito', 49, 'node', 1),
('costruito', 72, 'node', 0.530446),
('costruito', 73, 'node', 1),
('costruito', 74, 'node', 0.774192),
('costruttiva', 78, 'node', 1),
('costruttiva', 80, 'node', 1),
('costruttore', 71, 'node', 0.909743),
('costruzione', 55, 'node', 1),
('costruzione', 60, 'node', 1.74038),
('costruzione', 72, 'node', 0.902857),
('costruzione', 74, 'node', 1),
('costruzione', 76, 'node', 0.504001),
('covergevano', 19, 'node', 1),
('creare', 60, 'node', 0.923838),
('creare', 72, 'node', 0.76431),
('creato', 64, 'node', 0.610858),
('credere', 60, 'node', 1),
('crediti', 67, 'node', 0.592848),
('criptico', 60, 'node', 0.810915),
('cristiana', 10, 'node', 1),
('cristiana', 52, 'node', 1),
('cristiana', 72, 'node', 0.521322),
('cristiana', 73, 'node', 1),
('critica', 76, 'node', 0.522445),
('critico', 61, 'node', 3.55759),
('critico', 70, 'node', 3.9235),
('critico', 73, 'node', 3.46717),
('crollate', 76, 'node', 0.808176),
('crollate', 77, 'node', 0.676032),
('crollò', 46, 'node', 1),
('crossetto', 75, 'node', 1),
('cui', 7, 'node', 1.87634),
('cui', 16, 'node', 1),
('cui', 19, 'node', 1),
('cui', 43, 'node', 1),
('cui', 55, 'node', 1),
('cui', 62, 'node', 1.22807),
('cui', 67, 'node', 0.580033),
('cui', 69, 'node', 1.74967),
('cui', 71, 'node', 0.668514),
('cui', 72, 'node', 1.69925),
('cui', 74, 'node', 2.60196),
('cui', 76, 'node', 1.56801),
('cui', 77, 'node', 1),
('culti', 58, 'node', 0.716357),
('culto', 72, 'node', 1.75946),
('culto', 73, 'node', 0.892724),
('cultu', 72, 'node', 1),
('cultu', 73, 'node', 1),
('cum', 72, 'node', 1),
('cum', 73, 'node', 1),
('cum', 76, 'node', 1),
('cum', 77, 'node', 0.830633),
('cupola', 72, 'node', 0.792123),
('cur', 70, 'node', 4),
('cur', 71, 'node', 4),
('curatela', 71, 'node', 0.886095),
('curator', 71, 'node', 0.892724),
('curatore', 37, 'node', 1),
('curatore', 70, 'node', 2),
('curatore', 71, 'node', 1.26004),
('curavit', 76, 'node', 2),
('curavit', 77, 'node', 1.78768),
('curò', 76, 'node', 0.830633),
('curò', 77, 'node', 0.687638),
('curtiam', 76, 'node', 2),
('curtiam', 77, 'node', 1.75557),
('curtius', 76, 'node', 1),
('curtius', 77, 'node', 1),
('curzia', 76, 'node', 3.23131),
('curzia', 77, 'node', 2.12343),
('dacia', 11, 'node', 1),
('dacia', 28, 'node', 1),
('dacia', 60, 'node', 0.674137),
('dacia', 61, 'node', 1),
('daciche', 60, 'node', 1.75707),
('dacico', 60, 'node', 2),
('dacico', 61, 'node', 1.98493),
('dagli', 67, 'node', 0.615536),
('daguetgagey', 66, 'node', 0.727213),
('daguetgagey', 73, 'node', 0.822065),
('dai', 37, 'node', 1),
('dai', 67, 'node', 1.57076),
('dai', 71, 'node', 1.54432),
('dal', 7, 'node', 1),
('dal', 34, 'node', 1),
('dal', 46, 'node', 1),
('dal', 49, 'node', 1),
('dal', 58, 'node', 0.781775),
('dal', 60, 'node', 1.73614),
('dal', 62, 'node', 2.08149),
('dal', 64, 'node', 1.48069),
('dal', 67, 'node', 1.19207),
('dal', 68, 'node', 2),
('dal', 69, 'node', 1.72283),
('dal', 70, 'node', 2),
('dal', 71, 'node', 1.2617),
('dal', 72, 'node', 1.81092),
('dal', 73, 'node', 0.876337),
('dal', 74, 'node', 1.79212),
('dal', 76, 'node', 2.48825),
('dal', 77, 'node', 2.0657),
('dall', 28, 'node', 1),
('dall', 34, 'node', 2),
('dall', 55, 'node', 1),
('dall', 60, 'node', 0.657549),
('dall', 61, 'node', 1),
('dall', 62, 'node', 2.63512),
('dall', 64, 'node', 2.66973),
('dall', 67, 'node', 0.703756),
('dall', 69, 'node', 2.3492),
('dall', 74, 'node', 1.44322),
('dall', 76, 'node', 2.67802),
('dalla', 34, 'node', 1),
('dalla', 46, 'node', 1),
('dalla', 52, 'node', 1),
('dalla', 60, 'node', 1.54144),
('dalla', 69, 'node', 0.800068),
('dalla', 71, 'node', 0.71),
('dalla', 72, 'node', 0.794753),
('dalla', 74, 'node', 1),
('dalla', 76, 'node', 0.802752),
('dalla', 77, 'node', 0.672252),
('dalle', 65, 'node', 0.876337),
('dalle', 67, 'node', 0.774192),
('dalle', 71, 'node', 0.731649),
('dalle', 72, 'node', 1),
('dalle', 76, 'node', 2.3753),
('dalle', 77, 'node', 1.4092),
('damnatio', 67, 'node', 0.757065),
('danesi', 66, 'node', 0.754681),
('danneggiamento', 76, 'node', 0.542319),
('danneggiata', 60, 'node', 0.839384),
('danneggiato', 46, 'node', 1),
('danneggiato', 72, 'node', 1),
('danneggiato', 73, 'node', 0.879565),
('danni', 71, 'node', 0.740689),
('data', 58, 'node', 2.79862),
('data', 59, 'node', 4),
('data', 60, 'node', 2.75055),
('data', 61, 'node', 4),
('data', 62, 'node', 2.40088),
('data', 63, 'node', 4),
('data', 64, 'node', 2.3831),
('data', 65, 'node', 4),
('data', 66, 'node', 4),
('data', 67, 'node', 1.85818),
('data', 68, 'node', 4),
('data', 69, 'node', 2.8569),
('data', 70, 'node', 4),
('data', 71, 'node', 2.6374),
('data', 72, 'node', 2.81105),
('data', 73, 'node', 4),
('data', 74, 'node', 2.53332),
('data', 75, 'node', 4),
('data', 76, 'node', 1.92425),
('data', 77, 'node', 4),
('datazione', 58, 'node', 2.8068),
('datazione', 59, 'node', 4),
('datazione', 60, 'node', 2.75845),
('datazione', 61, 'node', 4),
('datazione', 62, 'node', 2.40686),
('datazione', 63, 'node', 4),
('datazione', 64, 'node', 2.39492),
('datazione', 65, 'node', 4),
('datazione', 66, 'node', 4),
('datazione', 67, 'node', 1.86529),
('datazione', 68, 'node', 4),
('datazione', 69, 'node', 2.86543),
('datazione', 70, 'node', 4),
('datazione', 71, 'node', 2.64465),
('datazione', 72, 'node', 2.17415),
('datazione', 73, 'node', 4),
('datazione', 74, 'node', 3.44617),
('datazione', 75, 'node', 4),
('datazione', 76, 'node', 1.92806),
('datazione', 77, 'node', 4),
('dato', 52, 'node', 1),
('dato', 71, 'node', 1),
('dato', 76, 'node', 1.23586),
('davanti', 46, 'node', 1),
('davanti', 49, 'node', 1),
('davanti', 55, 'node', 1),
('debba', 67, 'node', 0.496787),
('deciderai', 7, 'node', 1),
('decise', 67, 'node', 0.510357),
('decisione', 70, 'node', 1),
('decisione', 71, 'node', 1),
('declarandum', 60, 'node', 1),
('declarandum', 61, 'node', 1),
('decorativo', 49, 'node', 1),
('decorativo', 72, 'node', 0.591395),
('decorativo', 74, 'node', 1),
('dedica', 43, 'node', 1),
('dedica', 58, 'node', 0.729424),
('dedica', 60, 'node', 2),
('dedica', 67, 'node', 0.486839),
('dedica', 69, 'node', 0.740689),
('dedica', 74, 'node', 0.662985),
('dedicato', 10, 'node', 1),
('dedicato', 46, 'node', 1),
('dedicato', 49, 'node', 1),
('dedicato', 67, 'node', 0.617112),
('dedicato', 68, 'node', 1),
('dedicato', 69, 'node', 0.687638),
('dedicato', 72, 'node', 2.28635),
('dedicato', 73, 'node', 1.89272),
('dedicatoria', 67, 'node', 0.827757),
('dedit', 58, 'node', 2),
('dedit', 59, 'node', 2),
('dedit', 68, 'node', 1.98493),
('dedit', 69, 'node', 2),
('definitivamente', 69, 'node', 0.786915),
('definizione', 58, 'node', 2.6374),
('definizione', 59, 'node', 4),
('definizione', 60, 'node', 2.60881),
('definizione', 61, 'node', 4),
('definizione', 62, 'node', 2.29806),
('definizione', 63, 'node', 4),
('definizione', 64, 'node', 2.29261),
('definizione', 65, 'node', 4),
('definizione', 66, 'node', 4),
('definizione', 67, 'node', 1.82685),
('definizione', 68, 'node', 4),
('definizione', 69, 'node', 2.6374),
('definizione', 70, 'node', 4),
('definizione', 71, 'node', 2.5135),
('definizione', 72, 'node', 2.05439),
('definizione', 73, 'node', 4),
('definizione', 74, 'node', 2.41893),
('definizione', 75, 'node', 4),
('definizione', 76, 'node', 1.83718),
('definizione', 77, 'node', 4),
('degli', 4, 'node', 2.2),
('degli', 16, 'node', 38),
('degli', 19, 'node', 1),
('degli', 43, 'node', 26),
('degli', 55, 'node', 1),
('degli', 58, 'node', 0.942091),
('degli', 60, 'node', 0.786915),
('degli', 66, 'node', 33.1557),
('degli', 67, 'node', 32.7111),
('degli', 71, 'node', 3.05439),
('degli', 72, 'node', 0.693594),
('degli', 76, 'node', 0.467218),
('degli', 77, 'node', 1),
('degli', 78, 'node', 2),
('degli', 79, 'node', 1),
('degli', 80, 'node', 1),
('dei', 14, 'node', 1),
('dei', 18, 'node', 1),
('dei', 28, 'node', 1),
('dei', 31, 'node', 1),
('dei', 43, 'node', 1),
('dei', 46, 'node', 1.98493),
('dei', 49, 'node', 1),
('dei', 58, 'node', 2.27358),
('dei', 59, 'node', 2.8894),
('dei', 62, 'node', 2.97269),
('dei', 63, 'node', 3),
('dei', 64, 'node', 2.41987),
('dei', 65, 'node', 1.89608),
('dei', 67, 'node', 0.947167),
('dei', 71, 'node', 1.738),
('dei', 72, 'node', 3.47734),
('dei', 73, 'node', 0.882818),
('dei', 74, 'node', 2.61019),
('dei', 78, 'node', 1),
('dei', 81, 'node', 1),
('del', 4, 'node', 6.6),
('del', 7, 'node', 2.94177),
('del', 10, 'node', 1),
('del', 12, 'node', 39),
('del', 13, 'node', 39),
('del', 16, 'node', 1),
('del', 17, 'node', 1),
('del', 18, 'node', 39),
('del', 31, 'node', 2),
('del', 34, 'node', 1),
('del', 37, 'node', 1),
('del', 40, 'node', 1),
('del', 46, 'node', 3),
('del', 49, 'node', 34.8226),
('del', 52, 'node', 3),
('del', 55, 'node', 3),
('del', 57, 'node', 1),
('del', 58, 'node', 34.4232),
('del', 59, 'node', 41),
('del', 60, 'node', 7.94509),
('del', 61, 'node', 12.9973),
('del', 62, 'node', 8.36645),
('del', 63, 'node', 14),
('del', 64, 'node', 10.1622),
('del', 65, 'node', 13.8371),
('del', 66, 'node', 25.0014),
('del', 67, 'node', 18.7351),
('del', 68, 'node', 13.9769),
('del', 69, 'node', 9.15807),
('del', 70, 'node', 14.9973),
('del', 71, 'node', 10.3145),
('del', 72, 'node', 8.22619),
('del', 73, 'node', 13),
('del', 74, 'node', 12.8565),
('del', 75, 'node', 21),
('del', 76, 'node', 4.96959),
('del', 77, 'node', 13.3584),
('delimitavano', 62, 'node', 1),
('delimitavano', 63, 'node', 1),
('delimitavano', 64, 'node', 1),
('delimitavano', 65, 'node', 1),
('delimitò', 62, 'node', 1),
('delimitò', 63, 'node', 0.896076),
('delineava', 62, 'node', 0.571798),
('delineava', 63, 'node', 1),
('delineava', 64, 'node', 0.570448),
('delineava', 65, 'node', 1),
('dell', 10, 'node', 1),
('dell', 11, 'node', 1),
('dell', 31, 'node', 2),
('dell', 34, 'node', 3),
('dell', 46, 'node', 2.80666),
('dell', 49, 'node', 1.98493),
('dell', 55, 'node', 3.99731),
('dell', 58, 'node', 4.81638),
('dell', 59, 'node', 1),
('dell', 60, 'node', 3.35606),
('dell', 61, 'node', 1),
('dell', 62, 'node', 3.58188),
('dell', 63, 'node', 0.906287),
('dell', 64, 'node', 4.39336),
('dell', 66, 'node', 1.62304),
('dell', 67, 'node', 2.39374),
('dell', 68, 'node', 1),
('dell', 69, 'node', 3.04765),
('dell', 71, 'node', 1.61905),
('dell', 72, 'node', 2.08306),
('dell', 73, 'node', 1),
('dell', 74, 'node', 1.76922),
('dell', 76, 'node', 6.37939),
('dell', 77, 'node', 1.47031),
('della', 7, 'node', 1.94209),
('della', 10, 'node', 1),
('della', 11, 'node', 1),
('della', 12, 'node', 1),
('della', 16, 'node', 2),
('della', 17, 'node', 1),
('della', 28, 'node', 3),
('della', 31, 'node', 1),
('della', 40, 'node', 2),
('della', 43, 'node', 3),
('della', 46, 'node', 2),
('della', 49, 'node', 2),
('della', 52, 'node', 1),
('della', 55, 'node', 3),
('della', 58, 'node', 2.51066),
('della', 59, 'node', 1),
('della', 60, 'node', 4.6307),
('della', 61, 'node', 5.91124),
('della', 62, 'node', 5.52913),
('della', 63, 'node', 1.8967),
('della', 64, 'node', 5.91269),
('della', 65, 'node', 3.78201),
('della', 66, 'node', 6.71225),
('della', 67, 'node', 11.7631),
('della', 68, 'node', 0.938382),
('della', 69, 'node', 1.85439);
INSERT INTO `search_index` (`word`, `sid`, `type`, `score`) VALUES
('della', 71, 'node', 1.71423),
('della', 72, 'node', 7.74168),
('della', 73, 'node', 5.76556),
('della', 74, 'node', 2.48065),
('della', 75, 'node', 4),
('della', 76, 'node', 6.87183),
('della', 77, 'node', 7.09732),
('della', 78, 'node', 1),
('della', 80, 'node', 1),
('delle', 4, 'node', 26),
('delle', 19, 'node', 1),
('delle', 28, 'node', 1),
('delle', 37, 'node', 1),
('delle', 40, 'node', 1),
('delle', 49, 'node', 0.916736),
('delle', 55, 'node', 2),
('delle', 60, 'node', 1.6522),
('delle', 61, 'node', 1.85439),
('delle', 62, 'node', 0.931053),
('delle', 64, 'node', 0.938382),
('delle', 67, 'node', 0.500884),
('delle', 70, 'node', 3),
('delle', 71, 'node', 3.72655),
('delle', 72, 'node', 1.65044),
('delle', 74, 'node', 1.71),
('delle', 76, 'node', 2.7252),
('delle', 77, 'node', 2.33399),
('delle', 78, 'node', 4.4),
('delle', 80, 'node', 37),
('delle', 81, 'node', 37),
('dello', 7, 'node', 0.96498),
('dello', 60, 'node', 1.4303),
('dello', 62, 'node', 0.643484),
('dello', 69, 'node', 0.957226),
('demolì', 55, 'node', 1),
('demolita', 76, 'node', 0.689612),
('demolizione', 40, 'node', 1),
('demolizione', 52, 'node', 1),
('deperibile', 7, 'node', 1),
('deputati', 59, 'node', 0.889397),
('derivare', 72, 'node', 0.813674),
('desig', 64, 'node', 2),
('desig', 65, 'node', 2),
('desig', 76, 'node', 1),
('desig', 77, 'node', 0.931053),
('designato', 64, 'node', 2),
('designato', 65, 'node', 1.88798),
('designato', 76, 'node', 0.879565),
('designato', 77, 'node', 0.716357),
('desistere', 46, 'node', 1),
('destinate', 7, 'node', 0.873132),
('destinate', 67, 'node', 0.58995),
('destra', 13, 'node', 1),
('destra', 70, 'node', 5),
('destra', 71, 'node', 5),
('destro', 62, 'node', 0.920273),
('destro', 64, 'node', 9.82351),
('destro', 65, 'node', 7.6529),
('detriti', 71, 'node', 0.736141),
('dettata', 74, 'node', 0.657549),
('deviò', 76, 'node', 0.519091),
('devoti', 66, 'node', 3.47471),
('devoti', 67, 'node', 3.76457),
('dgionta', 66, 'node', 0.742984),
('dgionta', 73, 'node', 0.839384),
('dice', 76, 'node', 0.558589),
('dichiara', 74, 'node', 0.980874),
('diede', 58, 'node', 1),
('diede', 59, 'node', 0.972861),
('diede', 68, 'node', 0.906287),
('diede', 69, 'node', 1),
('dietro', 62, 'node', 0.766757),
('dietro', 64, 'node', 0.774192),
('difensive', 40, 'node', 1),
('difficilmente', 72, 'node', 0.670377),
('difficoltà', 60, 'node', 0.863659),
('difficoltà', 74, 'node', 0.830633),
('diffile', 46, 'node', 1),
('diffuso', 7, 'node', 0.923838),
('diffuso', 74, 'node', 0.879565),
('dilapsae', 76, 'node', 1),
('dilapsae', 77, 'node', 0.813674),
('dilapsaque', 76, 'node', 1),
('dilapsaque', 77, 'node', 0.892724),
('dimenticato', 74, 'node', 0.784336),
('dimostra', 62, 'node', 0.902857),
('dimostra', 64, 'node', 0.913226),
('dinastia', 49, 'node', 1),
('dinastia', 76, 'node', 0.507159),
('dinastico', 72, 'node', 0.759465),
('dio', 46, 'node', 1),
('dio', 49, 'node', 1),
('dione', 72, 'node', 0.824901),
('dipinte', 7, 'node', 1),
('direttamente', 76, 'node', 0.623497),
('discussioni', 72, 'node', 0.949597),
('disgrazia', 67, 'node', 0.731649),
('disperse', 76, 'node', 0.854391),
('disperse', 77, 'node', 0.7017),
('disposti', 67, 'node', 0.491762),
('dissotterrati', 58, 'node', 0.863659),
('distanza', 62, 'node', 2.80582),
('distanza', 64, 'node', 2.82656),
('distanza', 76, 'node', 0.640063),
('distinte', 55, 'node', 1),
('disuso', 49, 'node', 1),
('divampato', 72, 'node', 0.738408),
('diversa', 69, 'node', 0.733888),
('diversi', 77, 'node', 1),
('diversi', 78, 'node', 1),
('diversi', 79, 'node', 1),
('dìvì', 58, 'node', 2),
('dìvì', 59, 'node', 2),
('divi', 60, 'node', 1),
('divi', 61, 'node', 1),
('dìvì', 68, 'node', 2),
('dìvì', 69, 'node', 2),
('divi', 76, 'node', 1),
('divi', 77, 'node', 0.866793),
('divinità', 10, 'node', 1),
('divinità', 58, 'node', 0.727213),
('divinità', 69, 'node', 0.738408),
('divinità', 72, 'node', 2.10477),
('divinità', 73, 'node', 1),
('divo', 58, 'node', 1),
('divo', 59, 'node', 1),
('divo', 60, 'node', 1),
('divo', 61, 'node', 0.997306),
('divo', 68, 'node', 0.976851),
('divo', 69, 'node', 1),
('divo', 76, 'node', 6.32452),
('divo', 77, 'node', 5.34476),
('divus', 65, 'node', 0.902857),
('dobbiamo', 71, 'node', 0.754681),
('domenico', 49, 'node', 0.931053),
('dominio', 58, 'node', 1),
('dominio', 59, 'node', 0.980874),
('dominio', 68, 'node', 0.913226),
('dominio', 69, 'node', 1),
('domiziano', 72, 'node', 0.731649),
('domna', 67, 'node', 0.78951),
('domus', 76, 'node', 0.514686),
('dono', 52, 'node', 1),
('dono', 58, 'node', 1),
('dono', 59, 'node', 0.968904),
('dono', 68, 'node', 0.902857),
('dono', 69, 'node', 1),
('donò', 72, 'node', 0.556022),
('dónum', 58, 'node', 2),
('dónum', 59, 'node', 2),
('dónum', 68, 'node', 1.98493),
('dónum', 69, 'node', 2),
('dopo', 31, 'node', 1),
('dopo', 37, 'node', 1),
('dopo', 46, 'node', 1),
('dopo', 49, 'node', 3),
('dopo', 58, 'node', 0.792123),
('dopo', 62, 'node', 1),
('dopo', 63, 'node', 0.920273),
('dopo', 64, 'node', 2.23115),
('dopo', 65, 'node', 0.938382),
('dopo', 66, 'node', 7.02459),
('dopo', 67, 'node', 8.88291),
('dopo', 68, 'node', 1),
('dopo', 69, 'node', 1.45849),
('doppio', 76, 'node', 0.72066),
('dove', 28, 'node', 1),
('dove', 31, 'node', 1),
('dove', 37, 'node', 1),
('dove', 40, 'node', 1),
('dove', 46, 'node', 2),
('dove', 49, 'node', 1),
('dove', 69, 'node', 1.85439),
('dove', 71, 'node', 0.625114),
('dove', 72, 'node', 0.854391),
('dovettero', 46, 'node', 0.993146),
('drusi', 62, 'node', 1),
('drusi', 63, 'node', 1),
('drusi', 76, 'node', 1),
('drusi', 77, 'node', 1),
('druso', 62, 'node', 1),
('druso', 63, 'node', 1),
('druso', 76, 'node', 1),
('druso', 77, 'node', 0.794753),
('due', 28, 'node', 1),
('due', 46, 'node', 0.913226),
('due', 55, 'node', 2),
('due', 58, 'node', 2.52432),
('due', 67, 'node', 1.30047),
('due', 68, 'node', 1),
('due', 69, 'node', 0.749958),
('due', 71, 'node', 3.66357),
('due', 74, 'node', 0.645209),
('due', 76, 'node', 0.567769),
('duplice', 55, 'node', 1),
('duplice', 67, 'node', 0.530446),
('durante', 34, 'node', 1),
('durante', 62, 'node', 1),
('durante', 63, 'node', 0.945829),
('durante', 64, 'node', 0.638366),
('durante', 71, 'node', 1),
('durante', 72, 'node', 0.889397),
('early', 68, 'node', 0.876337),
('ebraico', 67, 'node', 0.467218),
('eccetto', 62, 'node', 0.731649),
('eccetto', 64, 'node', 0.738408),
('economica', 74, 'node', 1),
('edes', 64, 'node', 1),
('edes', 65, 'node', 1),
('edificio', 10, 'node', 1),
('edificio', 52, 'node', 2),
('edificio', 72, 'node', 1.63416),
('edificio', 73, 'node', 3),
('edificio', 75, 'node', 1),
('edificio', 77, 'node', 1),
('edilizio', 72, 'node', 0.863659),
('edrprogrammi', 59, 'node', 9.29854),
('edrprogrammi', 61, 'node', 8.77142),
('edrprogrammi', 63, 'node', 9.43203),
('edrprogrammi', 65, 'node', 9.29854),
('edrprogrammi', 66, 'node', 7.7187),
('edrprogrammi', 68, 'node', 8.92007),
('edrprogrammi', 70, 'node', 10.0072),
('edrprogrammi', 73, 'node', 8.68461),
('edrprogrammi', 75, 'node', 11),
('edrprogrammi', 77, 'node', 7.04069),
('efecti', 66, 'node', 1),
('efecti', 67, 'node', 1),
('effettuato', 34, 'node', 1),
('effettuato', 62, 'node', 0.854391),
('effettuato', 64, 'node', 0.869951),
('egestus', 60, 'node', 1),
('egestus', 61, 'node', 1),
('egitto', 17, 'node', 1),
('egitto', 18, 'node', 1),
('egitto', 46, 'node', 1),
('egitto', 49, 'node', 2),
('egitto', 58, 'node', 2.46677),
('egitto', 59, 'node', 2.88373),
('egitto', 68, 'node', 0.920273),
('egitto', 69, 'node', 1),
('egizi', 58, 'node', 0.747619),
('egizia', 49, 'node', 1),
('egizio', 49, 'node', 0.876337),
('egizio', 68, 'node', 1),
('egizio', 69, 'node', 1.40077),
('egli', 69, 'node', 1),
('egli', 71, 'node', 0.906287),
('egyptian', 59, 'node', 0.957226),
('egyptian', 68, 'node', 0.860547),
('egyptianing', 59, 'node', 0.949597),
('egyptianizing', 68, 'node', 0.854391),
('eidemque', 70, 'node', 1),
('eidemque', 71, 'node', 1),
('elemento', 49, 'node', 1),
('eletto', 60, 'node', 1),
('eletto', 61, 'node', 0.949597),
('elevata', 74, 'node', 1),
('eliopoli', 17, 'node', 1),
('eliopoli', 18, 'node', 1),
('eliopoli', 46, 'node', 2),
('eliopoli', 49, 'node', 2),
('eliopoli', 58, 'node', 0.661163),
('eliopoli', 59, 'node', 1),
('eliopoli', 68, 'node', 2),
('eliopoli', 69, 'node', 0.661163),
('empire', 68, 'node', 0.873132),
('enatus', 70, 'node', 2),
('enatus', 71, 'node', 2),
('entità', 60, 'node', 0.752312),
('entrambi', 55, 'node', 1),
('entrambi', 58, 'node', 0.913226),
('entrare', 62, 'node', 0.736141),
('entrare', 64, 'node', 0.742984),
('entro', 62, 'node', 0.76431),
('entro', 64, 'node', 0.771698),
('eorum', 66, 'node', 1.89932),
('eorum', 67, 'node', 2),
('epigrafe', 7, 'node', 4),
('epigrafe', 28, 'node', 2),
('epigrafe', 40, 'node', 2),
('epigrafe', 43, 'node', 1),
('epigrafe', 58, 'node', 1.43499),
('epigrafe', 59, 'node', 1),
('epigrafe', 69, 'node', 0.655756),
('epigrafe', 72, 'node', 0.961087),
('epigrafe', 73, 'node', 2),
('epigrafe', 76, 'node', 0.615536),
('epigrafe', 77, 'node', 1),
('epigrafi', 4, 'node', 27),
('epigrafi', 7, 'node', 27.8927),
('epigrafi', 25, 'node', 1),
('epigrafi', 46, 'node', 0.909743),
('epigrafi', 61, 'node', 0.866793),
('epigrafi', 74, 'node', 0.816452),
('epigrafi', 78, 'node', 3),
('epigrafi', 79, 'node', 1),
('epigrafi', 81, 'node', 1),
('epigrafia', 66, 'node', 0.749958),
('epigrafia', 73, 'node', 0.845322),
('epigrafia', 76, 'node', 0.581429),
('epigrafica', 7, 'node', 0.949597),
('epigrafisti', 60, 'node', 0.784336),
('epoca', 17, 'node', 1),
('epoca', 18, 'node', 1),
('epoca', 58, 'node', 1.33707),
('epoca', 59, 'node', 2),
('epoca', 69, 'node', 1.33333),
('epoca', 76, 'node', 0.566439),
('equinozio', 69, 'node', 0.819249),
('equo', 76, 'node', 0.646943),
('era', 12, 'node', 1),
('era', 17, 'node', 1),
('era', 28, 'node', 1),
('era', 34, 'node', 1),
('era', 46, 'node', 1),
('era', 49, 'node', 1),
('era', 62, 'node', 3.2824),
('era', 64, 'node', 3.31631),
('era', 69, 'node', 2.88282),
('era', 71, 'node', 1),
('era', 72, 'node', 1.50287),
('era', 74, 'node', 1.87957),
('erano', 7, 'node', 0.876337),
('erano', 58, 'node', 0.949597),
('erano', 60, 'node', 0.725015),
('erano', 67, 'node', 0.60322),
('erano', 69, 'node', 0.993146),
('erano', 71, 'node', 0.691597),
('erase', 67, 'node', 0.805455),
('eraso', 67, 'node', 0.636679),
('erator', 58, 'node', 4),
('erator', 59, 'node', 4),
('erator', 62, 'node', 1),
('erator', 63, 'node', 1),
('erator', 64, 'node', 2),
('erator', 65, 'node', 2),
('erator', 68, 'node', 3),
('erator', 69, 'node', 3),
('erator', 72, 'node', 1),
('erator', 73, 'node', 1),
('erator', 76, 'node', 3),
('erator', 77, 'node', 2.77751),
('eratori', 60, 'node', 2),
('eratori', 61, 'node', 2),
('eratori', 66, 'node', 5.84879),
('eratori', 67, 'node', 6),
('eratoris', 66, 'node', 1.94209),
('eratoris', 67, 'node', 2),
('eretta', 43, 'node', 1),
('eretto', 16, 'node', 1),
('eretto', 58, 'node', 0.805455),
('eretto', 69, 'node', 2.58949),
('ergeva', 60, 'node', 0.945829),
('erme', 71, 'node', 1),
('esaltare', 60, 'node', 1.76431),
('esattamente', 74, 'node', 0.845322),
('escluso', 62, 'node', 0.674137),
('escluso', 64, 'node', 0.679856),
('esecutore', 49, 'node', 0.920273),
('eseguite', 7, 'node', 1),
('eseguiti', 34, 'node', 1),
('eseguiti', 64, 'node', 0.630018),
('eseguiti', 72, 'node', 0.610858),
('eseguiti', 76, 'node', 0.59873),
('esempio', 62, 'node', 0.60322),
('esempio', 64, 'node', 0.606252),
('esempio', 72, 'node', 0.636679),
('esempio', 76, 'node', 0.571798),
('esercitare', 62, 'node', 0.754681),
('esercitare', 64, 'node', 0.76188),
('esercito', 49, 'node', 1),
('esercito', 62, 'node', 0.733888),
('esercito', 64, 'node', 0.740689),
('esercizio', 67, 'node', 0.646943),
('esilio', 67, 'node', 0.712106),
('esistente', 14, 'node', 1),
('espansione', 62, 'node', 0.63333),
('esposizione', 31, 'node', 1),
('esposizione', 58, 'node', 2.75845),
('esposizione', 59, 'node', 4),
('esposizione', 60, 'node', 2.68151),
('esposizione', 61, 'node', 4),
('esposizione', 62, 'node', 2.33696),
('esposizione', 63, 'node', 5),
('esposizione', 64, 'node', 2.32013),
('esposizione', 65, 'node', 4),
('esposizione', 66, 'node', 4),
('esposizione', 67, 'node', 1.83028),
('esposizione', 68, 'node', 4),
('esposizione', 69, 'node', 2.77437),
('esposizione', 70, 'node', 4),
('esposizione', 71, 'node', 2.57394),
('esposizione', 72, 'node', 2.14526),
('esposizione', 73, 'node', 4),
('esposizione', 74, 'node', 2.45588),
('esposizione', 75, 'node', 4),
('esposizione', 76, 'node', 1.9017),
('esposizione', 77, 'node', 4),
('esposta', 74, 'node', 0.641769),
('esposto', 7, 'node', 1),
('esposto', 13, 'node', 1),
('espressamente', 76, 'node', 0.557303),
('espressione', 67, 'node', 1.7332),
('espressione', 76, 'node', 0.613969),
('esprimere', 74, 'node', 1),
('esquilino', 62, 'node', 0.689612),
('esquilino', 64, 'node', 0.695602),
('essa', 28, 'node', 1),
('essa', 69, 'node', 0.997306),
('essa', 72, 'node', 0.659351),
('essa', 76, 'node', 0.699655),
('esse', 62, 'node', 0.916736),
('esse', 64, 'node', 0.927431),
('essendo', 76, 'node', 0.810915),
('essendo', 77, 'node', 0.677939),
('essent', 76, 'node', 1),
('essent', 77, 'node', 0.810915),
('essenziale', 72, 'node', 0.7017),
('essere', 7, 'node', 3),
('essere', 49, 'node', 1),
('essere', 58, 'node', 0.879565),
('essere', 60, 'node', 0.745294),
('essere', 74, 'node', 0.786915),
('essi', 58, 'node', 0.968904),
('esso', 69, 'node', 0.727213),
('est', 62, 'node', 0.949597),
('est', 64, 'node', 0.957226),
('est', 69, 'node', 0.857458),
('est', 74, 'node', 3.72066),
('est', 75, 'node', 3),
('estate', 58, 'node', 2),
('estate', 59, 'node', 2),
('estate', 60, 'node', 1),
('estate', 61, 'node', 1),
('estate', 62, 'node', 1),
('estate', 63, 'node', 1),
('estate', 64, 'node', 2),
('estate', 65, 'node', 2),
('estate', 68, 'node', 1),
('estate', 69, 'node', 1),
('estate', 76, 'node', 1),
('estate', 77, 'node', 0.938382),
('estensione', 64, 'node', 0.601716),
('esternamente', 40, 'node', 1),
('esterne', 71, 'node', 0.677939),
('esterno', 55, 'node', 1),
('esterno', 71, 'node', 1.79212),
('estese', 64, 'node', 0.650439),
('esteso', 62, 'node', 0.677939),
('esteso', 64, 'node', 0.683725),
('età', 62, 'node', 0.705825),
('età', 64, 'node', 0.712106),
('età', 69, 'node', 0.794753),
('età', 74, 'node', 1.64235),
('etc', 67, 'node', 0.591395),
('eugenio', 37, 'node', 1),
('eurisace', 4, 'node', 2.2),
('eurisace', 15, 'node', 39),
('eurisace', 40, 'node', 27),
('eurisace', 57, 'node', 1),
('eurisace', 74, 'node', 37.6366),
('eurisace', 75, 'node', 36),
('eurysac', 74, 'node', 1),
('eurysac', 75, 'node', 1),
('eurysacis', 74, 'node', 2),
('eurysacis', 75, 'node', 2),
('evento', 7, 'node', 1),
('evergetismo', 76, 'node', 0.604732),
('evince', 74, 'node', 1),
('extraurbana', 71, 'node', 0.827757),
('fabbricazione', 58, 'node', 2.79049),
('fabbricazione', 59, 'node', 4),
('fabbricazione', 60, 'node', 2.7427),
('fabbricazione', 61, 'node', 4),
('fabbricazione', 62, 'node', 2.39492),
('fabbricazione', 63, 'node', 4),
('fabbricazione', 64, 'node', 2.37723),
('fabbricazione', 65, 'node', 4),
('fabbricazione', 66, 'node', 4),
('fabbricazione', 67, 'node', 1.85465),
('fabbricazione', 68, 'node', 4),
('fabbricazione', 69, 'node', 2.84843),
('fabbricazione', 70, 'node', 4),
('fabbricazione', 71, 'node', 2.63019),
('fabbricazione', 72, 'node', 2.16928),
('fabbricazione', 73, 'node', 4),
('fabbricazione', 74, 'node', 2.52668),
('fabbricazione', 75, 'node', 4),
('fabbricazione', 76, 'node', 1.92046),
('fabbricazione', 77, 'node', 4),
('fabricio', 4, 'node', 2.2),
('fabricio', 14, 'node', 38),
('fabricio', 37, 'node', 28),
('fabricio', 57, 'node', 2),
('fabricio', 70, 'node', 38),
('fabricio', 71, 'node', 38.7884),
('fabricius', 70, 'node', 4),
('fabricius', 71, 'node', 4),
('faccia', 62, 'node', 1),
('faccia', 64, 'node', 1),
('facciata', 52, 'node', 1),
('facciata', 73, 'node', 1),
('facciate', 70, 'node', 1),
('faceva', 46, 'node', 1),
('facilitare', 67, 'node', 0.588512),
('faciundum', 70, 'node', 4),
('faciundum', 71, 'node', 4),
('famiglia', 67, 'node', 1.4679),
('famose', 72, 'node', 0.993146),
('far', 72, 'node', 1.03048),
('far', 73, 'node', 2),
('faraone', 17, 'node', 1),
('faraone', 49, 'node', 1),
('faraone', 68, 'node', 2),
('faraone', 69, 'node', 2.33148),
('faraoni', 18, 'node', 1),
('faraoni', 58, 'node', 1.33519),
('faraoni', 59, 'node', 2),
('fare', 25, 'node', 1),
('fare', 62, 'node', 0.738408),
('fare', 64, 'node', 0.745294),
('fare', 78, 'node', 1),
('fascia', 72, 'node', 0.615536),
('fascia', 74, 'node', 1),
('fasi', 74, 'node', 0.942091),
('fatta', 28, 'node', 2),
('fatta', 34, 'node', 1),
('fatta', 55, 'node', 3),
('fatta', 60, 'node', 1),
('fatte', 34, 'node', 1),
('fatte', 76, 'node', 0.549707),
('fatte', 78, 'node', 1),
('fatte', 79, 'node', 1),
('fatto', 37, 'node', 2),
('fatto', 52, 'node', 2),
('fatto', 58, 'node', 1.33895),
('fatto', 59, 'node', 2),
('fatto', 60, 'node', 2.43942),
('fatto', 61, 'node', 1),
('fatto', 67, 'node', 0.521322),
('fatto', 69, 'node', 1.33519),
('fatto', 70, 'node', 1),
('fatto', 71, 'node', 2.03044),
('fatto', 72, 'node', 0.810915),
('fatto', 76, 'node', 0.601716),
('fece', 31, 'node', 1),
('fece', 46, 'node', 1),
('fece', 49, 'node', 0.942091),
('fece', 55, 'node', 4),
('fece', 72, 'node', 1.6916),
('fece', 73, 'node', 0.993146),
('fece', 74, 'node', 0.733888),
('fecero', 46, 'node', 1),
('fecero', 70, 'node', 0.993146),
('fecero', 71, 'node', 1),
('fecit', 72, 'node', 1),
('fecit', 73, 'node', 1),
('felice', 66, 'node', 3.27809),
('felice', 67, 'node', 3.71961),
('felice', 72, 'node', 1),
('felice', 73, 'node', 0.902857),
('felici', 66, 'node', 1.9496),
('felici', 67, 'node', 2),
('felicis', 66, 'node', 1.94209),
('felicis', 67, 'node', 2),
('felicissimo', 66, 'node', 5.30738),
('felicissimo', 67, 'node', 5.7786),
('felicissimoque', 66, 'node', 0.949597),
('felicissimoque', 67, 'node', 1.62511),
('ferma', 71, 'node', 0.648686),
('feroce', 76, 'node', 0.523573),
('figlia', 66, 'node', 0.78951),
('figlia', 67, 'node', 1.6079),
('figlio', 34, 'node', 1),
('figlio', 49, 'node', 3),
('figlio', 58, 'node', 1),
('figlio', 59, 'node', 1),
('figlio', 60, 'node', 1),
('figlio', 61, 'node', 1),
('figlio', 62, 'node', 1),
('figlio', 63, 'node', 1),
('figlio', 64, 'node', 1.86366),
('figlio', 65, 'node', 0.942091),
('figlio', 68, 'node', 0.980874),
('figlio', 69, 'node', 1),
('figlio', 72, 'node', 1),
('figlio', 73, 'node', 1),
('figlio', 76, 'node', 2.3351),
('figlio', 77, 'node', 1.491),
('figura', 67, 'node', 0.725015),
('fil', 68, 'node', 1),
('fil', 69, 'node', 1),
('filiae', 66, 'node', 1),
('filiae', 67, 'node', 1),
('fin', 76, 'node', 1.60286),
('fin', 77, 'node', 1.34265),
('fine', 34, 'node', 1),
('fine', 49, 'node', 0.96498),
('fine', 58, 'node', 1),
('fine', 64, 'node', 0.63333),
('fine', 74, 'node', 0.771698),
('fine', 76, 'node', 0.516879),
('finibus', 62, 'node', 1.60322),
('finibus', 63, 'node', 1),
('finibus', 64, 'node', 1),
('finibus', 65, 'node', 1),
('fino', 58, 'node', 2),
('fino', 62, 'node', 0.670377),
('fino', 64, 'node', 0.676032),
('fino', 72, 'node', 0.655756),
('fino', 74, 'node', 0.681785),
('fissa', 62, 'node', 0.892724),
('fissa', 64, 'node', 0.899454),
('fiume', 37, 'node', 1),
('flaminio', 46, 'node', 1.88282),
('flaminio', 58, 'node', 8),
('flaminio', 59, 'node', 8),
('flavi', 65, 'node', 0.896076),
('flavia', 76, 'node', 1.07122),
('flavius', 65, 'node', 0.863659),
('flombardi', 73, 'node', 0.802752),
('flusso', 76, 'node', 0.554747),
('fluviale', 71, 'node', 0.712106),
('foca', 52, 'node', 1),
('foca', 72, 'node', 0.557303),
('fondamenta', 72, 'node', 0.712106),
('fondamenta', 76, 'node', 0.797402),
('fondamenta', 77, 'node', 0.668514),
('fondata', 62, 'node', 0.802752),
('fondata', 64, 'node', 0.813674),
('fontana', 49, 'node', 0.927431),
('fonte', 76, 'node', 1.28208),
('fonte', 77, 'node', 0.670377),
('fonti', 76, 'node', 1.57439),
('fonti', 77, 'node', 0.738408),
('fontibus', 76, 'node', 1),
('fontibus', 77, 'node', 1),
('forma', 16, 'node', 1),
('forma', 59, 'node', 4),
('forma', 61, 'node', 4),
('forma', 63, 'node', 4),
('forma', 65, 'node', 4),
('forma', 66, 'node', 4),
('forma', 68, 'node', 4),
('forma', 69, 'node', 1),
('forma', 70, 'node', 4),
('forma', 71, 'node', 1.71423),
('forma', 72, 'node', 0.78951),
('forma', 73, 'node', 4),
('forma', 74, 'node', 1),
('forma', 75, 'node', 4),
('forma', 76, 'node', 1.81925),
('forma', 77, 'node', 5.48724),
('formula', 62, 'node', 0.606252),
('fornaio', 15, 'node', 1),
('fornaio', 40, 'node', 3),
('fornaio', 74, 'node', 2.62189),
('fornaio', 75, 'node', 3),
('fornice', 76, 'node', 0.718502),
('fornitura', 76, 'node', 0.574516),
('forniture', 74, 'node', 1),
('forniva', 40, 'node', 1),
('foro', 11, 'node', 1),
('foro', 16, 'node', 1),
('foro', 28, 'node', 1),
('foro', 60, 'node', 2.24175),
('foro', 61, 'node', 2),
('foro', 67, 'node', 1.92456),
('forse', 62, 'node', 1.27267),
('forse', 67, 'node', 0.574516),
('fortificare', 55, 'node', 1),
('fortificata', 74, 'node', 0.699655),
('fortificata', 76, 'node', 0.705825),
('fortissimo', 66, 'node', 5.30738),
('fortissimo', 67, 'node', 6.40372),
('fosse', 72, 'node', 1.4059),
('fra', 28, 'node', 1),
('fra', 46, 'node', 0.902857),
('fra', 71, 'node', 1),
('fratello', 49, 'node', 1),
('fratello', 67, 'node', 0.653974),
('fregi', 60, 'node', 1.75468),
('fregio', 52, 'node', 1),
('fregio', 73, 'node', 1),
('fregio', 74, 'node', 0.949597),
('fronte', 62, 'node', 8),
('fronte', 63, 'node', 8),
('fronte', 64, 'node', 8),
('fronte', 65, 'node', 4),
('frontiera', 62, 'node', 0.635),
('fulvi', 66, 'node', 1),
('fulvi', 67, 'node', 1),
('fulvia', 66, 'node', 0.797402),
('fulvia', 67, 'node', 0.899454),
('fulviae', 66, 'node', 1),
('fulviae', 67, 'node', 1),
('fulvio', 66, 'node', 0.784336),
('fulvio', 67, 'node', 1.66973),
('funebre', 75, 'node', 1),
('funeraria', 60, 'node', 0.718502),
('funerarie', 66, 'node', 0.718502),
('funzionario', 66, 'node', 0.766757),
('funzionario', 67, 'node', 0.860547),
('funzione', 7, 'node', 1.85967),
('funzione', 76, 'node', 0.722831),
('fuoco', 58, 'node', 0.916736),
('furia', 58, 'node', 0.961087),
('furono', 46, 'node', 0.953396),
('furono', 49, 'node', 1.97017),
('furono', 58, 'node', 0.927431),
('furono', 72, 'node', 1),
('furono', 76, 'node', 1.35341),
('furuno', 31, 'node', 1),
('futuro', 67, 'node', 0.519091),
('gaio', 66, 'node', 0.786915),
('gaio', 67, 'node', 0.886095),
('galleria', 7, 'node', 1),
('galleria', 57, 'node', 26),
('gara', 58, 'node', 1),
('gare', 58, 'node', 0.98493),
('generalmente', 7, 'node', 1.98493),
('genere', 58, 'node', 2.63019),
('genere', 59, 'node', 4),
('genere', 60, 'node', 2.60176),
('genere', 61, 'node', 4),
('genere', 62, 'node', 2.29261),
('genere', 63, 'node', 4),
('genere', 64, 'node', 2.28719),
('genere', 65, 'node', 4),
('genere', 66, 'node', 4),
('genere', 67, 'node', 1.82344),
('genere', 68, 'node', 4),
('genere', 69, 'node', 2.63019),
('genere', 70, 'node', 4),
('genere', 71, 'node', 2.50696),
('genere', 72, 'node', 2.05005),
('genere', 73, 'node', 4),
('genere', 74, 'node', 2.41288),
('genere', 75, 'node', 4),
('genere', 76, 'node', 1.83372),
('genere', 77, 'node', 4),
('gens', 72, 'node', 0.752312),
('germ', 60, 'node', 1),
('germ', 61, 'node', 1),
('germania', 34, 'node', 1),
('germanico', 60, 'node', 1),
('germanico', 61, 'node', 0.989021),
('germanico', 62, 'node', 1),
('germanico', 63, 'node', 0.989021),
('germanico', 76, 'node', 1),
('germanico', 77, 'node', 0.786915),
('germanicus', 62, 'node', 1),
('germanicus', 63, 'node', 1),
('germanicus', 76, 'node', 1),
('germanicus', 77, 'node', 1),
('geroglifici', 49, 'node', 1),
('geta', 66, 'node', 0.800068),
('geta', 67, 'node', 2.34812),
('getae', 66, 'node', 1),
('getae', 67, 'node', 1),
('gettata', 62, 'node', 0.797402),
('gettata', 64, 'node', 0.808176),
('già', 46, 'node', 1),
('già', 49, 'node', 1),
('già', 71, 'node', 0.689612),
('giaceva', 46, 'node', 1),
('gigantesco', 69, 'node', 1),
('giorgio', 43, 'node', 1),
('giorgio', 66, 'node', 2),
('giorgio', 67, 'node', 0.915144),
('giorno', 69, 'node', 1.68477),
('giovanni', 49, 'node', 1),
('giovanni', 58, 'node', 1),
('giri', 58, 'node', 1),
('giulia', 66, 'node', 1.64875),
('giulia', 67, 'node', 2.66182),
('gli', 34, 'node', 1),
('gli', 58, 'node', 2.38227),
('gli', 59, 'node', 0.902857),
('gli', 60, 'node', 0.873132),
('gli', 64, 'node', 0.636679),
('gli', 66, 'node', 1.58722),
('gli', 67, 'node', 2.36254),
('gli', 69, 'node', 0.949597),
('gli', 71, 'node', 1),
('gli', 72, 'node', 1.93838),
('gli', 73, 'node', 0.886095),
('gli', 74, 'node', 0.800068),
('gli', 76, 'node', 0.526987),
('globo', 46, 'node', 0.942091),
('gnomone', 17, 'node', 1),
('gnomone', 46, 'node', 1),
('gnomone', 69, 'node', 1),
('gradinata', 49, 'node', 0.889397),
('grado', 7, 'node', 0.920273),
('grado', 67, 'node', 0.506102),
('gran', 64, 'node', 0.659351),
('gran', 67, 'node', 0.822065),
('grande', 49, 'node', 1),
('grande', 58, 'node', 1),
('grande', 72, 'node', 0.957226),
('grande', 76, 'node', 1.84475),
('grandi', 60, 'node', 1.7974),
('grandi', 61, 'node', 0.909743),
('grandioso', 67, 'node', 0.587082),
('grandioso', 72, 'node', 0.869951),
('granito', 46, 'node', 0.980874),
('grazie', 34, 'node', 1),
('grazie', 40, 'node', 1),
('grazie', 74, 'node', 1),
('greca', 7, 'node', 0.934703),
('greca', 74, 'node', 1),
('greco', 7, 'node', 1),
('greco', 69, 'node', 0.729424),
('gregorio', 55, 'node', 1),
('guardando', 60, 'node', 1),
('guardare', 7, 'node', 1),
('guerre', 60, 'node', 1.75707),
('hanno', 71, 'node', 1),
('heliopolis', 46, 'node', 1),
('heliopolis', 49, 'node', 1),
('heliopolis', 58, 'node', 1),
('heliopolis', 69, 'node', 1),
('helios', 69, 'node', 0.731649),
('hico', 66, 'node', 1.9496),
('hico', 67, 'node', 2),
('historia', 69, 'node', 0.923838),
('historical', 68, 'node', 0.892724),
('history', 68, 'node', 0.879565),
('hius', 67, 'node', 0.543537),
('hoc', 74, 'node', 3),
('hoc', 75, 'node', 3),
('home', 8, 'node', 26),
('http', 59, 'node', 9.36481),
('http', 61, 'node', 8.83027),
('http', 63, 'node', 9.50024),
('http', 65, 'node', 9.36481),
('http', 66, 'node', 7.76408),
('http', 68, 'node', 8.98097),
('http', 70, 'node', 10.0841),
('http', 73, 'node', 8.74229),
('http', 75, 'node', 11),
('http', 77, 'node', 7.07833),
('huius', 66, 'node', 1.91495),
('huius', 67, 'node', 2),
('ibus', 60, 'node', 1.7974),
('ibus', 61, 'node', 1),
('ici', 60, 'node', 1),
('ici', 61, 'node', 1),
('ici', 66, 'node', 1.9496),
('ici', 67, 'node', 2),
('iconoclasta', 58, 'node', 0.957226),
('idemque', 70, 'node', 1),
('idemque', 71, 'node', 1),
('identica', 58, 'node', 0.833529),
('identica', 69, 'node', 0.745294),
('identiche', 46, 'node', 0.906287),
('identico', 62, 'node', 0.613969),
('idnr', 59, 'node', 9.20091),
('idnr', 61, 'node', 8.68461),
('idnr', 63, 'node', 9.33156),
('idnr', 65, 'node', 9.20091),
('idnr', 66, 'node', 7.65163),
('idnr', 68, 'node', 8.83027),
('idnr', 70, 'node', 9.89399),
('idnr', 73, 'node', 8.59953),
('idnr', 75, 'node', 11),
('idnr', 77, 'node', 6.985),
('idus', 70, 'node', 1),
('idus', 71, 'node', 1),
('ifex', 62, 'node', 1),
('ifex', 63, 'node', 1),
('ifex', 64, 'node', 2),
('ifex', 65, 'node', 2),
('iii', 55, 'node', 1),
('iii', 66, 'node', 1.9496),
('iii', 67, 'node', 2.63167),
('iii', 74, 'node', 0.72066),
('iii', 76, 'node', 1.72721),
('iii', 77, 'node', 0.934703),
('iiii', 62, 'node', 1),
('iiii', 63, 'node', 1),
('iiii', 76, 'node', 1),
('iiii', 77, 'node', 0.923838),
('ilius', 58, 'node', 2),
('ilius', 59, 'node', 2),
('ilius', 60, 'node', 1),
('ilius', 61, 'node', 1),
('ilius', 62, 'node', 1),
('ilius', 63, 'node', 1),
('ilius', 64, 'node', 1),
('ilius', 65, 'node', 1),
('ilius', 70, 'node', 8),
('ilius', 71, 'node', 8),
('ilius', 72, 'node', 1),
('ilius', 73, 'node', 1),
('ilius', 76, 'node', 2),
('ilius', 77, 'node', 1.86366),
('illustrating', 68, 'node', 0.886095),
('illustri', 72, 'node', 0.648686),
('immeteva', 16, 'node', 1),
('immetteva', 43, 'node', 1),
('immunità', 67, 'node', 0.565115),
('imo', 66, 'node', 3.89919),
('imo', 67, 'node', 4),
('imp', 58, 'node', 2),
('imp', 59, 'node', 2),
('imp', 60, 'node', 2),
('imp', 61, 'node', 2),
('imp', 62, 'node', 1),
('imp', 63, 'node', 1),
('imp', 64, 'node', 2),
('imp', 65, 'node', 2),
('imp', 66, 'node', 7.79088),
('imp', 67, 'node', 8),
('imp', 68, 'node', 3),
('imp', 69, 'node', 3),
('imp', 72, 'node', 1),
('imp', 73, 'node', 1),
('imp', 76, 'node', 3),
('imp', 77, 'node', 2.7815),
('impastatura', 74, 'node', 0.953396),
('impediva', 76, 'node', 0.483934),
('impensa', 76, 'node', 3.61241),
('impensa', 77, 'node', 2.67962),
('imperator', 64, 'node', 1),
('imperator', 65, 'node', 1),
('imperator', 76, 'node', 2),
('imperator', 77, 'node', 1.85135),
('imperatore', 11, 'node', 1),
('imperatore', 28, 'node', 2),
('imperatore', 31, 'node', 2),
('imperatore', 34, 'node', 3),
('imperatore', 46, 'node', 1),
('imperatore', 49, 'node', 1),
('imperatore', 52, 'node', 2),
('imperatore', 55, 'node', 4),
('imperatore', 58, 'node', 2.68179),
('imperatore', 59, 'node', 3),
('imperatore', 60, 'node', 6.74278),
('imperatore', 61, 'node', 3.9534),
('imperatore', 62, 'node', 3.67026),
('imperatore', 63, 'node', 2.95723),
('imperatore', 64, 'node', 5.6192),
('imperatore', 65, 'node', 5.79157),
('imperatore', 66, 'node', 8.34101),
('imperatore', 67, 'node', 10.0116),
('imperatore', 68, 'node', 2.94196),
('imperatore', 69, 'node', 3.47455),
('imperatore', 72, 'node', 5.30954),
('imperatore', 73, 'node', 4.8262),
('imperatore', 74, 'node', 1.4409),
('imperatore', 76, 'node', 8.14892),
('imperatore', 77, 'node', 5.58851),
('imperatori', 66, 'node', 0.76188),
('imperatori', 67, 'node', 1.4235),
('imperatori', 77, 'node', 1),
('imperatori', 78, 'node', 2),
('imperatori', 79, 'node', 2),
('imperial', 59, 'node', 0.942091),
('imperial', 68, 'node', 0.848323),
('imperiale', 58, 'node', 0.71),
('imperiale', 67, 'node', 1.49152),
('imperiale', 74, 'node', 0.869951),
('imperiale', 76, 'node', 0.580033),
('imperiale', 78, 'node', 2.2),
('imperiale', 79, 'node', 37),
('imperiali', 60, 'node', 0.76188),
('imperium', 62, 'node', 0.752312),
('imperium', 64, 'node', 0.759465),
('impero', 31, 'node', 2),
('impero', 34, 'node', 2),
('impero', 62, 'node', 2.79497),
('impero', 63, 'node', 0.902857),
('impero', 64, 'node', 1.75784),
('impianto', 72, 'node', 0.703756),
('imponenza', 72, 'node', 0.968904),
('importante', 46, 'node', 1),
('importante', 49, 'node', 1),
('importanti', 74, 'node', 1),
('importare', 67, 'node', 0.528135),
('importazione', 67, 'node', 0.554747),
('imprenditoriale', 74, 'node', 1),
('imprese', 60, 'node', 1.41651),
('imprese', 61, 'node', 1),
('improntati', 7, 'node', 0.989021),
('imus', 62, 'node', 1),
('imus', 63, 'node', 1),
('imus', 64, 'node', 1),
('imus', 65, 'node', 1),
('imus', 76, 'node', 1),
('imus', 77, 'node', 0.953396),
('inalzata', 28, 'node', 1),
('inaugurata', 28, 'node', 1),
('incarichi', 49, 'node', 1),
('incarico', 71, 'node', 0.899454),
('incendio', 46, 'node', 1),
('incendio', 72, 'node', 0.740689),
('incendio', 76, 'node', 0.538701),
('incidere', 55, 'node', 3),
('incisa', 72, 'node', 0.621888),
('incise', 7, 'node', 1),
('incisione', 59, 'node', 1),
('incisione', 61, 'node', 1),
('incisione', 63, 'node', 1),
('incisione', 65, 'node', 1),
('incisione', 66, 'node', 1),
('incisione', 68, 'node', 1),
('incisione', 70, 'node', 1),
('incisione', 75, 'node', 1),
('incisione', 77, 'node', 1),
('inciso', 28, 'node', 1),
('incuria', 76, 'node', 0.794753),
('incuria', 77, 'node', 0.66666),
('indicano', 62, 'node', 0.913226),
('indicano', 64, 'node', 0.923838),
('indicare', 72, 'node', 0.652202),
('indicavano', 69, 'node', 0.972861),
('indicazioni', 62, 'node', 0.927431),
('indicazioni', 64, 'node', 0.934703),
('indomani', 60, 'node', 1),
('indomani', 67, 'node', 0.661163),
('indotti', 60, 'node', 1),
('inerenti', 71, 'node', 0.839384),
('infatti', 62, 'node', 2.0996),
('infatti', 64, 'node', 0.830633),
('infatti', 67, 'node', 0.542319),
('infatti', 74, 'node', 0.882818),
('inferiore', 71, 'node', 0.662985),
('inferiore', 74, 'node', 1),
('infine', 62, 'node', 0.691597),
('infine', 64, 'node', 0.697623),
('infine', 71, 'node', 1),
('infissi', 62, 'node', 1),
('infissi', 64, 'node', 1),
('ingiustamente', 76, 'node', 0.498827),
('inglobato', 74, 'node', 0.714225),
('ingresso', 13, 'node', 1),
('ingresso', 67, 'node', 0.842342),
('iniziale', 58, 'node', 0.742984),
('iniziando', 62, 'node', 0.980874),
('iniziando', 64, 'node', 0.989021),
('iniziata', 72, 'node', 0.896076),
('iniziato', 76, 'node', 0.672252),
('inizio', 10, 'node', 1),
('iniziò', 62, 'node', 0.648686),
('inizio', 72, 'node', 0.526987),
('inizio', 73, 'node', 1),
('innalzamento', 49, 'node', 0.98493),
('innalzarono', 67, 'node', 0.578643),
('innalzata', 28, 'node', 1),
('innalzato', 11, 'node', 1),
('innestata', 71, 'node', 1),
('innestate', 72, 'node', 1),
('innovazione', 76, 'node', 0.587082),
('inoltre', 67, 'node', 0.998379),
('inscriptiones', 68, 'node', 0.833529),
('inscriptions', 59, 'node', 0.916736),
('inscriptions', 68, 'node', 0.889397),
('inscrizioni', 77, 'node', 0.652202),
('inserendo', 67, 'node', 0.685676),
('inserita', 55, 'node', 1),
('inserite', 76, 'node', 0.752312),
('insieme', 46, 'node', 1),
('insieme', 58, 'node', 1),
('insieme', 71, 'node', 0.953396),
('insieme', 72, 'node', 1),
('insieme', 73, 'node', 0.913226),
('insignito', 66, 'node', 3.36047),
('insignito', 67, 'node', 3.78661),
('insignito', 76, 'node', 2.71535),
('insignito', 77, 'node', 2.19133),
('instaurata', 69, 'node', 0.78951),
('intatti', 58, 'node', 1),
('integrazione', 60, 'node', 0.802752),
('integri', 59, 'node', 1),
('integri', 61, 'node', 1),
('integri', 63, 'node', 1),
('integri', 65, 'node', 1),
('integri', 66, 'node', 1),
('integri', 68, 'node', 1),
('integri', 70, 'node', 1),
('integri', 73, 'node', 1),
('integri', 75, 'node', 1),
('integri', 77, 'node', 1),
('intendere', 67, 'node', 0.494765),
('intento', 7, 'node', 1),
('intenzione', 72, 'node', 0.771698),
('interamente', 52, 'node', 1),
('interessante', 76, 'node', 0.620288),
('interessati', 67, 'node', 0.482016),
('interesse', 76, 'node', 0.508221),
('interessi', 67, 'node', 0.600219),
('intermissas', 76, 'node', 1),
('intermissas', 77, 'node', 0.896076),
('interno', 60, 'node', 0.716357),
('interno', 62, 'node', 0.794753),
('interno', 64, 'node', 0.805455),
('interno', 71, 'node', 1),
('interno', 72, 'node', 0.805455),
('interno', 74, 'node', 0.712106),
('interpretazione', 60, 'node', 0.892724),
('interrò', 46, 'node', 1),
('interrotte', 76, 'node', 0.857458),
('interrotte', 77, 'node', 0.703756),
('interrotto', 76, 'node', 0.556022),
('interruzione', 76, 'node', 0.550958),
('intervallo', 71, 'node', 0.860547),
('interventi', 72, 'node', 0.600219),
('intervento', 76, 'node', 0.491762),
('intorno', 46, 'node', 1),
('intorno', 52, 'node', 1),
('intorno', 55, 'node', 1),
('intorno', 58, 'node', 1),
('intorno', 76, 'node', 0.740689),
('intralcio', 67, 'node', 0.650439),
('intraprendere', 46, 'node', 1),
('introdotte', 76, 'node', 0.816452),
('introdotte', 77, 'node', 0.681785),
('inutilizzabile', 76, 'node', 0.525844),
('invece', 76, 'node', 0.535131),
('invehent', 67, 'node', 0.544759),
('inveho', 67, 'node', 0.533952),
('inventario', 73, 'node', 0.805455),
('investito', 58, 'node', 1),
('investito', 59, 'node', 1),
('investito', 60, 'node', 1),
('investito', 61, 'node', 0.976851),
('investito', 62, 'node', 1),
('investito', 63, 'node', 0.976851),
('investito', 64, 'node', 2),
('investito', 65, 'node', 1.93569),
('investito', 68, 'node', 0.942091),
('investito', 69, 'node', 1),
('investito', 72, 'node', 2),
('investito', 73, 'node', 1.84905),
('ipotesi', 67, 'node', 0.499853),
('ipotesi', 72, 'node', 0.672252),
('ipotesi', 76, 'node', 0.547222),
('iri', 66, 'node', 1),
('iri', 67, 'node', 1),
('irregolare', 62, 'node', 1),
('irregolare', 64, 'node', 1),
('iscriviti', 7, 'node', 4),
('iscrizione', 7, 'node', 1),
('iscrizione', 31, 'node', 1),
('iscrizione', 34, 'node', 1),
('iscrizione', 46, 'node', 0.889397),
('iscrizione', 52, 'node', 2),
('iscrizione', 55, 'node', 3),
('iscrizione', 58, 'node', 0.839384),
('iscrizione', 60, 'node', 1.49103),
('iscrizione', 61, 'node', 2),
('iscrizione', 62, 'node', 1.43546),
('iscrizione', 63, 'node', 2),
('iscrizione', 64, 'node', 1.45001),
('iscrizione', 65, 'node', 2),
('iscrizione', 66, 'node', 2),
('iscrizione', 67, 'node', 2.45726),
('iscrizione', 68, 'node', 1),
('iscrizione', 69, 'node', 0.757065),
('iscrizione', 70, 'node', 2),
('iscrizione', 71, 'node', 4.27009),
('iscrizione', 72, 'node', 4.04394),
('iscrizione', 74, 'node', 1.59902),
('iscrizione', 75, 'node', 2),
('iscrizione', 76, 'node', 1.02137),
('iscrizione', 77, 'node', 2),
('iscrizioni', 7, 'node', 1),
('iscrizioni', 37, 'node', 1),
('iscrizioni', 55, 'node', 1),
('iscrizioni', 66, 'node', 0.72066),
('iscrizioni', 71, 'node', 0.779231),
('iscrizioni', 72, 'node', 1),
('iscrizioni', 74, 'node', 1.85746),
('iscrizioni', 76, 'node', 1.24822),
('isinofret', 49, 'node', 1),
('isola', 37, 'node', 1),
('isola', 70, 'node', 1),
('isola', 71, 'node', 1.35626),
('item', 76, 'node', 1),
('item', 77, 'node', 1),
('itineraio', 79, 'node', 26),
('itinerari', 78, 'node', 26),
('itinerario', 25, 'node', 38),
('itinerario', 78, 'node', 13.8),
('itinerario', 79, 'node', 12),
('itinerario', 80, 'node', 38),
('itinerario', 81, 'node', 38),
('itus', 64, 'node', 1),
('itus', 65, 'node', 1),
('itus', 76, 'node', 1),
('itus', 77, 'node', 0.869951),
('iulia', 72, 'node', 0.749958),
('iuliae', 66, 'node', 1.94209),
('iuliae', 67, 'node', 2),
('ius', 68, 'node', 2),
('ius', 69, 'node', 2),
('journal', 61, 'node', 0.822065),
('labicana', 74, 'node', 0.759465),
('labicana', 76, 'node', 1.47399),
('lacuna', 60, 'node', 0.800068),
('lancaster', 61, 'node', 0.827757),
('landscape', 77, 'node', 0.657549),
('lapidario', 61, 'node', 1),
('lapidario', 75, 'node', 1),
('lapide', 74, 'node', 0.625114),
('lapide', 75, 'node', 1),
('larissimi', 66, 'node', 1),
('larissimi', 67, 'node', 1),
('lascia', 7, 'node', 1),
('lasciare', 78, 'node', 1),
('lasciare', 79, 'node', 1),
('lasciato', 72, 'node', 1),
('lastra', 74, 'node', 0.670377),
('lastricata', 69, 'node', 1),
('laterano', 58, 'node', 1),
('lati', 40, 'node', 1),
('lati', 55, 'node', 1),
('lati', 68, 'node', 1),
('lati', 69, 'node', 0.747619),
('lati', 74, 'node', 1),
('latin', 59, 'node', 0.920273),
('latin', 68, 'node', 0.896076),
('latina', 28, 'node', 1),
('latina', 40, 'node', 1),
('latinae', 68, 'node', 0.830633),
('latine', 4, 'node', 26),
('lato', 58, 'node', 8),
('lato', 59, 'node', 8),
('lato', 62, 'node', 9.90929),
('lato', 63, 'node', 8),
('lato', 64, 'node', 10.8208),
('lato', 65, 'node', 7.6529),
('lato', 68, 'node', 8),
('lato', 69, 'node', 6),
('lato', 71, 'node', 2.58529),
('lato', 74, 'node', 16.7207),
('lato', 75, 'node', 12),
('lavorava', 40, 'node', 2),
('lavori', 60, 'node', 1.7974),
('lavori', 61, 'node', 0.906287),
('lavori', 67, 'node', 0.481063),
('lavori', 71, 'node', 0.842342),
('lavori', 72, 'node', 0.582831),
('lavori', 76, 'node', 0.600219),
('lavoro', 76, 'node', 0.674137),
('lebicana', 55, 'node', 1),
('lega', 72, 'node', 1),
('legati', 67, 'node', 0.601716),
('legato', 76, 'node', 0.539902),
('leggere', 72, 'node', 0.562486),
('leggere', 73, 'node', 1),
('leggibile', 62, 'node', 8),
('leggibile', 63, 'node', 8),
('leggibile', 74, 'node', 4),
('leiden', 68, 'node', 0.839384),
('leinden', 59, 'node', 0.931053),
('leone', 49, 'node', 0.902857),
('leoni', 49, 'node', 0.882818),
('lep', 70, 'node', 1),
('lep', 71, 'node', 1),
('lepido', 37, 'node', 1),
('lepido', 70, 'node', 1),
('lepido', 71, 'node', 1),
('lepidus', 70, 'node', 1),
('lepidus', 71, 'node', 1),
('les', 66, 'node', 0.736141),
('les', 73, 'node', 0.830633),
('lettere', 7, 'node', 1),
('lettere', 52, 'node', 1),
('lettere', 72, 'node', 1.6235),
('lettere', 73, 'node', 1),
('letto', 71, 'node', 0.714225),
('liberto', 74, 'node', 1),
('libri', 70, 'node', 0.942091),
('licio', 37, 'node', 2),
('ligneo', 71, 'node', 1),
('limite', 62, 'node', 3.15369),
('limite', 64, 'node', 3.14587),
('limiti', 64, 'node', 1),
('limiti', 65, 'node', 0.916736),
('linea', 31, 'node', 1),
('linea', 34, 'node', 1),
('linea', 62, 'node', 0.774192),
('linea', 64, 'node', 1.44659),
('linguaggio', 74, 'node', 0.931053),
('linguistici', 7, 'node', 0.993146),
('lipari', 67, 'node', 0.71),
('litura', 67, 'node', 0.816452),
('livello', 49, 'node', 0.980874),
('loci', 66, 'node', 0.968904),
('loci', 67, 'node', 1.54232),
('locus', 60, 'node', 1.85439),
('locus', 61, 'node', 1),
('lollio', 37, 'node', 1),
('lollio', 70, 'node', 1),
('lollio', 71, 'node', 1),
('lollius', 70, 'node', 2),
('lollius', 71, 'node', 2),
('londra', 68, 'node', 0.866793),
('longitudinale', 58, 'node', 1),
('lontano', 62, 'node', 0.618696),
('lorenzo', 68, 'node', 1),
('lorenzo', 69, 'node', 0.695602),
('loro', 43, 'node', 1),
('loro', 46, 'node', 0.899454),
('loro', 66, 'node', 1.56764),
('loro', 67, 'node', 2.37235),
('loro', 74, 'node', 0.889397),
('luce', 69, 'node', 0.779231),
('lucina', 68, 'node', 1),
('lucina', 69, 'node', 0.699655),
('lucio', 66, 'node', 1.73018),
('lucio', 67, 'node', 1.90629),
('lucio', 70, 'node', 1),
('lucio', 71, 'node', 1.90974),
('lucio', 72, 'node', 2),
('lucio', 73, 'node', 1.98493),
('ludi', 67, 'node', 0.474499),
('ludi', 72, 'node', 0.578643),
('lui', 62, 'node', 0.650439),
('lui', 67, 'node', 0.652202),
('lui', 70, 'node', 1),
('lui', 71, 'node', 1),
('lui', 74, 'node', 0.661163),
('lui', 76, 'node', 0.664818),
('lungo', 62, 'node', 1),
('lungo', 64, 'node', 1),
('lungo', 74, 'node', 1),
('lungo', 76, 'node', 0.485867),
('lungotevere', 14, 'node', 1),
('luogo', 7, 'node', 1),
('luogo', 58, 'node', 5.53282),
('luogo', 59, 'node', 8),
('luogo', 60, 'node', 7.1135),
('luogo', 61, 'node', 8.91674),
('luogo', 62, 'node', 5.33024),
('luogo', 63, 'node', 8),
('luogo', 64, 'node', 4.67418),
('luogo', 65, 'node', 8),
('luogo', 66, 'node', 9.57592),
('luogo', 67, 'node', 6.0599),
('luogo', 68, 'node', 8),
('luogo', 69, 'node', 5.606),
('luogo', 70, 'node', 8),
('luogo', 71, 'node', 5.16171),
('luogo', 72, 'node', 5.06675),
('luogo', 73, 'node', 8),
('luogo', 74, 'node', 4.94343),
('luogo', 75, 'node', 8),
('luogo', 76, 'node', 3.81461),
('luogo', 77, 'node', 8),
('lxii', 76, 'node', 1),
('lxii', 77, 'node', 1),
('madre', 66, 'node', 1.64272),
('madre', 67, 'node', 1.86443),
('maestro', 60, 'node', 0.653974),
('maestro', 61, 'node', 1),
('maggio', 60, 'node', 1),
('maggior', 72, 'node', 0.697623),
('maggioranza', 60, 'node', 0.78951),
('maggiore', 4, 'node', 2.2),
('maggiore', 15, 'node', 1),
('maggiore', 19, 'node', 38),
('maggiore', 40, 'node', 2),
('maggiore', 55, 'node', 26),
('maggiore', 57, 'node', 1),
('maggiore', 74, 'node', 1.22795),
('maggiore', 75, 'node', 3),
('maggiore', 76, 'node', 31.6578),
('maggiore', 77, 'node', 32.6612),
('magistrati', 62, 'node', 0.740689),
('magistrati', 64, 'node', 0.747619),
('magistrato', 40, 'node', 1),
('magnifico', 60, 'node', 0.906287),
('maiorum', 58, 'node', 0.703756),
('maiuscole', 7, 'node', 1),
('malpassa', 63, 'node', 1),
('malpasso', 31, 'node', 1),
('malpasso', 62, 'node', 0.585658),
('malpasso', 63, 'node', 1),
('manutenzione', 70, 'node', 1),
('manutenzione', 71, 'node', 1),
('marano', 76, 'node', 0.648686),
('marcei', 74, 'node', 1),
('marcei', 75, 'node', 1),
('marci', 74, 'node', 1),
('marci', 75, 'node', 1),
('marco', 15, 'node', 1),
('marco', 37, 'node', 1),
('marco', 40, 'node', 1),
('marco', 52, 'node', 1),
('marco', 66, 'node', 3.2812),
('marco', 67, 'node', 3.7237),
('marco', 70, 'node', 1),
('marco', 71, 'node', 1),
('marco', 72, 'node', 3.03158),
('marco', 73, 'node', 3.90974),
('marco', 74, 'node', 4.21098),
('marco', 75, 'node', 5),
('margei', 74, 'node', 1),
('margei', 75, 'node', 1),
('maria', 52, 'node', 1),
('maria', 72, 'node', 0.545988),
('marmo', 7, 'node', 1),
('marmo', 28, 'node', 2),
('marmo', 61, 'node', 1),
('marmo', 63, 'node', 1),
('marmo', 65, 'node', 1),
('marmo', 66, 'node', 1),
('marmo', 69, 'node', 1),
('marmo', 70, 'node', 1),
('marmo', 73, 'node', 1),
('marmo', 75, 'node', 1),
('marte', 72, 'node', 0.747619),
('martyres', 52, 'node', 1),
('martyres', 72, 'node', 0.544759),
('marzio', 17, 'node', 1),
('marzio', 46, 'node', 1),
('marzio', 52, 'node', 1),
('marzio', 68, 'node', 1),
('marzio', 69, 'node', 1.69966),
('marzio', 72, 'node', 0.857458),
('massimi', 67, 'node', 1.33704),
('massimo', 18, 'node', 1),
('massimo', 49, 'node', 1),
('massimo', 58, 'node', 2.68961),
('massimo', 59, 'node', 2),
('massimo', 60, 'node', 1),
('massimo', 61, 'node', 0.980874),
('massimo', 62, 'node', 1),
('massimo', 63, 'node', 0.980874),
('massimo', 64, 'node', 1),
('massimo', 65, 'node', 1),
('massimo', 66, 'node', 5.07649),
('massimo', 67, 'node', 5.70049),
('massimo', 68, 'node', 0.968904),
('massimo', 69, 'node', 1),
('massimo', 72, 'node', 2),
('massimo', 73, 'node', 1.90682),
('massimo', 76, 'node', 2.71951),
('massimo', 77, 'node', 2.19387),
('materiale', 7, 'node', 1),
('materiale', 59, 'node', 4),
('materiale', 61, 'node', 4),
('materiale', 63, 'node', 4),
('materiale', 65, 'node', 4),
('materiale', 66, 'node', 4),
('materiale', 68, 'node', 4),
('materiale', 70, 'node', 4),
('materiale', 73, 'node', 4),
('materiale', 75, 'node', 4),
('materiale', 77, 'node', 4),
('matri', 66, 'node', 1.94209),
('matri', 67, 'node', 2),
('mattoni', 71, 'node', 1),
('max', 62, 'node', 1),
('max', 63, 'node', 1),
('max', 64, 'node', 1),
('max', 65, 'node', 1),
('max', 66, 'node', 3.89919),
('max', 67, 'node', 4),
('max', 76, 'node', 1),
('max', 77, 'node', 0.957226),
('maxi', 76, 'node', 1),
('maxi', 77, 'node', 0.860547),
('maxim', 76, 'node', 1),
('maxim', 77, 'node', 1),
('maximo', 60, 'node', 1),
('maximo', 61, 'node', 1),
('maximu', 68, 'node', 1),
('maximu', 69, 'node', 1),
('maximus', 58, 'node', 2),
('maximus', 59, 'node', 2),
('maximus', 68, 'node', 1),
('maximus', 69, 'node', 1),
('mazzolani', 66, 'node', 0.714225),
('medesime', 71, 'node', 0.854391),
('medioevo', 52, 'node', 1),
('membri', 67, 'node', 1.23674),
('memoria', 7, 'node', 1),
('memoria', 58, 'node', 0.752312),
('memoria', 74, 'node', 0.623497),
('memoria', 75, 'node', 1),
('memoriae', 67, 'node', 0.754681),
('mentre', 71, 'node', 1.93105),
('meravigliosi', 60, 'node', 1),
('mercato', 67, 'node', 0.585658),
('merdiana', 17, 'node', 1),
('merenpath', 58, 'node', 1.33333),
('merenptah', 18, 'node', 1),
('meridiana', 46, 'node', 1),
('meridionale', 58, 'node', 4),
('meridionale', 59, 'node', 4),
('meridionale', 68, 'node', 4),
('meridionale', 69, 'node', 1),
('messina', 66, 'node', 0.740689),
('messina', 73, 'node', 0.836446),
('metà', 55, 'node', 1),
('metà', 76, 'node', 0.729424),
('metalliche', 72, 'node', 0.623497),
('metalliche', 73, 'node', 1),
('metallo', 7, 'node', 1),
('metri', 68, 'node', 1),
('miglio', 76, 'node', 1.77889),
('miglio', 77, 'node', 1.44572),
('milano', 65, 'node', 0.886095),
('milano', 66, 'node', 0.712106),
('militare', 62, 'node', 0.745294),
('militare', 64, 'node', 0.752312),
('militari', 28, 'node', 1),
('militari', 60, 'node', 0.676032),
('militari', 61, 'node', 1),
('militiae', 62, 'node', 0.749958),
('militiae', 64, 'node', 0.757065),
('milliario', 76, 'node', 2),
('milliario', 77, 'node', 2),
('milvio', 37, 'node', 1),
('mineptah', 49, 'node', 2),
('mineptah', 59, 'node', 2),
('minori', 72, 'node', 0.62674),
('misura', 59, 'node', 4),
('misura', 61, 'node', 4),
('misura', 63, 'node', 4),
('misura', 64, 'node', 0.882818),
('misura', 65, 'node', 4),
('misura', 66, 'node', 4),
('misura', 68, 'node', 4),
('misura', 70, 'node', 4),
('misura', 73, 'node', 4),
('misura', 77, 'node', 4),
('misurazione', 62, 'node', 0.886095),
('modifiche', 77, 'node', 1),
('modo', 76, 'node', 0.530446),
('mogli', 43, 'node', 1),
('moglie', 15, 'node', 1),
('moglie', 40, 'node', 1),
('moglie', 49, 'node', 1),
('moglie', 66, 'node', 0.792123),
('moglie', 67, 'node', 1.61123),
('moglie', 74, 'node', 0.664818),
('molte', 72, 'node', 0.800068),
('molte', 76, 'node', 0.548462),
('molto', 14, 'node', 1),
('molto', 46, 'node', 1),
('molto', 72, 'node', 0.588512),
('molto', 74, 'node', 1.86859),
('molto', 76, 'node', 1.19665),
('momento', 7, 'node', 1),
('momento', 58, 'node', 0.745294),
('momento', 60, 'node', 1.57259),
('momento', 67, 'node', 0.536316),
('monarca', 49, 'node', 1),
('monarchica', 62, 'node', 0.703756),
('monarchica', 64, 'node', 0.71),
('mondo', 58, 'node', 1),
('monime', 74, 'node', 1),
('monime', 75, 'node', 1),
('monimentum', 74, 'node', 2),
('monimentum', 75, 'node', 2),
('mons', 60, 'node', 1.85439),
('mons', 61, 'node', 1),
('monte', 60, 'node', 1.74762),
('monte', 61, 'node', 0.920273),
('monte', 70, 'node', 9),
('monte', 71, 'node', 10.3757),
('montecitorio', 4, 'node', 2.2),
('montecitorio', 17, 'node', 39),
('montecitorio', 46, 'node', 26.9458),
('montecitorio', 57, 'node', 1),
('montecitorio', 58, 'node', 0.827757),
('montecitorio', 68, 'node', 41),
('montecitorio', 69, 'node', 40.6916),
('montuosa', 60, 'node', 0.957226),
('monument', 77, 'node', 0.661163),
('monumentale', 15, 'node', 1),
('monumentale', 40, 'node', 1),
('monumentale', 67, 'node', 0.839384),
('monumentali', 72, 'node', 0.561181),
('monumentali', 76, 'node', 0.683725),
('monumentalizzazione', 52, 'node', 1),
('monumentalizzò', 76, 'node', 0.779231),
('monumenti', 72, 'node', 0.573154),
('monumenti', 78, 'node', 1),
('monumenti', 79, 'node', 1),
('monumento', 10, 'node', 4),
('monumento', 11, 'node', 5),
('monumento', 12, 'node', 4),
('monumento', 13, 'node', 4),
('monumento', 14, 'node', 4),
('monumento', 15, 'node', 4),
('monumento', 16, 'node', 5),
('monumento', 17, 'node', 4),
('monumento', 18, 'node', 4),
('monumento', 19, 'node', 4),
('monumento', 40, 'node', 2),
('monumento', 58, 'node', 0.813674),
('monumento', 61, 'node', 1),
('monumento', 67, 'node', 0.489781),
('monumento', 68, 'node', 1),
('monumento', 69, 'node', 0.683725),
('monumento', 72, 'node', 1.57989),
('monumento', 74, 'node', 4.53639),
('monumento', 75, 'node', 2),
('monuments', 59, 'node', 0.945829),
('monuments', 68, 'node', 0.851346),
('morte', 67, 'node', 0.659351),
('morti', 62, 'node', 0.718502),
('morti', 64, 'node', 0.725015),
('mos', 58, 'node', 0.705825),
('mosaico', 7, 'node', 1),
('mostra', 65, 'node', 0.889397),
('mostrano', 49, 'node', 1),
('mostrare', 60, 'node', 1.98493),
('mostrare', 61, 'node', 0.931053),
('motivi', 76, 'node', 0.552215),
('motivo', 60, 'node', 1),
('motivò', 64, 'node', 0.604732),
('motivo', 67, 'node', 0.581429),
('motivò', 76, 'node', 0.492759),
('mpallattino', 66, 'node', 0.757065),
('muovendosi', 62, 'node', 0.687638),
('muovendosi', 64, 'node', 0.693594),
('mura', 19, 'node', 2),
('mura', 55, 'node', 2),
('mura', 76, 'node', 1.21845),
('mura', 77, 'node', 1),
('muraria', 74, 'node', 0.703756),
('muratura', 71, 'node', 1),
('muro', 62, 'node', 1.55122),
('muro', 64, 'node', 1.56645),
('murum', 62, 'node', 0.779231),
('murum', 64, 'node', 0.786915),
('mus', 76, 'node', 1),
('mus', 77, 'node', 0.857458),
('musei', 74, 'node', 0.640063),
('museo', 74, 'node', 0.652202),
('natale', 69, 'node', 0.845322),
('natura', 72, 'node', 0.60322),
('naturalis', 69, 'node', 0.927431),
('natus', 64, 'node', 2),
('natus', 65, 'node', 2),
('natus', 76, 'node', 1),
('natus', 77, 'node', 0.927431),
('navigazione', 7, 'node', 1),
('nazionale', 74, 'node', 0.650439),
('necessari', 66, 'node', 0.993146),
('necessari', 67, 'node', 1),
('necessarie', 64, 'node', 0.609315),
('necessarie', 67, 'node', 0.776703),
('necessario', 60, 'node', 0.916736),
('necessario', 76, 'node', 0.489781),
('negotiantes', 66, 'node', 1.92296),
('negotiantes', 67, 'node', 2),
('nei', 62, 'node', 1.96378),
('nei', 64, 'node', 0.736141),
('nel', 7, 'node', 1),
('nel', 13, 'node', 1),
('nel', 16, 'node', 1),
('nel', 17, 'node', 1),
('nel', 18, 'node', 2),
('nel', 19, 'node', 1),
('nel', 28, 'node', 3),
('nel', 31, 'node', 1),
('nel', 34, 'node', 1),
('nel', 37, 'node', 2),
('nel', 40, 'node', 2),
('nel', 43, 'node', 2),
('nel', 46, 'node', 4.89241),
('nel', 49, 'node', 3),
('nel', 52, 'node', 6),
('nel', 55, 'node', 6),
('nel', 58, 'node', 3.17454),
('nel', 59, 'node', 1),
('nel', 62, 'node', 0.851346),
('nel', 64, 'node', 0.863659),
('nel', 67, 'node', 3.11366),
('nel', 69, 'node', 5.19415),
('nel', 72, 'node', 3.6404),
('nel', 74, 'node', 2.22445),
('nel', 76, 'node', 5.3089),
('nel', 77, 'node', 1),
('nell', 31, 'node', 1),
('nell', 43, 'node', 1),
('nell', 46, 'node', 1),
('nell', 49, 'node', 1),
('nell', 58, 'node', 2.55743),
('nell', 60, 'node', 0.822065),
('nell', 64, 'node', 0.648686),
('nell', 67, 'node', 1.20471),
('nell', 69, 'node', 0.769219),
('nell', 71, 'node', 0.863659),
('nell', 72, 'node', 1.61248),
('nell', 74, 'node', 0.685676),
('nell', 76, 'node', 0.495774),
('nella', 16, 'node', 1),
('nella', 17, 'node', 1),
('nella', 19, 'node', 1),
('nella', 31, 'node', 1),
('nella', 46, 'node', 1),
('nella', 49, 'node', 1),
('nella', 55, 'node', 1),
('nella', 64, 'node', 0.615536),
('nella', 67, 'node', 0.573154),
('nella', 68, 'node', 2),
('nella', 72, 'node', 0.549707),
('nella', 76, 'node', 1.82072),
('nelle', 19, 'node', 1),
('nelle', 37, 'node', 1),
('nelle', 55, 'node', 1),
('nelle', 60, 'node', 0.759465),
('nelle', 76, 'node', 0.471741),
('nelle', 77, 'node', 1),
('nelli', 65, 'node', 0.879565),
('nello', 67, 'node', 0.606252),
('nerone', 76, 'node', 0.520204);
INSERT INTO `search_index` (`word`, `sid`, `type`, `score`) VALUES
('neroniano', 76, 'node', 0.537506),
('nerva', 60, 'node', 2),
('nerva', 61, 'node', 1.99315),
('nessuna', 72, 'node', 0.662985),
('nicola', 60, 'node', 0.827757),
('nobilissimi', 66, 'node', 1),
('nobilissimi', 67, 'node', 1),
('nobilissimo', 66, 'node', 2.57159),
('nobilissimo', 67, 'node', 2.7694),
('noi', 74, 'node', 1),
('nome', 49, 'node', 1),
('nome', 52, 'node', 1),
('nome', 67, 'node', 1.31462),
('nome', 71, 'node', 1),
('nome', 72, 'node', 1.49339),
('nome', 76, 'node', 1.37539),
('nomi', 43, 'node', 1),
('nomi', 67, 'node', 0.693594),
('non', 7, 'node', 2.89272),
('non', 58, 'node', 0.886095),
('non', 60, 'node', 2.63044),
('non', 62, 'node', 11.6745),
('non', 63, 'node', 8),
('non', 64, 'node', 3.96852),
('non', 67, 'node', 1.02514),
('non', 69, 'node', 1.74049),
('non', 71, 'node', 2.21277),
('non', 72, 'node', 2.57243),
('non', 74, 'node', 5.70014),
('nonostante', 74, 'node', 0.802752),
('nostro', 64, 'node', 0.896076),
('nostro', 66, 'node', 1.63974),
('nostro', 67, 'node', 1.86054),
('nostro', 74, 'node', 0.792123),
('notare', 58, 'node', 0.822065),
('notare', 71, 'node', 0.816452),
('notare', 72, 'node', 0.565115),
('notissimo', 60, 'node', 0.886095),
('noto', 14, 'node', 1),
('nova', 76, 'node', 1),
('nova', 77, 'node', 0.808176),
('novam', 76, 'node', 1),
('novam', 77, 'node', 1),
('nove', 76, 'node', 1.40737),
('nove', 77, 'node', 0.699655),
('novem', 76, 'node', 1),
('novem', 77, 'node', 0.882818),
('novus', 76, 'node', 0.62674),
('ntum', 74, 'node', 1),
('ntum', 75, 'node', 1),
('nucleo', 71, 'node', 1),
('numerati', 62, 'node', 0.997306),
('numerati', 64, 'node', 1),
('numerosi', 49, 'node', 1),
('numi', 66, 'node', 1.56492),
('numi', 67, 'node', 1.76109),
('numini', 66, 'node', 1.90318),
('numini', 67, 'node', 2),
('nuova', 69, 'node', 0.797402),
('nuova', 72, 'node', 0.685676),
('nuova', 76, 'node', 0.822065),
('nuova', 77, 'node', 0.683725),
('nuovo', 62, 'node', 0.664818),
('nuovo', 76, 'node', 0.889397),
('nuovo', 77, 'node', 0.722831),
('obelischi', 58, 'node', 2.61441),
('obelischi', 59, 'node', 0.899454),
('obelisco', 4, 'node', 4.4),
('obelisco', 17, 'node', 38),
('obelisco', 18, 'node', 38),
('obelisco', 46, 'node', 33.7677),
('obelisco', 49, 'node', 29),
('obelisco', 57, 'node', 2),
('obelisco', 58, 'node', 35.8278),
('obelisco', 59, 'node', 34),
('obelisco', 68, 'node', 40),
('obelisco', 69, 'node', 44.0683),
('oblio', 74, 'node', 0.683725),
('occasione', 55, 'node', 2),
('occasione', 67, 'node', 0.47729),
('occupa', 68, 'node', 1),
('occupa', 70, 'node', 1),
('occupa', 77, 'node', 1),
('occupò', 76, 'node', 0.945829),
('occupò', 77, 'node', 0.754681),
('octaviae', 67, 'node', 0.469016),
('odense', 68, 'node', 0.824901),
('oggetto', 7, 'node', 1),
('oggi', 58, 'node', 1),
('oggi', 60, 'node', 0.712106),
('oggi', 62, 'node', 4.6187),
('oggi', 63, 'node', 4),
('oggi', 69, 'node', 1.85135),
('oggi', 72, 'node', 1.53578),
('oggi', 74, 'node', 0.655756),
('oggi', 78, 'node', 1),
('oggi', 81, 'node', 1),
('ogni', 7, 'node', 2),
('ogni', 67, 'node', 0.749958),
('olì', 58, 'node', 1),
('olì', 59, 'node', 1),
('olimpo', 10, 'node', 1),
('olimpo', 72, 'node', 0.528135),
('olimpo', 73, 'node', 1),
('oltre', 69, 'node', 1),
('oltrepassavano', 76, 'node', 0.769219),
('omani', 64, 'node', 1),
('omani', 65, 'node', 1),
('ombra', 69, 'node', 0.827757),
('omni', 72, 'node', 1),
('omni', 73, 'node', 1),
('onora', 28, 'node', 1),
('onore', 60, 'node', 0.648686),
('onore', 61, 'node', 1),
('onore', 67, 'node', 0.794753),
('onore', 70, 'node', 1),
('onoriana', 55, 'node', 1),
('onoriana', 76, 'node', 0.691597),
('onorifici', 67, 'node', 0.620288),
('onorio', 40, 'node', 1),
('onorio', 55, 'node', 1),
('onorio', 74, 'node', 0.695602),
('onorio', 76, 'node', 0.703756),
('onsulto', 70, 'node', 2),
('onsulto', 71, 'node', 2),
('ontifici', 66, 'node', 1),
('ontifici', 67, 'node', 1),
('oper', 60, 'node', 1.7974),
('oper', 61, 'node', 1),
('opera', 66, 'node', 0.733888),
('opera', 73, 'node', 0.827757),
('operata', 69, 'node', 0.899454),
('operato', 60, 'node', 1.71886),
('operato', 71, 'node', 0.810915),
('operato', 76, 'node', 0.561181),
('operazioni', 67, 'node', 0.597248),
('opere', 76, 'node', 0.502958),
('opere', 78, 'node', 4.4),
('opere', 80, 'node', 37),
('opere', 81, 'node', 37),
('opinione', 72, 'node', 0.699655),
('oppure', 7, 'node', 2),
('oppure', 71, 'node', 0.866793),
('opuli', 64, 'node', 1),
('opuli', 65, 'node', 1),
('ora', 13, 'node', 1),
('ora', 31, 'node', 1),
('ora', 63, 'node', 1),
('ordine', 69, 'node', 0.808176),
('ore', 69, 'node', 0.968904),
('organizzazione', 58, 'node', 0.740689),
('organizzò', 58, 'node', 0.993146),
('orgoglio', 74, 'node', 1),
('oricalco', 72, 'node', 1),
('originale', 71, 'node', 1),
('originale', 72, 'node', 0.681785),
('originali', 72, 'node', 1),
('originaria', 67, 'node', 0.7017),
('originaria', 72, 'node', 0.640063),
('originariamente', 60, 'node', 0.695602),
('originariamente', 69, 'node', 0.718502),
('originario', 62, 'node', 0.615536),
('originario', 67, 'node', 0.800068),
('origine', 62, 'node', 1.54126),
('origine', 64, 'node', 1.55928),
('origine', 74, 'node', 1),
('origini', 65, 'node', 0.869951),
('oro', 60, 'node', 0.727213),
('oro', 69, 'node', 0.792123),
('orologio', 46, 'node', 0.934703),
('orologio', 69, 'node', 1.91323),
('osservando', 71, 'node', 0.824901),
('osservazione', 71, 'node', 0.786915),
('osservazioni', 58, 'node', 5.38607),
('osservazioni', 59, 'node', 8),
('osservazioni', 60, 'node', 5.29708),
('osservazioni', 61, 'node', 8),
('osservazioni', 62, 'node', 4.62926),
('osservazioni', 63, 'node', 8),
('osservazioni', 64, 'node', 4.61264),
('osservazioni', 65, 'node', 8),
('osservazioni', 68, 'node', 8),
('osservazioni', 69, 'node', 5.3784),
('osservazioni', 70, 'node', 8),
('osservazioni', 71, 'node', 5.08715),
('osservazioni', 72, 'node', 4.13956),
('osservazioni', 73, 'node', 8),
('osservazioni', 74, 'node', 4.87465),
('osservazioni', 75, 'node', 8),
('osservazioni', 76, 'node', 3.69529),
('osservazioni', 77, 'node', 8),
('ottavia', 72, 'node', 0.569105),
('ottaviano', 18, 'node', 1),
('ottica', 58, 'node', 0.712106),
('otto', 19, 'node', 1),
('otto', 76, 'node', 0.468115),
('otto', 77, 'node', 1),
('ovest', 62, 'node', 0.953396),
('ovest', 64, 'node', 0.961087),
('ovvero', 58, 'node', 0.736141),
('ovvero', 67, 'node', 1.43717),
('oxford', 59, 'node', 0.909743),
('pacis', 69, 'node', 0.863659),
('padre', 60, 'node', 1),
('padre', 61, 'node', 0.942091),
('padre', 62, 'node', 1),
('padre', 63, 'node', 0.927431),
('padre', 64, 'node', 1),
('padre', 65, 'node', 0.96498),
('padre', 66, 'node', 2.52481),
('padre', 67, 'node', 2.87763),
('padre', 72, 'node', 1),
('padre', 73, 'node', 0.923838),
('padre', 76, 'node', 3.47418),
('padre', 77, 'node', 2.84124),
('paesaggistici', 73, 'node', 0.854391),
('pagare', 67, 'node', 1.01776),
('palatino', 62, 'node', 0.712106),
('palatino', 64, 'node', 0.718502),
('palazzo', 7, 'node', 1),
('palazzo', 59, 'node', 0.863659),
('pane', 74, 'node', 1),
('panificazione', 74, 'node', 0.934703),
('pantheon', 4, 'node', 2.2),
('pantheon', 10, 'node', 38),
('pantheon', 52, 'node', 30),
('pantheon', 57, 'node', 1),
('pantheon', 72, 'node', 38.7715),
('pantheon', 73, 'node', 34.8927),
('pantheum', 72, 'node', 1),
('pantheum', 73, 'node', 1),
('papa', 37, 'node', 1),
('papa', 46, 'node', 1),
('papa', 49, 'node', 0.949597),
('papa', 52, 'node', 2),
('papa', 55, 'node', 1),
('papa', 60, 'node', 0.699655),
('papa', 72, 'node', 0.554747),
('parente', 66, 'node', 0.769219),
('parente', 67, 'node', 0.863659),
('pari', 62, 'node', 0.685676),
('pari', 64, 'node', 0.691597),
('paris', 66, 'node', 0.725015),
('paris', 73, 'node', 0.819249),
('parla', 52, 'node', 1),
('parlamento', 46, 'node', 1),
('parole', 7, 'node', 1),
('part', 66, 'node', 1.9496),
('part', 67, 'node', 2),
('parte', 11, 'node', 1),
('parte', 28, 'node', 1),
('parte', 58, 'node', 0.757065),
('parte', 60, 'node', 0.854391),
('parte', 62, 'node', 0.742984),
('parte', 64, 'node', 1.40751),
('parte', 67, 'node', 0.819249),
('parte', 71, 'node', 1.66299),
('parte', 72, 'node', 0.695602),
('parthici', 67, 'node', 0.672252),
('parti', 67, 'node', 0.810915),
('partico', 66, 'node', 2.54661),
('partico', 67, 'node', 2.85212),
('partico', 72, 'node', 1),
('partico', 73, 'node', 0.961087),
('particolare', 76, 'node', 0.578643),
('particolari', 7, 'node', 1),
('particolarmente', 67, 'node', 0.539902),
('passaggio', 62, 'node', 0.78951),
('passaggio', 64, 'node', 0.800068),
('passanti', 74, 'node', 0.725015),
('passare', 74, 'node', 0.731649),
('passava', 62, 'node', 0.769219),
('passava', 64, 'node', 0.776703),
('passo', 62, 'node', 0.683725),
('passo', 64, 'node', 0.689612),
('pater', 76, 'node', 2),
('pater', 77, 'node', 1.84832),
('patre', 76, 'node', 1),
('patre', 77, 'node', 0.839384),
('patri', 66, 'node', 1.9496),
('patri', 67, 'node', 2),
('patria', 60, 'node', 1),
('patria', 61, 'node', 0.938382),
('patria', 62, 'node', 1),
('patria', 63, 'node', 0.923838),
('patria', 64, 'node', 1),
('patria', 65, 'node', 0.961087),
('patria', 66, 'node', 3.35518),
('patria', 67, 'node', 3.82307),
('patria', 72, 'node', 1),
('patria', 73, 'node', 0.920273),
('patria', 76, 'node', 2.65946),
('patria', 77, 'node', 2.1609),
('patriae', 66, 'node', 2.89169),
('patriae', 67, 'node', 3.67986),
('patriae', 76, 'node', 2),
('patriae', 77, 'node', 1.84832),
('pavimentato', 37, 'node', 1),
('pedes', 64, 'node', 0.886095),
('pellegrino', 12, 'node', 1),
('pellegrino', 31, 'node', 1),
('pellegrino', 62, 'node', 0.582831),
('pellegrino', 63, 'node', 2),
('pellegrino', 64, 'node', 0.668514),
('pensa', 72, 'node', 0.59873),
('pensare', 71, 'node', 0.752312),
('peperino', 71, 'node', 1),
('per', 7, 'node', 1),
('per', 11, 'node', 1),
('per', 18, 'node', 1),
('per', 19, 'node', 1),
('per', 25, 'node', 1),
('per', 28, 'node', 1),
('per', 40, 'node', 2),
('per', 46, 'node', 1.91523),
('per', 55, 'node', 1),
('per', 58, 'node', 3.93105),
('per', 59, 'node', 7.28615),
('per', 60, 'node', 4.41975),
('per', 61, 'node', 5.96352),
('per', 62, 'node', 2.26077),
('per', 63, 'node', 4.4244),
('per', 64, 'node', 6.8861),
('per', 65, 'node', 9.10499),
('per', 66, 'node', 7.81122),
('per', 67, 'node', 9.43615),
('per', 68, 'node', 6.11134),
('per', 69, 'node', 3.72066),
('per', 70, 'node', 5.65),
('per', 71, 'node', 2.57972),
('per', 72, 'node', 6.19927),
('per', 73, 'node', 8.55822),
('per', 74, 'node', 2.647),
('per', 75, 'node', 4),
('per', 76, 'node', 7.86348),
('per', 77, 'node', 7.72399),
('per', 78, 'node', 1),
('perchè', 52, 'node', 1),
('perché', 67, 'node', 0.511433),
('perché', 72, 'node', 0.638366),
('percorrendo', 76, 'node', 0.641769),
('percorso', 25, 'node', 1),
('percorso', 76, 'node', 0.517983),
('percorso', 78, 'node', 1),
('perducendas', 76, 'node', 1),
('perducendas', 77, 'node', 0.989021),
('perductas', 76, 'node', 2),
('perductas', 77, 'node', 1.74863),
('perdute', 72, 'node', 1),
('perfetto', 49, 'node', 0.923838),
('periodo', 58, 'node', 2.75055),
('periodo', 59, 'node', 4),
('periodo', 60, 'node', 2.7349),
('periodo', 61, 'node', 4),
('periodo', 62, 'node', 2.38899),
('periodo', 63, 'node', 4),
('periodo', 64, 'node', 2.37139),
('periodo', 65, 'node', 4),
('periodo', 66, 'node', 4),
('periodo', 67, 'node', 2.56535),
('periodo', 68, 'node', 4),
('periodo', 69, 'node', 2.76639),
('periodo', 70, 'node', 4),
('periodo', 71, 'node', 2.62303),
('periodo', 72, 'node', 2.14053),
('periodo', 73, 'node', 4),
('periodo', 74, 'node', 2.5135),
('periodo', 75, 'node', 4),
('periodo', 76, 'node', 1.898),
('periodo', 77, 'node', 4),
('permettergli', 74, 'node', 1),
('però', 7, 'node', 1),
('però', 43, 'node', 1),
('personaggi', 67, 'node', 0.687638),
('personaggio', 7, 'node', 1),
('personaggio', 40, 'node', 1),
('personaggio', 74, 'node', 0.78951),
('personale', 76, 'node', 1.10147),
('pertinace', 66, 'node', 1.72303),
('pertinace', 67, 'node', 1.90629),
('pertinace', 72, 'node', 1),
('pertinace', 73, 'node', 0.976851),
('pertinaci', 66, 'node', 1.9496),
('pertinaci', 67, 'node', 2),
('pertinax', 72, 'node', 1),
('pertinax', 73, 'node', 1),
('pezzi', 46, 'node', 1),
('piazza', 4, 'node', 4.4),
('piazza', 7, 'node', 1),
('piazza', 10, 'node', 1),
('piazza', 13, 'node', 1),
('piazza', 16, 'node', 2),
('piazza', 17, 'node', 39),
('piazza', 18, 'node', 38),
('piazza', 43, 'node', 1),
('piazza', 46, 'node', 29.9458),
('piazza', 49, 'node', 26.9311),
('piazza', 57, 'node', 2),
('piazza', 58, 'node', 28.5154),
('piazza', 59, 'node', 27),
('piazza', 68, 'node', 41),
('piazza', 69, 'node', 45.289),
('piazza', 72, 'node', 1.07383),
('piazza', 73, 'node', 2),
('piazza', 74, 'node', 1.23111),
('piazza', 75, 'node', 2),
('piazza', 76, 'node', 0.950855),
('piazza', 77, 'node', 2),
('piccola', 16, 'node', 1),
('piccola', 43, 'node', 1),
('piccone', 58, 'node', 0.920273),
('piedi', 62, 'node', 0.923838),
('piedi', 64, 'node', 1.93105),
('piedi', 65, 'node', 0.913226),
('piedistallo', 59, 'node', 1),
('piedistallo', 68, 'node', 1),
('piena', 37, 'node', 1),
('piena', 70, 'node', 8),
('piena', 71, 'node', 9.636),
('piene', 71, 'node', 0.729424),
('pietra', 7, 'node', 1),
('pietra', 59, 'node', 1),
('pietra', 68, 'node', 1),
('pietra', 77, 'node', 1),
('pietro', 60, 'node', 0.703756),
('pii', 66, 'node', 1.94209),
('pii', 67, 'node', 2),
('pilastrini', 71, 'node', 1),
('pilone', 71, 'node', 0.672252),
('pio', 66, 'node', 8.90031),
('pio', 67, 'node', 9.6259),
('pio', 69, 'node', 0.76188),
('pio', 72, 'node', 2),
('pio', 73, 'node', 1.88373),
('pistor', 74, 'node', 1),
('pistoris', 74, 'node', 2),
('pistoris', 75, 'node', 2),
('più', 7, 'node', 1),
('più', 14, 'node', 1),
('più', 37, 'node', 1),
('più', 55, 'node', 1),
('più', 58, 'node', 0.876337),
('più', 60, 'node', 0.781775),
('più', 62, 'node', 0.679856),
('più', 64, 'node', 0.685676),
('più', 67, 'node', 0.498827),
('più', 71, 'node', 4.5599),
('più', 72, 'node', 4.9689),
('più', 74, 'node', 2.56065),
('più', 76, 'node', 0.712106),
('pius', 72, 'node', 1),
('pius', 73, 'node', 1),
('piuttosto', 71, 'node', 0.745294),
('planetarie', 72, 'node', 0.779231),
('plautiani', 66, 'node', 1),
('plautiani', 67, 'node', 1),
('plautilla', 66, 'node', 0.794753),
('plautilla', 67, 'node', 3.07752),
('plautillae', 66, 'node', 1),
('plautillae', 67, 'node', 1),
('plauziano', 66, 'node', 0.781775),
('plauziano', 67, 'node', 3.05413),
('plinio', 69, 'node', 0.934703),
('pnto', 55, 'node', 1),
('poi', 46, 'node', 1),
('poi', 58, 'node', 0.72066),
('poi', 62, 'node', 0.71),
('poi', 64, 'node', 0.716357),
('poi', 67, 'node', 0.662985),
('poiché', 58, 'node', 0.953396),
('pomerio', 4, 'node', 4.4),
('pomerio', 12, 'node', 39),
('pomerio', 13, 'node', 38),
('pomerio', 31, 'node', 26),
('pomerio', 34, 'node', 27),
('pomerio', 57, 'node', 2),
('pomerio', 62, 'node', 37.4738),
('pomerio', 63, 'node', 32.8927),
('pomerio', 64, 'node', 31.9024),
('pomerio', 65, 'node', 27.9132),
('pomerium', 62, 'node', 2.78177),
('pomerium', 63, 'node', 2),
('pomerium', 64, 'node', 1.78951),
('pomerium', 65, 'node', 1),
('pont', 62, 'node', 1),
('pont', 63, 'node', 1),
('pont', 64, 'node', 2),
('pont', 65, 'node', 2),
('ponte', 4, 'node', 2.2),
('ponte', 14, 'node', 41),
('ponte', 37, 'node', 32),
('ponte', 57, 'node', 2),
('ponte', 70, 'node', 35),
('ponte', 71, 'node', 39.2235),
('pontefice', 58, 'node', 1),
('pontefice', 59, 'node', 1),
('pontefice', 60, 'node', 1),
('pontefice', 61, 'node', 0.98493),
('pontefice', 62, 'node', 1),
('pontefice', 63, 'node', 0.98493),
('pontefice', 64, 'node', 2),
('pontefice', 65, 'node', 1.93838),
('pontefice', 66, 'node', 2.48323),
('pontefice', 67, 'node', 2.77624),
('pontefice', 68, 'node', 0.972861),
('pontefice', 69, 'node', 1),
('pontefice', 72, 'node', 1),
('pontefice', 73, 'node', 0.953396),
('pontefice', 76, 'node', 2.7222),
('pontefice', 77, 'node', 2.19643),
('ponti', 70, 'node', 0.931053),
('pontif', 60, 'node', 1),
('pontif', 61, 'node', 1),
('pontif', 76, 'node', 2),
('pontif', 77, 'node', 1.95723),
('pontifex', 58, 'node', 2),
('pontifex', 59, 'node', 2),
('pontifex', 68, 'node', 2),
('pontifex', 69, 'node', 2),
('pontifex', 76, 'node', 1),
('pontifex', 77, 'node', 0.863659),
('pontifi', 66, 'node', 1.9496),
('pontifi', 67, 'node', 2),
('pontificato', 46, 'node', 1),
('popolo', 4, 'node', 2.2),
('popolo', 18, 'node', 38),
('popolo', 49, 'node', 26.9311),
('popolo', 57, 'node', 1),
('popolo', 58, 'node', 26.6876),
('popolo', 59, 'node', 27),
('popolo', 60, 'node', 1),
('popolo', 61, 'node', 1),
('popolo', 64, 'node', 1),
('popolo', 65, 'node', 0.923838),
('popolo', 68, 'node', 1),
('popolo', 69, 'node', 2.42092),
('popolusque', 60, 'node', 1),
('popolusque', 61, 'node', 1),
('populì', 58, 'node', 2),
('populì', 59, 'node', 2),
('populi', 62, 'node', 1.60322),
('populi', 63, 'node', 1),
('populì', 68, 'node', 1.98902),
('populì', 69, 'node', 2),
('porre', 76, 'node', 0.60778),
('porta', 4, 'node', 2.2),
('porta', 15, 'node', 1),
('porta', 16, 'node', 2),
('porta', 19, 'node', 38),
('porta', 40, 'node', 2),
('porta', 43, 'node', 1),
('porta', 55, 'node', 32),
('porta', 57, 'node', 1),
('porta', 74, 'node', 1.22952),
('porta', 75, 'node', 3),
('porta', 76, 'node', 34.3629),
('porta', 77, 'node', 34.6612),
('portarono', 67, 'node', 0.76188),
('portato', 17, 'node', 1),
('portato', 18, 'node', 1),
('portato', 46, 'node', 1),
('portato', 49, 'node', 1),
('portavano', 55, 'node', 1),
('portavano', 76, 'node', 0.464545),
('portavano', 77, 'node', 1),
('porte', 19, 'node', 1),
('porte', 55, 'node', 3),
('porte', 76, 'node', 0.472657),
('porte', 77, 'node', 1),
('portico', 13, 'node', 1),
('portico', 43, 'node', 1),
('portico', 72, 'node', 0.570448),
('porticus', 67, 'node', 0.469921),
('portò', 69, 'node', 1),
('posizione', 69, 'node', 0.76431),
('possedere', 74, 'node', 0.976851),
('possono', 7, 'node', 1),
('post', 62, 'node', 0.781775),
('post', 64, 'node', 0.78951),
('postea', 76, 'node', 2),
('postea', 77, 'node', 1.7418),
('posti', 62, 'node', 0.610858),
('posto', 46, 'node', 2.94209),
('posto', 49, 'node', 2),
('posto', 58, 'node', 2),
('posto', 59, 'node', 0.98493),
('posto', 67, 'node', 1.34652),
('posto', 68, 'node', 0.923838),
('posto', 69, 'node', 1.76922),
('pot', 58, 'node', 2),
('pot', 59, 'node', 2),
('pot', 60, 'node', 1),
('pot', 61, 'node', 1),
('pot', 62, 'node', 1),
('pot', 63, 'node', 1),
('pot', 64, 'node', 2),
('pot', 65, 'node', 2),
('pot', 68, 'node', 1),
('pot', 69, 'node', 1),
('pot', 76, 'node', 1),
('pot', 77, 'node', 0.942091),
('potè', 31, 'node', 1),
('potente', 67, 'node', 0.727213),
('potere', 67, 'node', 0.645209),
('potesse', 72, 'node', 1.46166),
('potessero', 58, 'node', 0.882818),
('potest', 66, 'node', 3.89919),
('potest', 67, 'node', 4),
('potestà', 58, 'node', 1),
('potestà', 59, 'node', 0.997306),
('potestà', 60, 'node', 1),
('potestà', 61, 'node', 0.972861),
('potestà', 62, 'node', 1),
('potestà', 63, 'node', 0.968904),
('potestà', 64, 'node', 2),
('potestà', 65, 'node', 1.9274),
('potestà', 66, 'node', 3.35034),
('potestà', 67, 'node', 3.78661),
('potestà', 68, 'node', 0.934703),
('potestà', 69, 'node', 1),
('potestà', 72, 'node', 2),
('potestà', 73, 'node', 1.84528),
('potestà', 76, 'node', 2.70014),
('potestà', 77, 'node', 2.18429),
('potestas', 58, 'node', 0.802752),
('potestát', 68, 'node', 0.993146),
('potestát', 69, 'node', 1),
('potestate', 76, 'node', 2),
('potestate', 77, 'node', 1.85135),
('potestátem', 58, 'node', 2),
('potestátem', 59, 'node', 2),
('potestátem', 68, 'node', 1),
('potestátem', 69, 'node', 1),
('potete', 25, 'node', 1),
('potete', 78, 'node', 1),
('potevano', 62, 'node', 0.722831),
('potevano', 64, 'node', 0.729424),
('potrai', 72, 'node', 0.566439),
('potuto', 7, 'node', 0.889397),
('potuto', 34, 'node', 1),
('praenestina', 55, 'node', 1),
('praenestina', 76, 'node', 1.47642),
('precedente', 13, 'node', 1),
('precedente', 62, 'node', 0.659351),
('precedente', 64, 'node', 1.1901),
('precedente', 65, 'node', 2),
('precedente', 71, 'node', 1),
('precedentemente', 67, 'node', 0.808176),
('preciso', 62, 'node', 0.842342),
('preciso', 64, 'node', 0.854391),
('preciso', 76, 'node', 0.528135),
('predecessore', 76, 'node', 0.521322),
('prefetto', 66, 'node', 0.774192),
('prefetto', 67, 'node', 1.59278),
('prenestina', 74, 'node', 0.757065),
('prese', 76, 'node', 0.662985),
('presenza', 71, 'node', 0.707906),
('presi', 71, 'node', 0.685676),
('pressi', 62, 'node', 0.623497),
('presso', 66, 'node', 2),
('presso', 67, 'node', 1.64543),
('presso', 68, 'node', 1),
('presso', 69, 'node', 0.697623),
('presso', 76, 'node', 0.63333),
('prestati', 67, 'node', 0.561181),
('prestigio', 78, 'node', 1),
('prestigio', 81, 'node', 1),
('prestito', 67, 'node', 0.595774),
('presupposto', 7, 'node', 0.896076),
('pretorio', 66, 'node', 0.771698),
('pretorio', 67, 'node', 1.58962),
('previsione', 72, 'node', 0.580033),
('previsto', 71, 'node', 0.805455),
('prima', 28, 'node', 1),
('prima', 66, 'node', 7.75353),
('prima', 67, 'node', 8),
('prima', 76, 'node', 0.687638),
('primo', 46, 'node', 1),
('primo', 49, 'node', 2),
('primo', 52, 'node', 3),
('primo', 74, 'node', 0.752312),
('principale', 62, 'node', 1),
('principale', 64, 'node', 1),
('principalmente', 7, 'node', 1),
('principato', 58, 'node', 0.738408),
('principe', 66, 'node', 1.65179),
('principe', 67, 'node', 1.8763),
('principi', 66, 'node', 0.945829),
('principi', 67, 'node', 1.62511),
('priva', 72, 'node', 0.625114),
('privata', 43, 'node', 1),
('private', 78, 'node', 2.2),
('private', 81, 'node', 37),
('probabile', 74, 'node', 0.819249),
('probabili', 67, 'node', 0.497805),
('probabilmente', 46, 'node', 1),
('probabilmente', 72, 'node', 0.587082),
('probabilmente', 76, 'node', 0.610858),
('probaveit', 70, 'node', 1),
('probaveit', 71, 'node', 1),
('probaverun', 70, 'node', 1),
('probaverun', 71, 'node', 1),
('probaverunt', 70, 'node', 1),
('probaverunt', 71, 'node', 1),
('probavit', 70, 'node', 1),
('probavit', 71, 'node', 1),
('problema', 67, 'node', 0.523573),
('problematica', 67, 'node', 0.552215),
('proco', 67, 'node', 0.628375),
('proco', 72, 'node', 2),
('proco', 73, 'node', 2),
('proconsole', 66, 'node', 1.65486),
('proconsole', 67, 'node', 1.88033),
('proconsole', 72, 'node', 2),
('proconsole', 73, 'node', 1.81281),
('prodigio', 69, 'node', 0.879565),
('prodotti', 40, 'node', 1),
('produzione', 58, 'node', 2.66664),
('produzione', 59, 'node', 4),
('produzione', 60, 'node', 2.62303),
('produzione', 61, 'node', 4),
('produzione', 62, 'node', 2.30354),
('produzione', 63, 'node', 4),
('produzione', 64, 'node', 2.29806),
('produzione', 65, 'node', 4),
('produzione', 68, 'node', 4),
('produzione', 69, 'node', 2.66664),
('produzione', 70, 'node', 4),
('produzione', 71, 'node', 2.52007),
('produzione', 72, 'node', 2.05875),
('produzione', 73, 'node', 4),
('produzione', 74, 'node', 2.42501),
('produzione', 75, 'node', 4),
('produzione', 76, 'node', 1.84064),
('produzione', 77, 'node', 4),
('professione', 74, 'node', 2),
('profondità', 60, 'node', 0.976851),
('programma', 72, 'node', 1.44962),
('progressivamente', 62, 'node', 0.993146),
('progressivamente', 64, 'node', 1),
('propilei', 72, 'node', 0.559882),
('proprio', 62, 'node', 0.652202),
('proprio', 71, 'node', 1.44758),
('proprio', 74, 'node', 0.740689),
('prosa', 74, 'node', 0.805455),
('protettori', 72, 'node', 0.754681),
('prova', 74, 'node', 0.906287),
('proveniente', 58, 'node', 1),
('psammetico', 17, 'node', 1),
('psammetico', 46, 'node', 1),
('psammetico', 68, 'node', 2),
('psammetico', 69, 'node', 2.33148),
('pubblica', 7, 'node', 0.879565),
('pubblicamente', 7, 'node', 1),
('pubbliche', 76, 'node', 0.501918),
('pubbliche', 78, 'node', 2.2),
('pubbliche', 80, 'node', 37),
('publica', 66, 'node', 0.731649),
('publica', 73, 'node', 0.824901),
('publio', 66, 'node', 0.802752),
('publio', 67, 'node', 0.906287),
('punti', 71, 'node', 0.695602),
('punto', 16, 'node', 1),
('punto', 19, 'node', 1),
('punto', 43, 'node', 1),
('punto', 74, 'node', 0.736141),
('punto', 76, 'node', 0.469921),
('punto', 77, 'node', 1),
('può', 7, 'node', 2),
('può', 31, 'node', 1),
('può', 34, 'node', 1),
('può', 58, 'node', 0.824901),
('può', 62, 'node', 0.882818),
('può', 67, 'node', 0.532778),
('può', 71, 'node', 0.819249),
('può', 73, 'node', 1),
('pzza', 49, 'node', 1),
('quadricipiti', 71, 'node', 1),
('quadro', 52, 'node', 1),
('qualche', 40, 'node', 1),
('qualche', 67, 'node', 0.566439),
('quale', 7, 'node', 1),
('quale', 40, 'node', 1),
('quale', 58, 'node', 1),
('quale', 62, 'node', 0.808176),
('quale', 64, 'node', 0.819249),
('quale', 69, 'node', 0.72066),
('quale', 76, 'node', 0.559882),
('quale', 78, 'node', 1),
('quali', 67, 'node', 0.471741),
('quali', 72, 'node', 1.5718),
('quando', 49, 'node', 1),
('quando', 62, 'node', 0.938382),
('quando', 64, 'node', 0.945829),
('quanta', 60, 'node', 1),
('quanta', 61, 'node', 0.927431),
('quantae', 60, 'node', 1),
('quantae', 61, 'node', 1),
('quanto', 71, 'node', 1.64137),
('quartiere', 67, 'node', 0.468115),
('quartieri', 67, 'node', 0.482973),
('quasi', 62, 'node', 0.638366),
('quattro', 14, 'node', 2),
('quattro', 37, 'node', 1),
('quattro', 49, 'node', 0.886095),
('quattro', 71, 'node', 1.97),
('quei', 67, 'node', 0.483934),
('quel', 74, 'node', 0.738408),
('quella', 58, 'node', 0.830633),
('quella', 64, 'node', 0.657549),
('quella', 67, 'node', 0.550958),
('quella', 69, 'node', 1.63571),
('quella', 71, 'node', 1.88493),
('quella', 72, 'node', 1.68105),
('quelle', 71, 'node', 0.949597),
('quelli', 78, 'node', 1),
('quello', 7, 'node', 1),
('quello', 49, 'node', 1),
('quello', 58, 'node', 1),
('quello', 60, 'node', 1.52144),
('quello', 62, 'node', 0.909743),
('quello', 64, 'node', 0.920273),
('quello', 67, 'node', 1.72178),
('quello', 69, 'node', 1),
('quello', 76, 'node', 0.49376),
('quest', 64, 'node', 0.653974),
('questa', 62, 'node', 1.78555),
('questa', 64, 'node', 0.909743),
('questa', 67, 'node', 0.508221),
('questa', 71, 'node', 0.78951),
('questa', 74, 'node', 1),
('questa', 76, 'node', 1.16807),
('queste', 7, 'node', 0.909743),
('queste', 67, 'node', 0.502958),
('queste', 76, 'node', 0.757065),
('questi', 67, 'node', 1.18536),
('questi', 71, 'node', 0.697623),
('questi', 72, 'node', 0.601716),
('questi', 78, 'node', 1),
('questi', 79, 'node', 1),
('questione', 67, 'node', 0.553478),
('questioni', 67, 'node', 0.501918),
('questo', 7, 'node', 1),
('questo', 25, 'node', 1),
('questo', 37, 'node', 1),
('questo', 40, 'node', 2),
('questo', 49, 'node', 1),
('questo', 58, 'node', 0.816452),
('questo', 60, 'node', 0.889397),
('questo', 62, 'node', 2.74997),
('questo', 64, 'node', 2.13211),
('questo', 66, 'node', 1.57871),
('questo', 67, 'node', 1.7824),
('questo', 68, 'node', 1),
('questo', 69, 'node', 0.685676),
('questo', 71, 'node', 0.621888),
('questo', 72, 'node', 1.56653),
('questo', 74, 'node', 5.46906),
('questo', 75, 'node', 2),
('questo', 78, 'node', 4),
('questo', 79, 'node', 1),
('questo', 80, 'node', 1),
('questo', 81, 'node', 1),
('qui', 62, 'node', 0.784336),
('qui', 64, 'node', 0.792123),
('qui', 67, 'node', 0.545988),
('qui', 76, 'node', 1),
('qui', 77, 'node', 1),
('quindi', 52, 'node', 1),
('quindi', 58, 'node', 0.800068),
('quindi', 60, 'node', 0.771698),
('quindi', 72, 'node', 1.42354),
('quindi', 76, 'node', 0.511433),
('quinto', 37, 'node', 1),
('quinto', 70, 'node', 1),
('quinto', 71, 'node', 1),
('quirinale', 60, 'node', 0.938382),
('quirinale', 62, 'node', 0.695602),
('quirinale', 64, 'node', 0.7017),
('quirino', 72, 'node', 0.830633),
('quota', 66, 'node', 1.57038),
('quota', 67, 'node', 2.75462),
('racchiuse', 60, 'node', 0.731649),
('racconta', 58, 'node', 0.683725),
('racconta', 59, 'node', 1),
('racconta', 60, 'node', 0.679856),
('racconta', 61, 'node', 1),
('racconta', 68, 'node', 1),
('racconta', 69, 'node', 1.62973),
('raccontato', 58, 'node', 2.7427),
('raccontato', 59, 'node', 4),
('raccontato', 60, 'node', 2.72714),
('raccontato', 61, 'node', 4),
('raccontato', 62, 'node', 2.3831),
('raccontato', 63, 'node', 4),
('raccontato', 64, 'node', 2.36558),
('raccontato', 65, 'node', 4),
('raccontato', 66, 'node', 4),
('raccontato', 67, 'node', 1.85113),
('raccontato', 68, 'node', 4),
('raccontato', 69, 'node', 2.75845),
('raccontato', 70, 'node', 4),
('raccontato', 71, 'node', 2.6159),
('raccontato', 72, 'node', 2.13581),
('raccontato', 73, 'node', 4),
('raccontato', 74, 'node', 2.50696),
('raccontato', 75, 'node', 4),
('raccontato', 76, 'node', 1.8943),
('raccontato', 77, 'node', 4),
('raffigurazione', 74, 'node', 1.61411),
('raggi', 69, 'node', 0.980874),
('raggiunto', 7, 'node', 0.913226),
('raggiunto', 69, 'node', 0.802752),
('raggiunto', 74, 'node', 2),
('ragioni', 67, 'node', 0.705825),
('rame', 72, 'node', 1),
('ramesse', 18, 'node', 1),
('ramesse', 58, 'node', 2.33333),
('ramieri', 70, 'node', 0.934703),
('ramsete', 49, 'node', 3),
('ramsete', 59, 'node', 2),
('rango', 40, 'node', 1),
('rango', 66, 'node', 0.779231),
('rango', 67, 'node', 0.876337),
('rappresentano', 78, 'node', 1),
('rappresentano', 79, 'node', 1),
('rappresentare', 69, 'node', 0.810915),
('rappresentate', 28, 'node', 1),
('rappresenti', 60, 'node', 0.980874),
('raramente', 7, 'node', 1),
('reale', 49, 'node', 1),
('realizzate', 7, 'node', 1),
('realizzato', 17, 'node', 1),
('realizzato', 18, 'node', 1),
('realizzazione', 67, 'node', 0.490769),
('recente', 71, 'node', 0.931053),
('recipienti', 74, 'node', 0.96498),
('redac', 68, 'node', 0.989021),
('redac', 69, 'node', 1),
('redáct', 58, 'node', 1),
('redáct', 59, 'node', 1),
('redáctá', 58, 'node', 1),
('redáctá', 59, 'node', 1),
('redáctá', 68, 'node', 1),
('redáctá', 69, 'node', 1),
('redazioni', 67, 'node', 0.784336),
('redemptor', 74, 'node', 1),
('redemptoris', 74, 'node', 2),
('redemptoris', 75, 'node', 2),
('reducendas', 76, 'node', 1),
('reducendas', 77, 'node', 0.805455),
('registri', 7, 'node', 0.997306),
('regno', 46, 'node', 1),
('regno', 49, 'node', 3),
('regolato', 69, 'node', 0.851346),
('relativa', 67, 'node', 0.549707),
('relativa', 72, 'node', 1.61241),
('relativamente', 72, 'node', 0.927431),
('relative', 71, 'node', 0.776703),
('relativi', 72, 'node', 0.594307),
('relativi', 76, 'node', 0.575885),
('relazione', 69, 'node', 0.873132),
('renania', 64, 'node', 0.61241),
('rendendo', 60, 'node', 0.813674),
('rendendolo', 62, 'node', 0.640063),
('rendeva', 46, 'node', 1),
('reperimento', 59, 'node', 4),
('reperimento', 61, 'node', 4),
('reperimento', 63, 'node', 4),
('reperimento', 65, 'node', 4),
('reperimento', 66, 'node', 4),
('reperimento', 68, 'node', 4),
('reperimento', 70, 'node', 4),
('reperimento', 73, 'node', 4),
('reperimento', 75, 'node', 4),
('reperimento', 77, 'node', 4),
('repubblica', 71, 'node', 1),
('repubblicana', 74, 'node', 0.769219),
('rescomplexnewphp', 59, 'node', 9.26577),
('rescomplexnewphp', 61, 'node', 8.74229),
('rescomplexnewphp', 63, 'node', 9.3983),
('rescomplexnewphp', 65, 'node', 9.26577),
('rescomplexnewphp', 66, 'node', 7.69621),
('rescomplexnewphp', 68, 'node', 8.88993),
('rescomplexnewphp', 70, 'node', 9.96916),
('rescomplexnewphp', 73, 'node', 8.65606),
('rescomplexnewphp', 75, 'node', 11),
('rescomplexnewphp', 77, 'node', 7.02203),
('rese', 67, 'node', 0.779231),
('responsabili', 67, 'node', 0.487816),
('restaurare', 49, 'node', 0.938382),
('restaurare', 55, 'node', 1),
('restaurare', 70, 'node', 0.989021),
('restaurare', 71, 'node', 1),
('restaurarono', 72, 'node', 1),
('restaurarono', 73, 'node', 0.896076),
('restaurata', 76, 'node', 0.695602),
('restaurato', 37, 'node', 1),
('restaurato', 72, 'node', 0.733888),
('restaurazione', 58, 'node', 0.707906),
('restauri', 72, 'node', 0.61241),
('restauro', 55, 'node', 1.99731),
('restauro', 71, 'node', 0.774192),
('restauro', 72, 'node', 0.585658),
('restauro', 76, 'node', 1.05927),
('resti', 49, 'node', 0.953396),
('restituerunt', 72, 'node', 1),
('restituerunt', 73, 'node', 1),
('restituì', 76, 'node', 0.876337),
('restituì', 77, 'node', 0.714225),
('restituit', 76, 'node', 1),
('restituit', 77, 'node', 0.876337),
('restituite', 76, 'node', 0.813674),
('restituite', 77, 'node', 0.679856),
('restitutas', 76, 'node', 1),
('restitutas', 77, 'node', 0.833529),
('restituzione', 76, 'node', 1.32761),
('restituzione', 77, 'node', 0.685676),
('restuararne', 46, 'node', 0.972861),
('rhà', 46, 'node', 1),
('rhà', 49, 'node', 1),
('riadattarlo', 46, 'node', 0.938382),
('rialzare', 46, 'node', 1),
('ricavabile', 76, 'node', 0.618696),
('ricchezza', 78, 'node', 1),
('ricchezza', 81, 'node', 1),
('ricco', 74, 'node', 0.923838),
('richiama', 58, 'node', 0.722831),
('richiamare', 58, 'node', 0.754681),
('richiamava', 72, 'node', 0.786915),
('ricognizione', 61, 'node', 0.857458),
('ricoperta', 71, 'node', 0.882818),
('ricoperto', 49, 'node', 1),
('ricoprire', 72, 'node', 0.645209),
('ricorda', 34, 'node', 1),
('ricorda', 62, 'node', 0.860547),
('ricorda', 64, 'node', 0.876337),
('ricorda', 76, 'node', 1.24043),
('ricordare', 60, 'node', 0.754681),
('ricordare', 72, 'node', 0.643484),
('ricordato', 67, 'node', 0.485867),
('ricordo', 67, 'node', 0.747619),
('ricostruito', 52, 'node', 1),
('ricostruito', 72, 'node', 0.716357),
('ricostruzione', 71, 'node', 0.747619),
('rientrò', 72, 'node', 0.584241),
('riesiede', 67, 'node', 0.522445),
('rifacimento', 71, 'node', 0.813674),
('rifatta', 71, 'node', 1),
('riferisca', 67, 'node', 0.51578),
('riforma', 69, 'node', 0.906287),
('riga', 60, 'node', 0.845322),
('riga', 67, 'node', 2.51319),
('riguardanti', 67, 'node', 0.59873),
('rimasero', 58, 'node', 1),
('rimasta', 64, 'node', 0.892724),
('rimasti', 74, 'node', 1),
('rimontare', 46, 'node', 1),
('rimuoverlo', 46, 'node', 1),
('ringraziare', 67, 'node', 0.570448),
('rinnalzamento', 46, 'node', 0.997306),
('rintracciala', 74, 'node', 0.824901),
('rinvenimento', 58, 'node', 2.76639),
('rinvenimento', 59, 'node', 4),
('rinvenimento', 60, 'node', 2.68901),
('rinvenimento', 61, 'node', 4),
('rinvenimento', 62, 'node', 2.37139),
('rinvenimento', 63, 'node', 4),
('rinvenimento', 64, 'node', 2.34833),
('rinvenimento', 65, 'node', 4),
('rinvenimento', 66, 'node', 4),
('rinvenimento', 67, 'node', 1.84762),
('rinvenimento', 68, 'node', 4),
('rinvenimento', 69, 'node', 2.8233),
('rinvenimento', 70, 'node', 4),
('rinvenimento', 71, 'node', 2.58083),
('rinvenimento', 72, 'node', 2.15961),
('rinvenimento', 73, 'node', 4),
('rinvenimento', 74, 'node', 2.48115),
('rinvenimento', 75, 'node', 4),
('rinvenimento', 76, 'node', 1.90916),
('rinvenimento', 77, 'node', 4),
('rinvenuta', 40, 'node', 1),
('rinvenuto', 62, 'node', 0.625114),
('rioni', 14, 'node', 1),
('ripa', 14, 'node', 1),
('riparazione', 71, 'node', 0.742984),
('ripete', 62, 'node', 0.60778),
('ripetuta', 71, 'node', 1.90471),
('ripetute', 55, 'node', 1),
('riporta', 52, 'node', 1),
('riportata', 58, 'node', 0.836446),
('riportata', 69, 'node', 0.754681),
('riportato', 69, 'node', 0.784336),
('ripristinò', 55, 'node', 1),
('risale', 40, 'node', 1),
('risale', 62, 'node', 0.836446),
('risale', 64, 'node', 0.848323),
('risalente', 55, 'node', 1),
('risalente', 71, 'node', 0.938382),
('risiede', 67, 'node', 0.575885),
('risotterrato', 46, 'node', 1),
('rispettandone', 72, 'node', 0.707906),
('rispetto', 64, 'node', 0.655756),
('ristetto', 28, 'node', 1),
('ristrutturazione', 67, 'node', 0.480114),
('risulta', 60, 'node', 0.797402),
('risulta', 67, 'node', 0.541108),
('risultava', 46, 'node', 1),
('ritenere', 74, 'node', 0.822065),
('ritengono', 76, 'node', 1.07749),
('ritrovamente', 74, 'node', 2.54671),
('ritrovamento', 67, 'node', 1.86173),
('ritrovamento', 75, 'node', 4),
('ritrovarlo', 46, 'node', 1),
('ritrovati', 46, 'node', 1),
('ritrovato', 31, 'node', 1),
('ritrovato', 34, 'node', 1),
('rivestimento', 71, 'node', 0.794753),
('rivolta', 62, 'node', 1),
('rivolta', 64, 'node', 1),
('rizzati', 58, 'node', 0.873132),
('roma', 4, 'node', 26),
('roma', 10, 'node', 1),
('roma', 11, 'node', 1),
('roma', 12, 'node', 1),
('roma', 17, 'node', 1),
('roma', 18, 'node', 1),
('roma', 19, 'node', 2),
('roma', 31, 'node', 1),
('roma', 43, 'node', 1),
('roma', 46, 'node', 1),
('roma', 49, 'node', 1),
('roma', 58, 'node', 1),
('roma', 59, 'node', 2.75284),
('roma', 61, 'node', 0.873132),
('roma', 62, 'node', 0.822065),
('roma', 64, 'node', 0.833529),
('roma', 65, 'node', 0.860547),
('roma', 66, 'node', 0.745294),
('roma', 67, 'node', 1.03932),
('roma', 68, 'node', 0.909743),
('roma', 69, 'node', 2),
('roma', 70, 'node', 3.7765),
('roma', 72, 'node', 1.51771),
('roma', 73, 'node', 5.12351),
('roma', 75, 'node', 1),
('roma', 76, 'node', 1.11431),
('roma', 77, 'node', 1.65397),
('romana', 7, 'node', 0.931053),
('romane', 61, 'node', 0.863659),
('romane', 66, 'node', 0.716357),
('romani', 28, 'node', 1),
('románì', 58, 'node', 2.71423),
('románì', 59, 'node', 2),
('romani', 62, 'node', 2.52349),
('romani', 63, 'node', 1),
('romani', 64, 'node', 0.931053),
('rómánì', 68, 'node', 1.98902),
('rómánì', 69, 'node', 2),
('romani', 78, 'node', 2),
('romani', 79, 'node', 1),
('romani', 80, 'node', 1),
('romano', 15, 'node', 1),
('romano', 40, 'node', 1),
('romano', 46, 'node', 1),
('romano', 49, 'node', 1),
('romano', 60, 'node', 1),
('romano', 61, 'node', 2),
('romano', 62, 'node', 2.79497),
('romano', 63, 'node', 2),
('romano', 64, 'node', 3.15762),
('romano', 65, 'node', 2.92027),
('romano', 74, 'node', 0.648686),
('romano', 75, 'node', 1),
('romanus', 60, 'node', 1),
('romanus', 61, 'node', 1),
('rome', 59, 'node', 0.938382),
('rome', 66, 'node', 0.729424),
('rome', 68, 'node', 0.845322),
('romolo', 62, 'node', 0.830633),
('romolo', 64, 'node', 0.842342),
('romolo', 72, 'node', 0.836446),
('rossa', 34, 'node', 1),
('rotonda', 10, 'node', 1),
('rotonda', 72, 'node', 1.07264),
('rotonda', 73, 'node', 2),
('roullet', 68, 'node', 0.842342),
('rushforth', 68, 'node', 0.869951),
('sacra', 62, 'node', 0.771698),
('sacra', 64, 'node', 0.779231),
('sacro', 12, 'node', 1),
('sacro', 62, 'node', 1.64521),
('sacro', 64, 'node', 1.62029),
('saeculares', 67, 'node', 0.473576),
('saeculares', 72, 'node', 0.577261),
('salaria', 63, 'node', 1.76243),
('salì', 49, 'node', 2),
('salvò', 52, 'node', 1),
('san', 43, 'node', 1),
('san', 49, 'node', 1),
('san', 60, 'node', 0.705825),
('sancta', 52, 'node', 1),
('sant', 14, 'node', 1),
('santa', 13, 'node', 1),
('santa', 34, 'node', 1),
('santa', 62, 'node', 1.47485),
('santa', 64, 'node', 0.625114),
('santa', 72, 'node', 0.547222),
('sar', 64, 'node', 1),
('sar', 65, 'node', 1),
('sarà', 7, 'node', 1),
('saranno', 67, 'node', 0.492759),
('sarcedote', 40, 'node', 1),
('sarebbero', 74, 'node', 0.857458),
('saremmo', 60, 'node', 1),
('saturni', 74, 'node', 0.842342),
('saturnio', 74, 'node', 0.833529),
('scalpello', 28, 'node', 1),
('scalpello', 59, 'node', 1),
('scalpello', 61, 'node', 1),
('scalpello', 63, 'node', 1),
('scalpello', 65, 'node', 1),
('scalpello', 66, 'node', 1),
('scalpello', 68, 'node', 1),
('scalpello', 70, 'node', 1),
('scalpello', 72, 'node', 0.620288),
('scalpello', 75, 'node', 1),
('scalpello', 77, 'node', 1),
('scatenò', 58, 'node', 0.96498),
('scavalcare', 55, 'node', 1),
('scavando', 49, 'node', 0.957226),
('scavati', 60, 'node', 1),
('scavati', 61, 'node', 0.896076),
('scavi', 34, 'node', 1),
('scavi', 64, 'node', 0.635),
('scavi', 69, 'node', 0.774192),
('scavi', 74, 'node', 0.677939),
('scegli', 78, 'node', 1),
('scelse', 72, 'node', 0.653974),
('scomparsa', 49, 'node', 1),
('scomparsa', 72, 'node', 0.839384),
('scoperti', 49, 'node', 0.972861),
('scoperto', 64, 'node', 0.640063),
('scopo', 7, 'node', 0.961087),
('scopo', 60, 'node', 1.69419),
('scopo', 71, 'node', 0.848323),
('scopre', 40, 'node', 1),
('scritta', 61, 'node', 1),
('scritta', 63, 'node', 1),
('scritta', 65, 'node', 1),
('scritta', 67, 'node', 0.824901),
('scritta', 70, 'node', 1),
('scritte', 46, 'node', 0.916736),
('scritte', 74, 'node', 0.810915),
('scritto', 7, 'node', 1),
('scrittura', 7, 'node', 1),
('scrittura', 61, 'node', 4),
('scrittura', 75, 'node', 4),
('sec', 58, 'node', 0.972861),
('sec', 60, 'node', 0.816452),
('sec', 69, 'node', 1),
('sec', 71, 'node', 1),
('secoli', 49, 'node', 1),
('secolo', 10, 'node', 1),
('secolo', 17, 'node', 1),
('secolo', 40, 'node', 1),
('secolo', 46, 'node', 1),
('secolo', 49, 'node', 1.95723),
('secolo', 52, 'node', 1),
('secolo', 55, 'node', 1),
('secolo', 72, 'node', 0.524706),
('secolo', 73, 'node', 1),
('secolo', 74, 'node', 0.718502),
('secolo', 76, 'node', 0.727213),
('seconda', 55, 'node', 1),
('seconda', 72, 'node', 0.630018),
('seconda', 76, 'node', 1.29545),
('secondo', 58, 'node', 0.766757),
('secondo', 60, 'node', 0.792123),
('secondo', 62, 'node', 1),
('secondo', 64, 'node', 1),
('secondo', 69, 'node', 1),
('secondo', 72, 'node', 1.52548),
('secondo', 74, 'node', 0.866793),
('sede', 58, 'node', 0.842342),
('sede', 67, 'node', 0.60778),
('segna', 62, 'node', 0.594307),
('segna', 64, 'node', 0.58995),
('segnati', 69, 'node', 0.989021),
('segni', 69, 'node', 0.961087),
('seguì', 76, 'node', 0.496787),
('seguire', 64, 'node', 0.661163),
('seguire', 78, 'node', 1),
('seguito', 43, 'node', 1),
('seguito', 72, 'node', 0.742984),
('seguito', 76, 'node', 1.67422),
('seguito', 77, 'node', 1.38568),
('sei', 8, 'node', 1),
('selection', 59, 'node', 0.923838),
('sella', 60, 'node', 0.961087),
('sembra', 62, 'node', 0.668514),
('sembra', 64, 'node', 0.662985),
('sembrerebbero', 58, 'node', 0.774192),
('semicircolari', 74, 'node', 0.707906),
('semplice', 74, 'node', 0.808176),
('semplicemente', 74, 'node', 0.98493),
('sempre', 62, 'node', 0.707906),
('sempre', 64, 'node', 0.714225),
('senato', 60, 'node', 2),
('senato', 61, 'node', 1),
('senato', 66, 'node', 0.836446),
('senato', 67, 'node', 0.953396),
('senato', 70, 'node', 0.997306),
('senato', 71, 'node', 1),
('senatori', 71, 'node', 0.879565),
('senatorio', 66, 'node', 0.776703),
('senatorio', 67, 'node', 0.873132),
('senatus', 60, 'node', 1),
('senatus', 61, 'node', 1),
('senatus', 67, 'node', 0.681785),
('senso', 62, 'node', 0.945829),
('senso', 64, 'node', 0.953396),
('senza', 7, 'node', 0.902857),
('senza', 72, 'node', 0.679856),
('separazione', 74, 'node', 1),
('sepolcrale', 74, 'node', 1.27023),
('sepolcrale', 75, 'node', 1),
('sepolcro', 4, 'node', 2.2),
('sepolcro', 15, 'node', 38),
('sepolcro', 40, 'node', 26),
('sepolcro', 74, 'node', 32.7818),
('sepolcro', 75, 'node', 32),
('sepolti', 49, 'node', 0.993146),
('sepoltura', 60, 'node', 0.742984),
('sepoltura', 74, 'node', 1),
('seppellire', 62, 'node', 0.72066),
('seppellire', 64, 'node', 0.727213),
('septimio', 66, 'node', 2.9496),
('septimio', 67, 'node', 3),
('septimius', 72, 'node', 1),
('septimius', 73, 'node', 1),
('servizi', 67, 'node', 0.562486),
('seti', 49, 'node', 1),
('sette', 59, 'node', 0.866793),
('settembre', 69, 'node', 0.839384),
('settentrionale', 58, 'node', 4),
('settentrionale', 59, 'node', 4),
('settentrionale', 68, 'node', 4),
('settentrionale', 69, 'node', 4),
('settimio', 66, 'node', 2.52666),
('settimio', 67, 'node', 4.25882),
('settimio', 72, 'node', 1.60932),
('settimio', 73, 'node', 0.98493),
('settimo', 43, 'node', 1),
('severi', 67, 'node', 1.05455),
('severo', 43, 'node', 1),
('severo', 66, 'node', 3.67262),
('severo', 67, 'node', 5.35596),
('severo', 72, 'node', 0.609315),
('sforzi', 74, 'node', 0.797402),
('sia', 7, 'node', 2),
('sia', 49, 'node', 1),
('sia', 58, 'node', 0.810915),
('sia', 60, 'node', 1.72118),
('sia', 71, 'node', 0.833529),
('sia', 72, 'node', 3.53212),
('sia', 76, 'node', 0.541108),
('siano', 60, 'node', 1),
('siano', 61, 'node', 0.902857),
('siano', 72, 'node', 0.597248),
('siano', 74, 'node', 0.813674),
('significato', 60, 'node', 0.805455),
('significato', 62, 'node', 1.27539),
('significato', 67, 'node', 0.529288),
('simboli', 58, 'node', 0.945829),
('simbolo', 62, 'node', 0.636679),
('singolare', 74, 'node', 1),
('sinistra', 70, 'node', 10),
('sinistra', 71, 'node', 9.28525),
('sinistro', 62, 'node', 1.94991),
('sinistro', 64, 'node', 1.96601),
('sino', 76, 'node', 0.645209),
('sisto', 46, 'node', 1),
('sisto', 49, 'node', 1.85212),
('sisto', 58, 'node', 0.860547),
('sisto', 59, 'node', 0.869951),
('sisto', 60, 'node', 0.697623),
('sit', 60, 'node', 1),
('sit', 61, 'node', 1),
('sito', 7, 'node', 2),
('sito', 62, 'node', 0.617112),
('situ', 59, 'node', 4),
('situ', 61, 'node', 4),
('situ', 63, 'node', 4),
('situ', 65, 'node', 4),
('situ', 66, 'node', 4),
('situ', 68, 'node', 4),
('situ', 70, 'node', 4),
('situ', 73, 'node', 4),
('situ', 75, 'node', 4),
('situ', 77, 'node', 4),
('situate', 76, 'node', 0.661163),
('smussati', 58, 'node', 0.923838),
('società', 7, 'node', 0.906287),
('solare', 46, 'node', 0.931053),
('solare', 58, 'node', 0.725015),
('solare', 69, 'node', 1.91323),
('solco', 62, 'node', 0.816452),
('solco', 64, 'node', 0.827757),
('solco', 72, 'node', 1),
('sole', 18, 'node', 1),
('sole', 46, 'node', 3),
('sole', 49, 'node', 3),
('sole', 58, 'node', 1.66116),
('sole', 59, 'node', 1.96498),
('sole', 68, 'node', 1.89945),
('sole', 69, 'node', 3.08136),
('solennità', 7, 'node', 0.980874),
('sólì', 58, 'node', 1),
('sólì', 59, 'node', 1),
('sólì', 68, 'node', 1.98493),
('sólì', 69, 'node', 2),
('solitamente', 7, 'node', 1),
('solito', 62, 'node', 1),
('solito', 64, 'node', 1),
('solo', 7, 'node', 2),
('solo', 62, 'node', 0.714225),
('solo', 64, 'node', 0.72066),
('solo', 67, 'node', 1.00845),
('solo', 69, 'node', 0.882818),
('solo', 71, 'node', 2.35113),
('solo', 76, 'node', 1),
('solo', 77, 'node', 0.822065),
('soluzione', 67, 'node', 0.504001),
('sommità', 60, 'node', 0.691597),
('sono', 7, 'node', 28),
('sono', 28, 'node', 1),
('sono', 43, 'node', 1),
('sono', 46, 'node', 0.923838),
('sono', 55, 'node', 1),
('sono', 62, 'node', 1),
('sono', 64, 'node', 1),
('sono', 67, 'node', 0.488796),
('sono', 76, 'node', 1.12016),
('sono', 78, 'node', 1),
('sono', 79, 'node', 1),
('sopra', 7, 'node', 1),
('sopra', 43, 'node', 1),
('sopra', 74, 'node', 1),
('soprintendenza', 61, 'node', 0.886095),
('soprintendenza', 70, 'node', 0.976851),
('soprintendenza', 73, 'node', 0.863659),
('sorgeva', 46, 'node', 1),
('sorgeva', 49, 'node', 1),
('sorgeva', 69, 'node', 0.860547),
('sormontata', 60, 'node', 0.71),
('sorta', 76, 'node', 0.588512),
('sostanzialmente', 74, 'node', 1),
('sostenere', 74, 'node', 0.902857),
('sosteneva', 72, 'node', 0.822065),
('sostituito', 67, 'node', 0.635),
('sostituiva', 71, 'node', 1),
('sostituzione', 71, 'node', 0.802752),
('sotto', 34, 'node', 1),
('sotto', 37, 'node', 1),
('sotto', 46, 'node', 2),
('sotto', 49, 'node', 1),
('sotto', 52, 'node', 1),
('sotto', 58, 'node', 2.33707),
('sotto', 59, 'node', 2.98087),
('sotto', 64, 'node', 0.628375),
('sotto', 68, 'node', 0.916736),
('sotto', 69, 'node', 2.33333),
('sotto', 72, 'node', 1.33215),
('sottolineando', 76, 'node', 0.60322),
('sottolineare', 76, 'node', 0.53161),
('sottolineò', 76, 'node', 0.506102),
('sottolivelli', 7, 'node', 1),
('sottomesso', 68, 'node', 1),
('sottomesso', 69, 'node', 0.679856),
('sottomette', 58, 'node', 0.681785),
('sottomette', 59, 'node', 1),
('sottostante', 72, 'node', 0.613969),
('sottostanti', 49, 'node', 0.869951),
('sovraintendere', 71, 'node', 0.845322),
('spalle', 28, 'node', 1),
('sparendo', 74, 'node', 0.693594),
('spazio', 60, 'node', 0.920273),
('speciale', 61, 'node', 0.882818),
('speciale', 70, 'node', 0.972861),
('spem', 19, 'node', 1),
('spese', 76, 'node', 2.63927),
('spese', 77, 'node', 2.14774),
('spesso', 76, 'node', 0.50505),
('spiegazione', 62, 'node', 0.839384),
('spiegazione', 64, 'node', 0.851346),
('spiegherebbe', 58, 'node', 0.76188),
('spina', 58, 'node', 3),
('spinti', 71, 'node', 0.72066),
('sponda', 70, 'node', 2),
('sponda', 71, 'node', 2.04472),
('sposa', 49, 'node', 1),
('ssettis', 61, 'node', 0.845322),
('stagioni', 69, 'node', 0.96498),
('stagno', 72, 'node', 1),
('stata', 28, 'node', 2),
('stata', 34, 'node', 1),
('stata', 43, 'node', 1),
('stata', 55, 'node', 3),
('stata', 72, 'node', 0.766757),
('state', 46, 'node', 0.920273),
('state', 74, 'node', 0.854391),
('state', 76, 'node', 1),
('state', 77, 'node', 0.816452),
('state', 78, 'node', 1),
('state', 79, 'node', 1),
('stati', 43, 'node', 1),
('stati', 46, 'node', 1),
('stati', 60, 'node', 1),
('stati', 61, 'node', 0.899454),
('stati', 71, 'node', 0.687638),
('stati', 72, 'node', 0.595774),
('stato', 10, 'node', 1),
('stato', 13, 'node', 1),
('stato', 34, 'node', 1),
('stato', 37, 'node', 2),
('stato', 40, 'node', 1),
('stato', 58, 'node', 2.14713),
('stato', 59, 'node', 6),
('stato', 60, 'node', 1.31514),
('stato', 61, 'node', 6),
('stato', 62, 'node', 0.641769),
('stato', 63, 'node', 5),
('stato', 65, 'node', 4),
('stato', 66, 'node', 4),
('stato', 67, 'node', 0.618696),
('stato', 68, 'node', 6),
('stato', 69, 'node', 2.33519),
('stato', 70, 'node', 6),
('stato', 71, 'node', 1.88534),
('stato', 72, 'node', 0.53161),
('stato', 73, 'node', 5),
('stato', 74, 'node', 1),
('stato', 75, 'node', 4),
('stato', 76, 'node', 0.591395),
('stato', 77, 'node', 4),
('statua', 60, 'node', 1.39752),
('statue', 72, 'node', 0.802752),
('stele', 74, 'node', 0.646943),
('stesso', 46, 'node', 1),
('stesso', 60, 'node', 1.42802),
('stesso', 67, 'node', 0.604732),
('stesso', 70, 'node', 1),
('stesso', 71, 'node', 1),
('stesso', 74, 'node', 0.659351),
('stile', 7, 'node', 1),
('stile', 49, 'node', 0.879565),
('stimolo', 72, 'node', 0.635),
('storia', 10, 'node', 4),
('storia', 11, 'node', 4),
('storia', 12, 'node', 4),
('storia', 13, 'node', 4),
('storia', 14, 'node', 4),
('storia', 15, 'node', 4),
('storia', 16, 'node', 4),
('storia', 17, 'node', 4),
('storia', 18, 'node', 4),
('storia', 19, 'node', 4),
('storia', 62, 'node', 0.657549),
('storia', 72, 'node', 0.920273),
('storici', 58, 'node', 0.76431),
('storico', 7, 'node', 2),
('storico', 8, 'node', 1),
('storico', 10, 'node', 2.2),
('storico', 11, 'node', 2.2),
('storico', 12, 'node', 2.2),
('storico', 13, 'node', 2.2),
('storico', 14, 'node', 2.2),
('storico', 15, 'node', 2.2),
('storico', 16, 'node', 2.2),
('storico', 17, 'node', 2.2),
('storico', 18, 'node', 2.2),
('storico', 19, 'node', 2.2),
('storico', 59, 'node', 9.16882),
('storico', 61, 'node', 8.65606),
('storico', 63, 'node', 9.29854),
('storico', 65, 'node', 9.16882),
('storico', 66, 'node', 7.62953),
('storico', 68, 'node', 8.80075),
('storico', 71, 'node', 6.82316),
('storico', 72, 'node', 0.776703),
('storico', 73, 'node', 8.57154),
('storico', 75, 'node', 11),
('storico', 77, 'node', 6.96663),
('storicoantiquario', 58, 'node', 4),
('storicoantiquario', 60, 'node', 4),
('storicoantiquario', 62, 'node', 4),
('storicoantiquario', 64, 'node', 4),
('storicoantiquario', 67, 'node', 3.39329),
('storicoantiquario', 69, 'node', 4),
('storicoantiquario', 71, 'node', 4),
('storicoantiquario', 72, 'node', 4),
('storicoantiquario', 74, 'node', 4),
('storicoantiquario', 76, 'node', 3.14766),
('strada', 16, 'node', 1),
('strada', 43, 'node', 1),
('stradale', 49, 'node', 0.976851),
('strade', 37, 'node', 1),
('strade', 70, 'node', 3),
('strade', 71, 'node', 2.25839),
('stravagante', 74, 'node', 1),
('struttura', 55, 'node', 1),
('struttura', 72, 'node', 0.683725),
('struttura', 74, 'node', 0.836446),
('struttura', 76, 'node', 0.693594),
('strutturali', 71, 'node', 0.681785),
('strutturato', 7, 'node', 1),
('studiosi', 60, 'node', 0.869951),
('studiosi', 72, 'node', 1.62998),
('studiosi', 74, 'node', 0.860547),
('studiosi', 76, 'node', 0.544759),
('sua', 7, 'node', 1),
('sua', 15, 'node', 1),
('sua', 40, 'node', 1),
('sua', 46, 'node', 0.957226),
('sua', 49, 'node', 1),
('sua', 60, 'node', 0.98493),
('sua', 67, 'node', 0.72066),
('sua', 72, 'node', 3.51879),
('sua', 74, 'node', 4),
('sua', 76, 'node', 5.50111),
('sua', 77, 'node', 3.39442),
('subì', 74, 'node', 0.754681),
('subiaco', 76, 'node', 1.28211),
('subito', 76, 'node', 0.486839),
('sublacensis', 76, 'node', 0.655756),
('successiva', 62, 'node', 0.655756),
('successiva', 69, 'node', 0.896076),
('successiva', 76, 'node', 0.582831),
('successivamente', 62, 'node', 0.681785),
('successivamente', 64, 'node', 0.687638),
('successivamente', 76, 'node', 0.759465),
('successive', 67, 'node', 0.781775),
('successivo', 55, 'node', 1),
('successivo', 62, 'node', 0.906287),
('successivo', 64, 'node', 0.916736),
('suddividendole', 55, 'node', 1),
('sudovest', 62, 'node', 0.961087),
('sudovest', 64, 'node', 0.968904),
('sue', 60, 'node', 0.736141),
('sue', 76, 'node', 1.76985),
('sue', 77, 'node', 1.43799),
('suggeriti', 78, 'node', 1),
('sugli', 71, 'node', 0.76431),
('sui', 40, 'node', 1),
('sui', 69, 'node', 0.752312),
('sui', 76, 'node', 0.553478),
('sul', 31, 'node', 1),
('sul', 34, 'node', 1),
('sul', 55, 'node', 2),
('sul', 58, 'node', 10),
('sul', 59, 'node', 10),
('sul', 60, 'node', 0.749958),
('sul', 62, 'node', 10.7856),
('sul', 63, 'node', 9),
('sul', 64, 'node', 10.8208),
('sul', 65, 'node', 8.6529),
('sul', 68, 'node', 9),
('sul', 69, 'node', 6.84832),
('sul', 70, 'node', 1),
('sul', 71, 'node', 0.7017),
('sul', 72, 'node', 1),
('sul', 73, 'node', 1),
('sul', 74, 'node', 16),
('sul', 75, 'node', 12),
('sul', 76, 'node', 1.60473),
('sul', 77, 'node', 1),
('sull', 55, 'node', 1),
('sull', 58, 'node', 6.3784),
('sull', 59, 'node', 8),
('sull', 60, 'node', 5.28967),
('sull', 61, 'node', 8),
('sull', 62, 'node', 4.62367),
('sull', 63, 'node', 8),
('sull', 64, 'node', 5.21489);
