-- http://www.phpmyadmin.net
-- 
-- Generato il: 07 Feb, 2007 at 11:29 AM
-- Versione MySQL: 4.1.15
-- Versione PHP: 5.0.5
-- 
-- Database: `tesi`
-- 

-- --------------------------------------------------------

-- 
-- Struttura della tabella `altro_materiale`
-- 

CREATE TABLE `altro_materiale` (
  `IDaltro` int(11) NOT NULL auto_increment,
  `titoloAltro` text NOT NULL,
  `urlAltro` varchar(150) default NULL,
  `infoAltro` text,
  `descrAltro` text,
  `categoria` int(11) NOT NULL default '0',
  `periodo` int(11) NOT NULL default '0',
  `IDutente` int(11) default NULL,
  `pendAltro` varchar(2) default NULL,
  `cancella` varchar(2) default NULL,
  PRIMARY KEY  (`IDaltro`),
  KEY `categoria` (`categoria`)
) ENGINE=InnoDB DEFAULT CHARSET=utf8 AUTO_INCREMENT=12 ;

-- 
-- Dump dei dati per la tabella `altro_materiale`
-- 

INSERT INTO `altro_materiale` (`IDaltro`, `titoloAltro`, `urlAltro`, `infoAltro`, `descrAltro`, `categoria`, `periodo`, `IDutente`, `pendAltro`, `cancella`) VALUES (1, 'Dalla testa ai piedi. Moda e costume in et&agrave; gotica', 'http://www.trentinocultura.net/doc/soggetti/pat/serv_beni_cult/attivita2002/uff-storico_h.asp', 'Convegno di studi a cura di Paolo Peri e Laura Dal Pr&agrave; (Trento, Aula Grande dell’Istituto Trentino di Cultura, 7-8 ottobre 2002).<br />\r\n<br />\r\nDal sito:<br />\r\n&quot;Il convegno, che ha voluto coincidere con le iniziative di segno &quot;gotico&quot; messe a punto dall’Assessorato, intendeva avviare una campagna sistematica di sensibilizzazione culturale sulla conoscenza di un’arte preziosa, come quella tessile, che trover&agrave; tra non molto tempo un centro permanente di studio nel progettato Museo del Tessuto di Ala, la storica citt&agrave; trentina che proprio su tale arte ha basato fortuna e prosperit&agrave;. Grazie ai lavori del convegno sono affiorati nuovi e numerosi stimoli di approfondimento nei vari settori disciplinari, facendo anche verificare quanto siano pochi gli studi incentrati sulla moda e il costume di quest’epoca affascinante e fiabesca che alimenta da sempre l’interesse degli appassionati e degli studiosi con la sua ricchezza visiva. L’obiettivo del convegno, che si &egrave; avvalso del contributo di storici del costume, dell’oreficeria, del tessuto, le cui relazioni verranno raccolte in un volume specifico, &egrave; stato quello di prendere in esame i molteplici aspetti del costume in et&agrave; gotica, inteso in senso lato, ossia dall’abbigliamento ai gioielli, dai comportamenti di vita quotidiana a quelli relativi alle classi dominanti ed agli eventi di festa, dalle arti figurative alle testimonianze d’archivio, dalla simbologia cromatica alla conoscenza degli accessori di moda. L’interesse dell’iniziativa &egrave; stato dimostrato dalla grande affluenza di pubblico durante i lavori e l’organizzazione ha riscosso il comune apprezzamento da parte dei relatori intervenuti.&quot;', '', 8, 1, 1, NULL, NULL),
(5, 'Web Gallery of Art', 'http://www.wga.hu/welcome.html', '', 'Il sito &egrave; un esaustivo database di immagini di artisti di tutti i tempi. Attraverso il modulo di ricerca (&quot;search&quot;) &egrave; possibile fare una ricerca incrociando il periodo, il mestiere dell&#039;artista, la scuola ecc. Quando in questo modo si trova l&#039;artista d&#039;interesse e se ne visualizza un&#039;opera, si ha la possibilit&agrave; di modificarne la dimensione e lo sfondo al fine di avere una resa migliore.', 9, 15, 1, NULL, NULL),
(6, 'Le Vie della Seta al tempo di Cangrande', '', 'Questa mostra, esposta per la prima volta a Verona nel 2005 e poi ripetuta con successo in altre localit&agrave; del veneto, &egrave; dedicata al Principe Cangrande della Scala. Un percorso dove sono esposti una serie di abiti e tessuti pregiati ricostruiti con rigore storico e filologico, senza trascurare la raffinatezza sartoriale, curato da Mariangela Chiarot, sarta-costumista, ricercatrice e studiosa di storia del costume, nonch&eacute; titolare di un negozio specializzato proprio in tessuti d’epoca.\r\nIl titolo della mostra &egrave; anche il titolo del libro che la stessa Chiarot ha realizzato, che ovviamente riunisce alcune delle varie ricerche e studi da lei effettuati sulla storia del costume e dei tessuti antichi.', '', 10, 5, 1, NULL, NULL),
(7, 'Ornamenti e vesti all&#039;incrocio fra popoli - note sul costume in Italia fra XI e XIII secolo', '', 'Conferenza con immagini a cura di Carla Ferliga.<br />\r\n<br />\r\nConferenza nell&#039;ambito delle manifestazioni del Palio di Legnano, presentata da Comune di Legnano, Ass. Palio di Legnano, Ass. Italia Medievale.<br />\r\n<br />\r\nLa conferenza cerca di presentare non tanto gli elementi dell&#039;abbigliamento in uso nel XII secolo, quanto i collegamenti esistenti fra il costume e l&#039;evoluzione tecnologica (disponibilit&agrave; di materie prime e conoscenza delle tecniche di lavorazione), la storia sociale e politica (collegamenti fra aree culturali diverse) e l&#039;immagine che l&#039;uomo ha di se stesso, in uno specifico momento storico; l&#039;Italia settentrionale e la Lombardia si trovano infatti nel XII secolo al centro di una fitta rete di collegamenti culturali e commerciali che influenzano anche gli aspetti cosiddetti minori, in particolare il modo di strutturare le vesti.<br />\r\nNe viene fuori un quadro di complessit&agrave; e ricchezza tecnica, esteso a tutta l&#039;area europea, che &egrave; ben lontano dallo stereotipo corrente di medioevo come epoca primitiva e di estrema semplicit&agrave; vestimentaria.<br />\r\n<br />\r\nResponsabile organizzazione: infostaffsindaco@legnano.org<br />\r\nResponsabile contenuti della conferenza: etultreia@freemail.it', '', 8, 14, 1, NULL, NULL),
(8, 'Museo della Calzatura e della Tecnica Calzaturiera', 'http://www.castellodivigevano.it/musei/', 'Il museo &egrave; diviso in tre sezioni:<br />\r\n<br />\r\n- la sezione delle curiosit&agrave; che raccoglie gli strumenti del ciabattino, scarpe curiose e brevetti particolari, ed un cospicuo fondo di pubblicazioni inerenti la calzatura e la sua produzione.<br />\r\n<br />\r\n- la sezione storica con esempi di scarpe dal XV sec. ai giorni nostri, comprese quelle appartenute a personaggi famosi come la pianella appartenuta a Beatrice d&#039;Este (1490 ca) e le scarpe militari;<br />\r\n<br />\r\n- la sezione etnografica che riunisce calzature in uso presso i popoli della terra, dai sandali africani, ai mocassini indiani ed eschimesi, dalle babbucce arabe alle pantofole cinesi, dalle guetas giapponesi alle opanke balcaniche...<br />\r\n<br />\r\nIl museo si trova a Vigevano (PV).', '', 2, 6, 1, NULL, NULL),
(9, 'The Guild II', 'http://www.theguild2.com/', '', 'Dal comunicato stampa diffuso il 29/05/06:<br />\r\n&quot;In &#039;The Guild 2&#039; il giocatore potr&agrave; diventare un mercante o un locandiere, accumulare ricchezza e potere o scegliere uno stile di vita pi&ugrave; umile e semplice. Potr&agrave; accrescere le proprie capacit&agrave; di gestire affari e intrighi politici ma anche muoversi con piacevolezza tra le varie relazioni sentimentali che decider&agrave; di instaurare. Potr&agrave; decidere per uno stile di vita fuggiasco o immorale, impersonando un ladro, un ricattatore o un doppiogiochista. Le possibilit&agrave; all’interno della comunit&agrave; sono infinite per ogni personaggio scelto: le redini della partita sono in mano solo ed esclusivamente al giocatore e alle sue abilit&agrave;. Proprio come ogni individuo agisce e impersona ruoli nella vita quotidiana, cos&igrave; saranno lo scenario e le possibilit&agrave; offerte in The Guild 2.&quot;<br />\r\n<br />\r\nIl videogioco &egrave; ambientato nel Quattrocoento. E&#039; distribuito da Koch Media, una societ&agrave; italiana che &egrave; parte del gruppo internazionale Koch Media e ha al proprio interno un publisher sotto l&#039;etichetta Deep Silver. Il gioco in questione &egrave; il risultato del co-publishing di Deep Silver e Jowood.<br />\r\nE&#039; importante notare che The Guild II &egrave; segnalato da ItaliaMedievale.org (http://www.italiamedievale.org) ed &egrave; supportato dal programma Media dell&#039;Unione Europea (http://ec.europa.eu/comm/avpolicy/media/index_en.html) che garantisce l&#039;attendibilit&agrave; storica dei contenuti. ', 11, 14, 1, NULL, NULL),
(10, 'Compagnia di Chiaravalle', 'http://www.compagniadichiaravalle.it/', 'L&#039;Associazione &quot;Compagnia di Chiaravalle&quot; e&#039; un gruppo storico che ripropone nei costumi, nelle attrezzature, nello stile delle esibizioni di scherma storica, il medioevo del XIII secolo.<br />\r\n<br />\r\n La Compagnia di Chiaravalle aderisce al C.E.R.S. (Consorzio Europeo Rievocazioni Storiche - http://www.cersonweb.org).', '', 12, 5, 1, NULL, NULL),
(11, 'Lo Basilisco', 'http://www.lobasilisco.it/', 'La compagnia nasce nel 2001 e nel 2005 entra nel CERS (Consorzio Europeo Rievocazioni Storiche - http://www.cersonweb.org).<br />\r\nLo scopo della compagnia &egrave; la rievocazione storica del periodo medievale che va dall&#039;anno Mille al Duecento. Il gruppo si propone un accurato lavoro di ricostruszione storica, attendibile e filologica, lo studio dell&#039;araldica, lo studio degli equipaggiamenti, l&#039;affinamento delle tecniche di combattimento, la vita da campo e la cucinalo studio delle mode in uso sia in camppo civile che militare, la ricerca documentata da reperti storici e dalla pratica sul campo.', '', 12, 4, 1, NULL, NULL);

-- --------------------------------------------------------

-- 
-- Struttura della tabella `articoli`
-- 

CREATE TABLE `articoli` (
  `IDart` int(11) NOT NULL auto_increment,
  `titoloArt` varchar(100) NOT NULL default '',
  `autoreArt` int(11) NOT NULL default '0',
  `sorgenteArt` text,
  `annoArt` int(50) default NULL,
  `sitoArt` varchar(150) default NULL,
  `infoArt` text,
  `descrArt` text NOT NULL,
  `periodo` int(11) NOT NULL default '0',
  `IDutente` int(11) default NULL,
  `pendArt` varchar(2) default NULL,
  `cancella` varchar(2) default NULL,
  PRIMARY KEY  (`IDart`)
) ENGINE=InnoDB DEFAULT CHARSET=utf8 AUTO_INCREMENT=17 ;

-- 
-- Dump dei dati per la tabella `articoli`
-- 

INSERT INTO `articoli` (`IDart`, `titoloArt`, `autoreArt`, `sorgenteArt`, `annoArt`, `sitoArt`, `infoArt`, `descrArt`, `periodo`, `IDutente`, `pendArt`, `cancella`) VALUES (4, 'Medieval Art and the Cloisters', 36, 'Notable Acquisitions (Metropolitan Museum of Art), No. 1982/1983. (1982 - 1983), pp. 41-43.', 1982, '', 'Coautori: Carmen G&oacute;mez-Moreno, Timothy Husband, Katharine R. Brown.<br />\r\nL&#039;articolo &egrave; in inglese.', 'L&#039;articolo prende in analisi alcuni manufatti lungo tutto l&#039;arco del Medioevo. Di interesse per il costume medievale italiano si trova:<br />\r\n<br />\r\n- pag. 18 e segg: la &quot;Head of a king or emperor&quot;, una testa marmorea datata all&#039;inizio del Duecento, in cui gli autori esaminano il tipo di corona presente sulla testa.<br />\r\n<br />\r\nNell&#039;articolo non sono presenti riferimenti bibliografici, ma si trovano alcune immagini in bianco e nero e a colori di alta qualit&agrave;.', 13, 1, NULL, NULL),
(5, 'Sacred Vestments as They Developed in the Middle Ages', 37, 'The Metropolitan Museum of Art Bulletin, New Series, Vol. 29, No. 7. (Mar., 1971), pp. 299-309', 1971, 'http://links.jstor.org/sici?sici=0026-1521%28197103%292%3A29%3A7%3C299%3ASVATDI%3E2.0.CO%3B2-4', 'L&#039;articolo &egrave; in inglese.', 'L&#039;articolo tratta dell&#039;evoluzione del costume ecclesiastico lungo tutto il Medioevo. Sono presenti molte immagini di alta qualit&agrave; provenienti da manufatti dell&#039;epoca. Ogni immagine ha la descrizione, la data e la collocazione. Inoltre sono presenti anche alcuni disegni per spiegare graficamente i cambiamenti nel corso dei secoli delle vesti ecclesiastiche.<br />\r\n<br />\r\nAlle pagine 313-317 del libello si trova la bibliografia. E&#039; una bibliogafia piuttosto esaustiva anche perch&eacute;, oltre a essere ordinata per secono di pubblicazione del libro e fornire le indicazioni canoniche, provvede anche a una breve descrizione dell&#039;opera. Inoltre, dopo la bibliografia, si trova anche un glossario dei termini con riferimenti visuali', 15, 1, NULL, NULL),
(10, 'Change and Permanence in Men&#039;s Clothes', 39, 'The Metropolitan Museum of Art Bulletin, New Series, Vol. 8, No. 9. (May, 1950), pp. 262-269.', 1950, 'http://links.jstor.org/sici?sici=0026-1521%28195005%292%3A8%3A9%3C262%3ACAPIMC%3E2.0.CO%3B2-8', 'L&#039;articolo &egrave; in inglese.', 'L&#039;articolo tratta dei cambiamenti e dei tratti conservati nell&#039;abbigliamento maschile. L&#039;analisi dell&#039;autore spiega in che modo la moda degli uomini sia cambiata e per quale motivo. <br />\r\nNell&#039;articolo sono presenti alcune immagini in bianco e nero di materiale dell&#039;epoca comprensive di didascalie riguardanti informazioni sulle stesse (autore, data, collocazione).<br />\r\nNell&#039;articolo non sono presenti note o rimandi bibliografici.', 15, 2, NULL, NULL),
(11, 'Peacocks and Penguins: The Political Economy of European Cloth and Colors', 40, 'American Ethnologist, Vol. 5, No. 3, Political Economy. (Aug., 1978), pp. 413-447.', 1978, 'http://links.jstor.org/sici?sici=0094-0496%28197808%295%3A3%3C413%3APAPTPE%3E2.0.CO%3B2-U', 'L&#039;articolo &egrave; in inglese.', 'L&#039;articolo tratta della diffusione dei colori nell&#039;Europa Medievale, con una particolare attenzione storica e sociologica all&#039;uso del nero nel vestiario, soprattutto femminile.<br />\r\nL&#039;articolo presenta un alto numero di note che specificano il testo. Inoltre in fondo si trova una bibliografia molto ben fornita e dettagliata.', 15, 3, NULL, NULL),
(12, 'The Clothed Image: Picture and Performance', 41, 'New Literary History, Vol. 2, No. 3, Performances in Drama, the Arts, and Society. (Spring, 1971), p', 1971, 'http://links.jstor.org/sici?sici=0028-6087%28197121%292%3A3%3C477%3ATCIPAP%3E2.0.CO%3B2-V', 'L&#039;articolo &egrave; in inglese.', 'In questo articolo l&#039;autrice fa un&#039;analisi della psicologia e degli intenti alla base della rappresentazione grafica del costume. Di utilit&agrave; per il costume medievale &egrave; l&#039;insegnamento dello studio delle opere d&#039;arte dal punto di vista dell&#039;abbigliamento: con questo articolo vengono gettate le basi per una osservazione personale e obiettiva della moda medievale.<br />\r\nL&#039;articolo ha alcune note al testo, ma &egrave; privo di bibliografia.', 15, 1, NULL, NULL),
(13, 'Christine de Pizan&#039;s &quot;Treasure of the City of Ladies&quot;: A Study of Dress and Social Hi', 42, 'Woman&#039;s Art Journal, Vol. 16, No. 2. (Autumn, 1995 - Winter, 1996), pp. 29-34.', 1995, 'http://links.jstor.org/sici?sici=0270-7993%28199523%2F199624%2916%3A2%3C29%3ACDP%22OT%3E2.0.CO%3B2-K', 'L&#039;articolo &egrave; in inglese.', 'L&#039;autrice dell&#039;articolo analizza l&#039;opera di Christine de Pizan &quot;Treasure of the City of Ladies&quot; (1405). Nel libro che viene analizzato si trovano molte miniature dell&#039;epoca che rappresentano donne e l&#039;autrice dell&#039;articolo le prende in esame trattando sia le vesti in se che il loro significato sociale.<br />\r\nL&#039;articolo ha molte note che ampliano l&#039;argomento con numerosi rimandi esterni.', 6, 1, NULL, NULL),
(14, 'Clothing in Quattrocento Florence', 46, '', 0, 'http://www.sword.net/jessica/firenze/ClothinginQuattrocentoFlorence.pdf', 'L&#039;articolo &egrave; in inglese.', 'L&#039;articolo &egrave; un glossario di termini dell&#039;abbigliamento medievale. Ogni definizione &egrave; corredata di una immagine di opere d&#039;arte dell&#039;epoca in cui &egrave; specificato nome, autore e collocazione. Alla fine dell&#039;articolo si trova una breve bigliografia.', 6, 1, NULL, NULL),
(15, 'Italian Renaissance Headgear', 46, '', 0, 'http://www.sword.net/jessica/firenze/ItalianRenaissanceHeadgearClass.pdf', 'L&#039;articolo &egrave; in inglese.', 'In questo articolo l&#039;autrice tratta specificamente dei copricapi femminili rinascimentali. Sono trattatati nello specifico diversi tipi, corredati di immagini con opere d&#039;arte dell&#039;epoca. Dopo l&#039;analisi del copricapo, l&#039;autrice si sofferma sulla tecnica per realizzarlo.<br />\r\nIn fondo all&#039;articolo si trova una sintetica bibliografia.', 6, 1, NULL, NULL),
(16, 'Medieval Movies', 38, 'The Yearbook of English Studies, Vol. 20, Literature in the Modern Media: Radio, Film, and Television Special Number. (1990), pp. 1-32.', 1990, 'http://links.jstor.org/sici?sici=0306-2473%281990%2920%3C1%3AMM%3E2.0.CO%3B2-I', '', 'L&#039;articolo traccia un&#039;analisi dei film di ambientazione medievale. L&#039;autore arriva a tracciare cinque tipologie di Medioevo o fornisce le sue impressioni sull&#039;argomento utilizzando molteplici note che esplicano il testo.<br />\r\nAlla fine dell&#039;articolo si trova un utile guida ai film di ambientazione medievale, divisi anno per ann.', 15, 1, NULL, NULL);

-- --------------------------------------------------------

-- 
-- Struttura della tabella `categorie`
-- 

CREATE TABLE `categorie` (
  `IDcat` int(11) NOT NULL auto_increment,
  `nomeCat` varchar(100) NOT NULL default '',
  `cancella` varchar(2) default NULL,
  PRIMARY KEY  (`IDcat`)
) ENGINE=InnoDB DEFAULT CHARSET=utf8 AUTO_INCREMENT=13 ;

-- 
-- Dump dei dati per la tabella `categorie`
-- 

INSERT INTO `categorie` (`IDcat`, `nomeCat`, `cancella`) VALUES (1, 'archivio', NULL),
(2, 'museo', NULL),
(3, 'biblioteca tematica', NULL),
(4, 'rivista', NULL),
(5, 'centro di ricerca', NULL),
(6, 'bibliografia online', NULL),
(7, 'bibliografia offline', NULL),
(8, 'convegno', NULL),
(9, 'database di immagini', NULL),
(10, 'mostra', NULL),
(11, 'videogioco', NULL),
(12, 'rievocazione storica', NULL);

-- --------------------------------------------------------

-- 
-- Struttura della tabella `libri`
-- 

CREATE TABLE `libri` (
  `IDlibro` int(11) NOT NULL auto_increment,
  `titoloLibro` text NOT NULL,
  `edLibro` varchar(100) default NULL,
  `luogoLibro` varchar(100) default NULL,
  `annoLibro` int(50) default NULL,
  `sitoLibro` varchar(150) default NULL,
  `trovaLibro` text,
  `infoLibro` text,
  `descrLibro` text NOT NULL,
  `periodo` int(11) NOT NULL default '0',
  `IDutente` int(11) NOT NULL default '0',
  `pendLibro` varchar(2) default NULL,
  `cancella` varchar(2) default NULL,
  PRIMARY KEY  (`IDlibro`),
  KEY `periodo` (`periodo`)
) ENGINE=InnoDB DEFAULT CHARSET=utf8 AUTO_INCREMENT=31 ;

-- 
-- Dump dei dati per la tabella `libri`
-- 

INSERT INTO `libri` (`IDlibro`, `titoloLibro`, `edLibro`, `luogoLibro`, `annoLibro`, `sitoLibro`, `trovaLibro`, `infoLibro`, `descrLibro`, `periodo`, `IDutente`, `pendLibro`, `cancella`) VALUES (3, 'Gli inganni delle apparenze. Disciplina di vesti e ornamenti alla fine del medioevo', 'Scriptorium', 'Torino', 1996, '', 'Biblioteca di Filosofia e Storia dell&#039;Universit&agrave; di Pisa', '', 'L&#039;intento di base dell&#039;opera &egrave; quello di illustrare il tentativo compiuto sia dalle autorit&agrave; civili che da quelle ecclesiastiche di mettere ordine nel mondo delle apparenze (abiti, stoffe, acconciature, gioielli, monili) dalla fine del XIII secolo alla fine del XV secolo. Tuttavia il primo capitolo del libro (&quot;Uomini, vesti e regole. Dall&#039;Alto Medioevo alla prima et&agrave; moderna&quot;) tratta del modo di vestirsi di uomini e donne. Sono presenti nell&#039;opera numerosi riferimenti bibliografici, nonch&eacute; molte tavole in bianco e nero di dipinti, affreschi, miniature dell&#039;epoca che corredano e ampliano il testo. Inoltre nel centro del libro si trova una sezione dove &egrave; raggruppato un alto numero di immagini a colori con buona definizione, sempre di opere medievali, che rendono un&#039;idea non solo dell&#039;abbigliamento, ma anche dei gioielli e delle acconciature, soprattutto femminili.', 14, 1, NULL, NULL),
(6, 'Storia dell&#039;abbigliamento dalla preistoria al 1900', 'tip. STIR', 'Roma', 1963, '', 'Biblioteca Nazionale Centrale di Firenze.', '', 'L&#039;opera &egrave; una sintetica descrizione della storia dell&#039;abbigliamento. Ogni periodo &egrave; trattato in poche pagine, con prima un paragrafo dedicato a una breve descrizione storica, e poi un altro per l&#039;abbigliamento. Alla fine del paragrafo si trova il riiferimento alla tavola con i disegni in bianco e nero (in fondo al libro). <br />\r\nAla fine dell&#039;opera l&#039;autrice d&agrave; uno scarno elenco delle fonti utilizzate per i disegni e una breve bibliografia, senza per&ograve; citare durante il testo nessun&#039;opera.<br />\r\nI capitoli interessanti per la storia del costume medievale sono i seguenti:<br /><br />\r\n- Abbigliamento feudale, pag. 61 - tav. XXIII<br />\r\n- Abbigliamento gotico, pag. 66 - tav. XXIV, XXV, XXVI, XXVII, XXVIII, XXIX<br />\r\n- Abbigliamento del 1400, pag. 72 - tav. XXX, XXXI, XXXII', 15, 3, NULL, NULL),
(7, 'Storia del costume in Italia - vol I', 'Istituto editoriale italiano', '', 1964, '', 'Biblioteca Nazionale Centrale di Firenze<br />\r\nBIblioteca di Filosofia e Storia dell&#039;universit&agrave; di Pisa', '', 'Questo volume &egrave; diviso in capitoli e tratta della storia del costume italiano dalla caduta dell&#039;Impero romano d&#039;Occidente fino al Duecento. Nell&#039;opera sono presenti terminologie tecniche dell&#039;abbigliamenti prese da fonti (citate). Ogni capitolo &egrave; corredato di fotografie (alcune a colori, altre i b/n) di bassorilievi, di miniature e di dipinti dell&#039;epoca a cui il capitolo stesso si riferisce e ogni immagine ha il nome della stessa, la tipologia di produzione artistica, la data e la collocazione. Inoltre &egrave; presente una didascalia che mette in evidenza i dettagli dell&#039;abbigliamento presenti nell&#039;immagine stessa.<br />\r\nI capitoli trattano poi non solo dell&#039;abbigliamento, delle sue varie parti e di come erano combinate, ma anche dei gioielli, dell&#039;accessoristica, delle acconciature, delle cure di bellezza, dei tessuti  e del modo di vestirsi dei religiosi.<br />\r\n<br />\r\n- Il costume dopo la caduta dell&#039;Impero di Occidente.<br />\r\n- Il costume dei Goti e il costume romano alla fine del V e durante il VI secolo.<br />\r\n- Il periodo bizantino nel VI secolo.<br />\r\n- Il periodo longobardo e gli ultimi domini bizantini.<br />\r\n- Il periodo carolingio.<br />\r\n- Il periodo ottoniano.<br />\r\n- Il secolo XI.<br />\r\n- Il secolo XII.<br />\r\n- Il secolo XIII.<br />\r\n<br />\r\nAlla fine del libro si trova un indice delle illustrazioni e un indice dei capitoli con annessi gli argomenti trattati.<br />\r\nL&#039;utilit&agrave; del volume inoltre &egrave; data dal fatto che la trattazione dell&#039;argomento non &egrave; puramente tecnica, ma illustra riferimenti a fatti e personaggi dell&#039;epoca, noch&eacute; aneddoti, che permettono al lettore di farsi un&#039;idea pi&ugrave; realistica dell&#039;abbigliamento.<br />\r\n', 15, 1, NULL, NULL),
(10, 'Abiti e fogge civili e militari dal I al XVIII secolo', 'Federazione Casse di Risparmio della Toscana', 'Firenze', 1975, '', 'Biblioteca di Storia delle Arti dell&#039;Universit&agrave; di Pisa', 'Quella che ho consultato &egrave; la ristampa anastatica dell&#039;ed.: Bergamo: Istituto italiano d&#039;arti grafiche, 1914.<br />\r\n', 'L&#039;opera &egrave; una raccolta di disegni del Cav. Federigo Stibbert, cittadino inglese amante dell&#039;Italia e in particolare della Toscana. In quest&#039;opera sono raccolte 225 tavole di riproduzioni di opere d&#039;arte medievali (affreschi, dipinti, sculture) o da altre opere. Tutte le fonti sono opportunamente citate. Interessante per l&#039;abbigliamento italiano medievale si trova:<br />\r\n<br />\r\nTav. XVI,  XI secolo - abiti civili ed ecclesiastici.<br />\r\nTav. LI,  XIV secolo - abiti e acconciature di due giovani nobili.<br />\r\nTav. LXIX,  XV secolo - Francesco Sforza e sua moglie.<br />\r\nTav. LXXIV,  XV secolo - abiti e fogge veneziane della seconda met&agrave; del XV secolo.<br />\r\nTav. LXXV,  XV secolo - abiti veneziani.<br />\r\nTav. LXXVI,  XV secolo - abiti veneziani della fine del 1400.<br />\r\nTav. LXXVII,  XV secolo - Il Doge Francesco Foscari e il Doge Leonardo Loredano.<br />\r\nTav. LXXVIII,  XV secolo - acconciatura maschile.<br />\r\nTav. LXXIX,  XV secolo - Battista di B. Sforza, duchessa di Urbino e gentildonna italiana.<br />\r\nTav. LXXX,  XV secolo - acconciature (e abiti) femminili.<br />\r\nTav. LXXXI,  XV secolo - acconciature (e abiti) femminili.<br />\r\nTav. LXXXII,  XV secolo - abiti e acconciature femminili.<br />\r\nTav. LXXXIII,  XV secolo - abiti fiorentini della prima met&agrave; del 1400.<br />\r\nTav. LXXXIV,  XV secolo - abiti fiorentini della prima met&agrave; del 1400.<br />\r\nTav. LXXXV,  XV secolo - un gentiluomo a cavallo in abito da pompa.<br />\r\nTav. LXXXVIII,  XV secolo - acconciature (e abiti) maschili.<br />\r\nTav. LXXXIX,  XV secolo - acconciature (e abiti) femminili.<br />\r\nTav. XCII,  XV secolo - Cristino Francesco I e alto ufficiale del sec XV.<br />\r\nTav. XCVI,  XV secolo - giovane veneziano e gondoliere moro.<br />\r\nTav. XCVII,  XV secolo - abiti ecclesiastici della fine del secolo XV.<br />\r\nTav. XCVIX,  XV secolo - abiti e acconciature maschili.<br />\r\nTav. C,  XV secolo - abiti e acconciature maschili.<br />\r\nTav. CI,  XV secolo - abiti toscani della met&agrave; del secolo XV.<br />\r\nTav. CII,  XV secolo - abiti toscani della met&agrave; del secolo XV.<br />\r\nTav. CIV,  XV secolo - il marchese Ludovico III Gonzaga con la famiglia e la corte.<br />\r\nTav. CVI,  XV secolo - l&#039;imperatore Sigismondo in abito di nobile milanese e s. Gimignano in abito di nobile veneziano.<br />\r\n', 15, 1, NULL, NULL),
(11, 'Guardaroba medievale: vesti e societ&agrave; dal 13. al 16. secolo', 'Il Mulino', 'Bologna', 1999, '', 'Biblioteca Nazionale Centrale di Firenze ', '', 'L&#039;opera tratta dell&#039;abbigliamento del Basso Medioevo sotto diversi punti di vista (materiale, sociale ecc). Per quanto riguarda la parte prettamente materiale del costume, lo studio dell&#039;autrice si basa sull&#039;analisi degli inventari notarili, note delle spese, carteggi, in generale su materiale di tipo documentario dell&#039;epoca. Vengono esaminate nello specifico le propriet&agrave; di personaggi a cui i documenti si riferiscono cos&igrave; da tracciare un quadro realistico e concreto del guardaroba medievale.<br />\r\nAl centro del volume sono presenti alcune tavole in bianco e nero che riportano opere d&#039;arte medievali.<br />\r\nIl testo ha molti riferimenti bibliografici nelle note a pi&egrave; pagina e un utile glossario dei termini dell&#039;abbigliamento in fondo al libro.', 14, 1, NULL, NULL),
(12, 'Storia della moda', 'Istituto geografico DeAgostini', 'Novara', 2001, '', 'Bibl. Nazionale Centrale di Firenze', 'A cura di Mila Contini.', 'Il libro tratta della storia dell&#039;abbigliamento dall&#039;antichit&agrave; ai giorni nostri. Riguardo al costume medievale,  di particolare interesse sono i capitoli:<br /><br />\r\n- L&#039;Europa occidentale dai barbari alla conquista normanna<br />\r\n- I Carolingi<br />\r\n- I secoli IX e X<br />\r\n- L&#039;XI e il XII secolo<br />\r\n- Il XIII secolo<br />\r\n- Il XIV secolo<br />\r\n- Il XV secolo<br />\r\n- Il Rinascimento<br /><br />\r\nL&#039;argomento &egrave; trattato schematicamente e in modo sintetico. Nel testo si trovano molte immagini a colori di alta qualit&agrave; di opere d&#039;arte dell&#039;epoca, con note riguardanti la collocazione.<br />\r\nIn fondo al libro si trova una breve bibliografia.\r\n', 15, 1, NULL, NULL),
(15, 'Il costume e la moda nella societ&agrave; italiana', 'Einaudi', 'Torino', 1978, '', 'Biblioteca di Storia delle Arti dell&#039;Universit&agrave; di Pisa', '', 'L&#039;opera si divide in due parti: nella prima l&#039;autrice tratta delle forme della moda, cio&egrave; in generale dell&#039;abbigliamento e del costume nel loro significato sociale (superiorit&agrave; sociale, richiamo amoroso, il costume nell&#039;arte e nella letteratura, buon gusto ed eleganza ecc), del colore sia in senso pratico (l&#039;arte tintoria) che in quello pi&ugrave; prettamente sociale il simbolismo cromatico, il simbolismo politico ecc) e dei tessuti. Nella seconda parte tratta del costume nella storia, partendo dal costume romano dell&#039;et&agrave; repubblicana per arrivare fino al novecento.<br />\r\nDi nostro interesse sono i capitoli II e III della parte seconda.<br />\r\n<br />\r\nII. Il costume nell&#039;alto medioevo<br />\r\nDai Goti ai Longobardi<br />\r\n  Gli inizi della ripresa nel secolo X<br />\r\n  Il secolo XI<br />\r\n  Il secolo XII<br />\r\n<br />\r\nIII. I grandi secoli della civilt&agrave; italiana<br />\r\nIl Duecento<br />\r\n  Il Trecento<br />\r\n  Il Quattrocento<br />\r\n<br />\r\nOgni capitolo ha genealmente un paragrafo dedicato specificamente a un argomento (&quot;Le ricette di Trotula&quot; nel XII secolo, &quot;Il lutto&quot; nel Duecento ecc), mentre altri paragrafi ricorrono pi&ugrave; spesso a trattare un determinato tipo di abbigliamento nei vari periodi (l&#039;abbigliamento ecclesiastico, l&#039;abbigliamento militare, l&#039;abbigliamento femminile, complementi di vestiario ecc).<br />\r\nL&#039;opera &egrave; priva di riferimenti bibliografici, sia per opere eventualmente consultate dall&#039;autrice, sia per le citazioni di scritti medievali nel testo, il che rende questo libro privo di un certo spessore. Tuttavia &egrave; presente un utile indice analitico dei termini di abbigliamento usati nel testo.<br />\r\nAl centro si trova una raccolta di immagini di produzioni artistiche delle varie epoche trattate, spesso con note riguardanti lo specifico indumento che compare. Ogni opera ha informazioni sull&#039;autore, l&#039;anno e la collocazione.', 15, 1, NULL, NULL),
(17, 'Storia del costume in Italia - vol II', 'Istituto editoriale italiano', 'Milano', 1967, '', 'Biblioteca di Filosfia e Storia dell&#039;universit&agrave; di Pisa', '', 'Questo secondo volume &egrave; sostanzialmente simile al primo, con la stessa struttura a capitoli e l&#039;alto numero di immagini e citazioni.<br /><br />\r\n- Il Trecento.<br />\r\n- Il Quattrocento.', 14, 1, NULL, NULL),
(18, 'Belle vesti, dure leggi', 'Costa', 'Bologna', 0, '', 'Biblioteca di Filosofia e Storia dell&#039;universit&agrave; di Pisa<br />\r\nBiblioteca Centrale Nazionale di Firenze', '', 'Il libro tratta delle leggi suntuarie riguardanti l&#039;abbigliamento, cio&egrave; quelle leggi che regolavano forme e colori degli abiti ammessi ad essere indossati in pubblico.<br />\r\nRiguardo al costume medievale, nonostante descriverlo non sia lo scopo del libro, &egrave; interessante la trascrizione del &quot;Registro della bollatura delle vesti&quot;, in cui sono riportate le singole vesti concesse alle donne, tipo:<br />\r\n<br />\r\nDonna Zanna [...] present&ograve; una cotta di panno rosato con tre cordelle all&#039;altezza dei piedi e profilo di vaio, con bottoni in filo d&#039;argento e due manicotti frappati e ornati di filo d&#039;oro.<br />\r\n<br />\r\nIn fondo al libro si trovano alcune tavole a colori in cui sono presenti riproduzioni di opere d&#039;arte dell&#039;epoca e figurini in stile sartoriale disegnati interpretando le note del &quot;Registro&quot;.<br />\r\nIl libro &egrave; privo di una bibliografia indipendente, ma il testo &egrave; corredato di diverse note.', 6, 1, NULL, NULL),
(20, 'Storia del costume', 'Marietti', 'Torino', 1997, '', 'Bibl. Nazionale Centrale di Firenze', 'Titolo originale dell&#039;opera: &quot;Klaededragtens kavalkade&quot;. Disegni di Ebbe Sunesen, Mogens Bryder e Kaj Norregaard.', 'L&#039;opera ha lo scopo di presentare la storia del costume dall&#039;antico Egitto agli anni &#039;50 mediante l&#039;utilizzo di 98 tavole a colori. Queste tavole non sono fotografie di materiale dell&#039;epoca, bens&igrave; disegni tratti dalle opere d&#039;arte, riprodotti liberamente dai disegnatori, ma fedeli nello stile all&#039;opera originaria.<br />\r\nLa parte che interessa il costume medievale si trova nei capitoli:<br />\r\n<br />\r\n- &quot;Il Medioevo&quot;, diviso a sua volta in due sottocapitoli:<br />\r\n<br />\r\n&quot;il Medioevo romanico&quot; (pag. 30) 800-1200 ca. per un totale di 26 immagini riguardanti il costume (quindi escluso l&#039;abbigliamento militare);<br />\r\n&quot;il Medioevo gotico&quot; (pag. 34) 1200-1480 ca. per un totale di 56 immagini riguardanti il costume (quindi escluso l&#039;abbigliamento militare);<br />\r\n<br />\r\n- Il Rinascimento&quot; (pag. 44) 1480-1510 ca per un totale di 41 immagini riguardanti il costume (quindi escluso l&#039;abbigliamento militare);<br />\r\n<br />\r\nLe immagini hanno un commento a pi&egrave; di pagina che spiega il tipo di abbigliamento e la data della stessa. Dopo le tavole, nel libro si trova un commento dell&#039;autore sulle epoche trattate con riferimenti ai singoli disegni. In seguito si trova l&#039;elenco degli autori delle produzioni artistiche originarie da cui i disegnatori hanno tratto le tavole, ma non &egrave; riportato il nome delle produzioni stesse.', 15, 1, NULL, NULL),
(21, 'Le vesti delle donne fiorentine del &#039;400', '', 'Roma', 1973, '', 'Biblioteca di Storia delle Arti dell&#039;Universit&agrave; di Pisa', 'Quella che ho consultato &egrave; la ristampa anastatica dell&#039;edizione originale del 1924 a Firenze.', 'L&#039;opera tratta dell&#039;abbigliamento delle donne fiorentine del Rinascimento. Il primo capitolo introduce l&#039;argomento parlando del giudizio contemporaneo sull&#039;abbigliamento, quindi le condanne morali a certi tipi di vestiario, le leggi suntuarie ecc. I capitoli II e III hanno come soggetto rispettivamente &quot;L&#039;abbigliamento nelle sue parti essenziali. L&#039;abito e i suoi ornamenti&quot; e &quot;L&#039;abbigliamento nelle sue parti secondarie&quot;. E&#039; presente infine un quarto capitolo che tratta delle arti dipendenti dall&#039;abbigliamento (l&#039;arte dei sarti, le stoffe ecc).<br />\r\nL&#039;opera &egrave; caratterizata dalla ricchezza di termini specifici dell&#039;abbigliamento, riportati poi in fondo al libro in un piccolo dizionario in cui ne viene specificata la definizione. Inoltre sono presenti numerosi riferimenti bibliografici sia nel testo che in fondo nella bibliografia.<br />\r\nNel testo sono presenti nove figure che riportano, a confronto, i diversi tipi di particolari del vestiario (es. maniche, mantelli ecc), prese da opere dell&#039;epoca. Inoltre in fondo al libro si trova una grossa raccolta di produzioni artistiche medievali, corredate di autore, collocazione e anno, e soprattutto con indicato il tipo di abito presente nell&#039;immagine.<br />\r\nQuest&#039;opera, nonostante l&#039;alto livello di approfondimento dell&#039;argomento da parte dell&#039;autore, presenta a mio avviso un problema, in quanto, essendo del 1924, non &egrave; aggiornata e potrebbe essere difficile reperire i libri citati.', 6, 1, NULL, NULL),
(22, 'Come vestivano gli uomini del Decamerone: saggio di storia del costume', 'Editoriale Insubria', 'Roma', 1898, '', 'Bibl. Nazionale Centrale di Firenze.', 'Il libro che ho consultato &egrave; la ristampa del 1981.', 'In quest&#039;opera l&#039;autore prende come filo conduttore il Decameron boccaccesco per tracciare un&#039;analisi delle trasformazioni dell&#039;abbigliamento maschile dalla prima met&agrave; del Trecento fino, in certi casi, alla prima met&agrave; del Cinquecento. Nell&#039;introduzione illustra il percorso fatto nella stesura dell&#039;opera e le enciclopedie consultate in generale. Lungo il testo invece sono presenti molte note che riportano le opere consultate, esplicano il testo o la giornata e la novella del Decameron da cui il passo &egrave; stato ricavato. <br />\r\nIl libro &egrave; diviso in 9 capitoli:<br />\r\n<br />\r\n- La camicia e la biancheria.<br />\r\n- Il farsetto e la giubba.<br />\r\n- I &quot;panni di gamba&quot; e la calzatura.<br />\r\n- La gonnella, la soprainsegna, il costume dell&#039;analda e la guarnacca.<br />\r\n- La pelliccia e il pelliccione.<br />\r\n- Il mantello, il tabarro, i batoli e la schiavina.<br />\r\n- La zazzera, la cuffia, il cappuccio e il cappello.<br />\r\n- Gli ornamenti, i guanti, le armi e il pennaiuolo.<br />\r\n- Le stoffe, i colori e l&#039;aspetto generale delle vesti.<br />\r\n<br />\r\nQuest&#039;opera presenta a mio avviso due problemi: il primo &egrave; la data dell&#039;opera originale, cio&egrave; 1898. L&#039;analisi dell&#039;argomento per questo non &egrave; aggiornata e potrebbe essere difficile reperire i libri citati. Il secondo problema, di minore rilevanza, &egrave; dato dall&#039;italiano del testo, a volte un po&#039; faticoso.', 5, 1, NULL, NULL),
(23, 'Storia della moda', 'Calderini', 'Bologna', 1995, '', 'Biblioteca di Storia delle Arti dell''Università di Pisa', '', '', 0, 1, NULL, 'si'),
(26, 'Il costume a Lucca', 'Maria Pacini Fazzi', 'Lucca', 1995, '', 'Biblioteca di Storia delle Arti dell&#039;universit&agrave; di Pisa', '', 'In quest&#039;opera &egrave; interessante il primo capitolo in cui l&#039;autrice illustra le usanze dell&#039;abbigliamento della Lucca rinascimentale. L&#039;argomento &egrave; trattato con poche immagini, ma comunque alla fine del capitolo sono presenti numerosi riferimenti bibliografici.', 6, 1, NULL, NULL),
(27, 'Storia della moda e del costume', 'Calderini', 'Milano', 2005, '', 'Bibl. Nazionale Centrale di Firenze', '', 'L&#039;opera si presenta sottoforma di manuale scolastico e tratta della storia della moda e del costume in modo schematico. Riguardo al costume medievale, i capitoli d&#039;interesse sono due:<br />\r\n<br />\r\nSezione 4: la civilt&agrave; Bizantina e il Medioevo<br />\r\n- Alto Medioevo: Longobardi e Carolingi<br />\r\n- Basso Medioevo (XI-XIII sec.)<br />\r\n<br />\r\nSezione 5: l&#039;et&agrave; del Gotico e del Rinascimento<br />\r\n- L&#039;et&agrave; del Gotico (XIV-met&agrave; del XV sec.)<br />\r\n- Il Rinascimento<br />\r\n<br />\r\nIl testo presenta i termini tecnici dell&#039;abbigliamento pi&ugrave; frequenti con la definizione dello stesso a margine. Sono presenti immagini a colori di produzioni artistiche dell&#039;epoca e disegni esplicativi dell&#039;abibgliamento.<br />\r\nLa bibliografia presente in fondo al libro copre tutta la storia del costume, &egrave; ordinata per autore e soprattutto &egrave; focalizzata sul costume contemporaneo; i libri citati dedicati al medioevo sono in numero scarso.', 15, 1, NULL, NULL),
(30, 'Storia del costume: venti secoli di vita italiana', 'Istituto Poligrafico dello Stato', 'Roma', 1952, '', 'Biblioteca Nazionale Centrale di Firenze', '', 'Il libro tratta del costume inteso come &quot;usi e costumi&quot; in Italia. Un capitolo &egrave; dedicato all&#039;abbigliamento, trattato dall&#039;autore in modo schematico ed esauriente. Tuttavia l&#039;autore parla dei vari complementi d&#039;abbigliamento separatamente e quindi il costume medievale non &egrave; trattato in una sezione singola, bensi sparso per tutto il capitolo.<br />\r\nNel testo sono presenti tavole sia in bianco e nero che a colori. I disegni a colori sono tratte dall&#039;opera &quot;I costumi, gli strumenti, gli utensili, le armi di tutti i popoli antichi e moderni&quot; di Hottenroth. Le tavole in bianco e nero sono invece fotografie di opere d&#039;arte dell&#039;epoca.<br />\r\nIn fondo al volume si trova una bibliografia piuttosto ampia sull&#039;abbligliamento e sono presenti molti libri sul costume medievale. Inoltre sono riportate tutte le specifiche delle immagini.', 15, 1, NULL, NULL);

-- --------------------------------------------------------

-- 
-- Struttura della tabella `libri_persone`
-- 

CREATE TABLE `libri_persone` (
  `IDpersona` int(11) NOT NULL default '0',
  `IDlibro` int(11) NOT NULL default '0',
  KEY `IDpersona` (`IDpersona`),
  KEY `IDlibro` (`IDlibro`)
) ENGINE=InnoDB DEFAULT CHARSET=utf8;

-- 
-- Dump dei dati per la tabella `libri_persone`
-- 

INSERT INTO `libri_persone` (`IDpersona`, `IDlibro`) VALUES (3, 3),
(7, 6),
(3, 11),
(10, 12),
(11, 12),
(8, 17),
(20, 23),
(21, 23),
(24, 26),
(30, 30),
(3, 18),
(15, 18),
(27, 10),
(19, 22),
(8, 15),
(18, 21),
(17, 20),
(8, 7),
(25, 27),
(26, 27);

-- --------------------------------------------------------

-- 
-- Struttura della tabella `periodi`
-- 

CREATE TABLE `periodi` (
  `IDperiodo` int(11) NOT NULL auto_increment,
  `nomePeriodo` varchar(100) NOT NULL default '',
  `cancella` varchar(2) default NULL,
  PRIMARY KEY  (`IDperiodo`)
) ENGINE=InnoDB DEFAULT CHARSET=utf8 AUTO_INCREMENT=16 ;

-- 
-- Dump dei dati per la tabella `periodi`
-- 

INSERT INTO `periodi` (`IDperiodo`, `nomePeriodo`, `cancella`) VALUES (1, 'I barbari', NULL),
(2, 'Carlo Magno', NULL),
(3, 'Feudalesimo', NULL),
(4, 'Crociate', NULL),
(5, 'Comuni', NULL),
(6, 'Rinascimento', NULL),
(12, 'Alto Medioevo', NULL),
(13, 'Pieno Medioevo', NULL),
(14, 'Basso Medioevo', NULL),
(15, 'Globale', NULL);

-- --------------------------------------------------------

-- 
-- Struttura della tabella `persone`
-- 

CREATE TABLE `persone` (
  `IDpersona` int(11) NOT NULL auto_increment,
  `nomePersona` varchar(100) NOT NULL default '',
  `nazPersona` varchar(100) default NULL,
  `bioPersona` text,
  `cancella` varchar(2) default NULL,
  PRIMARY KEY  (`IDpersona`)
) ENGINE=InnoDB DEFAULT CHARSET=utf8 AUTO_INCREMENT=47 ;

-- 
-- Dump dei dati per la tabella `persone`
-- 

INSERT INTO `persone` (`IDpersona`, `nomePersona`, `nazPersona`, `bioPersona`, `cancella`) VALUES (1, 'Braun', NULL, NULL, NULL),
(2, 'Shneider', NULL, NULL, NULL),
(3, 'Muzzarelli Maria Giuseppina', 'Italiana', 'Ha studiato aspetti diversi della mentalit&agrave; e della societ&agrave; medievale, in particolare la pratica e la concezione della penitenza, la presenza ebraica nelle citt&agrave; dell&#039;Italia medievale, l&#039; &quot;invenzione&quot; del Monte di Piet&agrave;. Nel corso di questi studi &egrave; stato costante l&#039;interesse per la predicazione e in particolare per quella francescana.<br />\r\nAttualmente insegna all&#039;Universit&agrave; di Bologna presso il Dipartimento di Paleografia e Medievistica, sotto la facolt&agrave; di Lettere e Filosofia.', NULL),
(4, 'Piccolo Paci Sara', '', 'Docente di Storia del Costume e della Moda per il Polimoda di Firenze e per il Fashion Institute of Technology di New York (sede fiorentina), insegna anche Etnografia presso l&#039;Universit&agrave; di Firenze, Facolt&agrave; di Architettura. Dal 1992 collabora con vari enti e musei per la realizzazione di mostre specialistiche sul costume, analizzato dal punto di vista antropologico e simbolico oltre che sartoriale. Tiene abitualmente conferenze sulla storia del costume e pubblica su riviste a diffusione nazionale ed internazionale.', NULL),
(5, 'Bruhn Wolfgang', NULL, NULL, NULL),
(6, 'Tilke Max', NULL, NULL, NULL),
(7, 'Di Giovanni Maria Luisa', NULL, NULL, NULL),
(8, 'Levi Pisetzky Rosita', 'Italiana', '(1898-1985). Storica dell&#039;abbigliamento. Intellettuale dell&#039;alta borghesia milanese, venne definita &quot;la signora del costume italiano&quot; da Guido Lopez in un articolo scritto dopo la sua scomparsa nel 1985. Storica autodidatta con una vita passata a studiare archivi, testi letterari e fonti iconografiche, pubblic&ograve; i pi&ugrave; importanti trattati sulla storia del costume in Italia. I suoi primi studi escono tra il 1937 e il &#039;38 su varie riviste e giornali femminili. Rimangono notevoli per l&#039;accurata ricerca gli articoli sulla storia del pizzo di quel periodo. Tra il &#039;54 e il &#039;62 scrive sulla storia del costume nelle varie epoche per la Storia di Milano pubblicata dalla Treccani in 16 volumi. Queste ricerche vengono ampliate e poi stampate in un&#039;opera di 5 volumi edita dall&#039;Istituto Editoriale Italiano con il titolo &quot;Storia del costume in Italia&quot; dal &#039;64 al &#039;68. Nel &#039;78 la Einaudi pubblica &quot;Il costume e la moda nella societ&agrave; italiana&quot;, ulteriore elaborazione e aggiornamento delle sue ricerche storiche. Fu la prima a trattare l&#039;argomento in modo serio, studiando l&#039;abito come mezzo di comunicazione e documento sociale. In tarda et&agrave; dona la propria biblioteca specializzata alla Raccolta di Stampe Bertarelli di Milano e la sua collezione di abiti antichi alle Civiche Raccolte di Arte Applicata di Milano, entrambi situati nel Castello Sforzesco dove sono tutt&#039;oggi accessibili. Dopo la sua morte il suo guardaroba viene donato dalla famiglia alla Bertarelli. &Egrave; un&#039;interessante collezione di abiti sartoriali di manifattura milanese degli anni &#039;50 e &#039;60.<br />\r\n<br />\r\nTratto da dellaModa.it (http://dellamoda.it/)', NULL),
(9, 'Sandre Antonio', NULL, NULL, NULL),
(10, 'Black Anderson J.', '', '', NULL),
(11, 'Garland Madge', 'Inglese', '(1898-1990), Direttrice e docente del Dipartimento Moda al Royal College of Art di Londra. Nasce in Australia, ma da ragazza si trasferisce in Inghilterra. Comincia a lavorare nei giornali di moda e raggiunge il massimo possibile della carriera in questo campo: direttrice dell&#039;edizione inglese di Vogue. Lascia il giornalismo nel 1948 quando viene chiamata dal Royal College per varare un nuovo corso di moda, con l&#039;obiettivo di formare stilisti d&#039;alta moda pronti a sfidare la supremazia della moda parigina. La scelgono per la sua vasta conoscenza del settore e il suo approccio pratico. Infatti, pi&ugrave; che teorici, chiama a insegnare e coinvolge in vari modi addetti all&#039;industria delle confezioni, artigiani, stilisti, sarti, tra cui Hartnell, Amies e Stiebel. Sollecita gli studenti a frequentare sfilate, atelier e grandi magazzini, oltre che i musei. Il Dipartimento Moda viene sistemato in una sede distaccata, un&#039;elegante casa a South Kensington molto poco scuola e gi&agrave; molto atelier. Nel &#039;52, Madge Garland sposa Sir Leigh Ashton, l&#039;allora direttore del Victoria and Albert Museum. Nel &#039;56, lascia l&#039;insegnamento. Tra i suoi studenti: Gina Fratini, Gerald McCann e Bernard Nevill.', NULL),
(12, 'Ballardini Gaetano', NULL, NULL, NULL),
(13, 'Guerzoni Andrea', 'Italiana', '', NULL),
(14, 'Vecellio Cesare', '', 'n. 1521 - m. 1601', NULL),
(15, 'Zurla Luisa', '', 'Insegna &quot;Costume per lo spettacolo&quot; all&#039;Accademia delle Belle Arti di Bologna. Ha realizzato costumi per teatri universitari di Bologna e Padova.', NULL),
(16, 'Franci Giovanna', '', '', NULL),
(17, 'Hansen Henry Harold', '', '', NULL),
(18, 'Polidori Calamandrei Egidia', '', '', NULL),
(19, 'Merkel Carlo', 'Italiana', 'Socio effettivo della Deputazione di storia patria per le antiche provincie e la Lombardia (1894-95).<br />\r\nSocio della Societ&agrave; storica lombarda (1895-96).<br />\r\nMembro effettivo della Societ&agrave; accademica del ducato di Aosta (1895-96).<br />\r\nSocio corrispondente della R. Accademia dei Lincei (1896-97).', NULL),
(20, 'Varese Ranieri', '', '', NULL),
(21, 'Butazzi Grazietta', '', '', NULL),
(22, 'D&#039;Ancona P.', '', '', NULL),
(23, 'Sham Henry', '', '', NULL),
(24, 'Niccoli Bruna', 'Italiana', 'Laureata a Pisa, specializzata in Storia dell’Arte e delle Arti Minori all’Universit&agrave; Statale di Milano, Bruna Niccoli &egrave; dottore di ricerca con una tesi dal titolo &quot;Firenze e il costume nel sistema della Corte rinascimentale&quot;.\r\nSi occupa di storia del costume ed &egrave; autrice di saggi e libri che hanno per argomento l’ambito toscano: &quot;Il costume a Lucca. Contenuti e problemi di moda dalla Repubblica al Principato&quot; (1995) e &quot;Costumi a Pisa. Note a margine ad alcune incisioni tra XVI e XIX secolo&quot; (2000).\r\n', NULL),
(25, 'Maugeri Vincenza', 'Italiana', 'Vincenza Maugeri, storica dell&#039;arte, &egrave; curatrice del MEB (Museo Ebraico di Bologna); la storia dell&#039;arte ebraica &egrave; tra i suoi principali interessi di ricerca.', NULL),
(26, 'Paffumi Angela', '', '', NULL),
(27, 'Fed. Casse di Risparmio della Toscana', '', '', NULL),
(28, 'Pronti Domenico', '', '', NULL),
(29, 'Suttina Luigi', '', '', NULL),
(30, 'Vocino Michele', '', '', NULL),
(31, 'Liscia Bemporad Dora', '', '', NULL),
(32, 'Chesne Dauphin&egrave; Griffo Giuliana', '', '', NULL),
(33, 'Fiorentini Capitani A.', '', '', NULL),
(34, 'Ricci S.', '', '', NULL),
(35, 'Calzona A.', '', '', NULL),
(36, 'Wixom William D.', '', '', NULL),
(37, 'Hayward Jane', '', '', NULL),
(38, 'Williams David', '', '', NULL),
(39, 'Hyatt Mayor A.', '', '', NULL),
(40, 'Schneider Jane', '', '', NULL),
(41, 'Hollander Anne', '', '', NULL),
(42, 'Rinaldi Dufresne Laura', '', 'E&#039; professore associato di Storia dell&#039;Arte presso l&#039;universit&agrave; di Winthrop, Sud Carolina.', NULL),
(43, 'Marc Carlson I.', 'USA', 'Interim Head of Special Collections presso l&#039;Universit&agrave; di Tulsa e ricercatore di Storia.', NULL),
(44, 'Otis Sweezey C.', '', 'Insegna al Dipartimento di Danza e Teatro presso l&#039;Universit&agrave; del Southern Illinois.', NULL),
(45, 'Bowen Amanda', 'USA', 'Studentessa di Studi Medievali e Archeologia presso l&#039;universit&agrave; di Toronto.', NULL),
(46, 'Maxson Jessica', 'USA', 'E&#039; una realizzatrice di mosaici appassionata del Rinascimento. Fa parte della SCA (Society for Creative Anachronism - http://www.sca.org) dal 1991.', NULL);

-- --------------------------------------------------------

-- 
-- Struttura della tabella `riferimenti`
-- 

CREATE TABLE `riferimenti` (
  `IDdato` int(11) NOT NULL auto_increment,
  `IDperiodo` int(11) NOT NULL default '0',
  `IDlibro` int(11) default NULL,
  `IDart` int(11) default NULL,
  `IDsito` int(11) default NULL,
  `IDaltro` int(11) default NULL,
  `dato` text NOT NULL,
  `cancella` varchar(2) default NULL,
  PRIMARY KEY  (`IDdato`)
) ENGINE=InnoDB DEFAULT CHARSET=utf8 AUTO_INCREMENT=50 ;

-- 
-- Dump dei dati per la tabella `riferimenti`
-- 

INSERT INTO `riferimenti` (`IDdato`, `IDperiodo`, `IDlibro`, `IDart`, `IDsito`, `IDaltro`, `dato`, `cancella`) VALUES (10, 6, 10, NULL, NULL, NULL, '<strong>Tav. LI</strong>,  XIV secolo - abiti e acconciature di due giovani nobili.<br>\r\n<strong>Tav. LXIX</strong>,  XV secolo - Francesco Sforza e sua moglie.<br>\r\n<strong>Tav. LXXIV</strong>,  XV secolo - abiti e fogge veneziane della seconda metà del XV secolo.<br>\r\n<strong>Tav. LXXV</strong>,  XV secolo - abiti veneziani.<br>\r\n\r\n<strong>Tav. LXXVI</strong>,  XV secolo - abiti veneziani della fine del 1400.<br>\r\n<strong>Tav. LXXVII</strong>,  XV secolo - Il Doge Francesco Foscari e il Doge Leonardo Loredano.<br>\r\n<strong>Tav. LXXVIII</strong>,  XV secolo - acconciatura maschile.<br>\r\n<strong>Tav. LXXIX</strong>,  XV secolo - Battista di B. Sforza, duchessa di Urbino e gentildonna italiana.<br>\r\n<strong>Tav. LXXX</strong>,  XV secolo - acconciature (e abiti) femminili.<br>\r\n<strong>Tav. LXXXI</strong>,  XV secolo - acconciature (e abiti) femminili.<br>\r\n\r\n<strong>Tav. LXXXII</strong>,  XV secolo - abiti e acconciature femminili.<br>\r\n<strong>Tav. LXXXIII</strong>,  XV secolo - abiti fiorentini della prima metà del 1400.<br>\r\n<strong>Tav. LXXXIV</strong>,  XV secolo - abiti fiorentini della prima metà del 1400.<br>\r\n<strong>Tav. LXXXV</strong>,  XV secolo - un gentiluomo a cavallo in abito da pompa.<br>\r\n<strong>Tav. LXXXVIII</strong>,  XV secolo - acconciature (e abiti) maschili.<br>\r\n<strong>Tav. LXXXIX</strong>,  XV secolo - acconciature (e abiti) femminili.<br>\r\n\r\n<strong>Tav. XCII</strong>,  XV secolo - Cristino Francesco I e alto ufficiale del sec XV.<br>\r\n<strong>Tav. XCVI</strong>,  XV secolo - giovane veneziano e gondoliere moro.<br>\r\n<strong>Tav. XCVII</strong>,  XV secolo - abiti ecclesiastici della fine del secolo XV.<br>\r\n<strong>Tav. XCVIX</strong>,  XV secolo - abiti e acconciature maschili.<br>\r\n<strong>Tav. C</strong>,  XV secolo - abiti e acconciature maschili.<br>\r\n<strong>Tav. CI</strong>,  XV secolo - abiti toscani della metà del secolo XV.<br>\r\n\r\n<strong>Tav. CII</strong>,  XV secolo - abiti toscani della metà del secolo XV.<br>\r\n<strong>Tav. CIV</strong>,  XV secolo - il marchese Ludovico III Gonzaga con la famiglia e la corte.<br>\r\n<strong>Tav. CVI</strong>,  XV secolo - l''imperatore Sigismondo in abito di nobile milanese e s. Gimignano in abito di nobile veneziano.', NULL),
(11, 1, 15, NULL, NULL, NULL, 'Parte seconda, capitolo II: I Goti e i Longobardi.', NULL),
(24, 4, 10, NULL, NULL, NULL, '<strong>Tav. XVI</strong>, XI secolo - abiti civili ed ecclesiastici.', NULL),
(25, 2, 15, NULL, NULL, NULL, 'Parte seconda, capitolo II: Gli inizi della ripresa nel secolo X.', NULL),
(26, 3, 15, NULL, NULL, NULL, 'Patre seconda, capitolo II: Il secolo XI.', NULL),
(27, 4, 15, NULL, NULL, NULL, 'Parte seconda, capitolo II: Il secolo XI.', NULL),
(28, 5, 15, NULL, NULL, NULL, 'Parte seconda, capitolo III: Il Duecento.', NULL),
(29, 6, 15, NULL, NULL, NULL, 'Parte seconda, capitolo III:<br>\r\nIl Trecento<br>\r\nIl Quattrocento', NULL),
(30, 1, 20, NULL, NULL, NULL, '&quot;il Medioevo romanico&quot; (pag. 30) 800-1200 ca. per un totale di 26 immagini riguardanti il costume (quindi escluso l&#039;abbigliamento militare);<br>\r\n&quot;il Medioevo gotico&quot; (pag. 34) 1200-1480 ca. per un totale di 56 immagini riguardanti il costume (quindi escluso l&#039;abbigliamento militare);', NULL),
(31, 6, 20, NULL, NULL, NULL, 'Il Rinascimento&quot; (pag. 44) 1480-1510 ca per un totale di 41 immagini riguardanti il costume (quindi escluso l&#039;abbigliamento militare);', NULL),
(32, 1, 6, NULL, NULL, NULL, 'Abbigliamento gotico, pag. 66 - tav. XXIV, XXV, XXVI, XXVII, XXVIII, XXIX', NULL),
(33, 2, 6, NULL, NULL, NULL, 'Abbigliamento feudale, pag. 61 - tav. XXIII', NULL),
(34, 6, 6, NULL, NULL, NULL, 'Abbigliamento del 1400, pag. 72 - tav. XXX, XXXI, XXXII', NULL),
(35, 12, 27, NULL, NULL, NULL, 'Sezione 4 - Alto Medioevo: Longobardi e Carolingi.', NULL),
(36, 14, 27, NULL, NULL, NULL, 'Sezione 4 - Basso Medioevo (XI-XIII sec.).', NULL),
(37, 6, 27, NULL, NULL, NULL, 'Sezione 5 - L&#039;et&agrave; del Gotico (XIV-met&agrave; del XV sec.).', NULL),
(38, 6, 27, NULL, NULL, NULL, 'Sezione 5 -Il Rinascimento.', NULL),
(39, 1, 7, NULL, NULL, NULL, '- Il costume dopo la caduta dell&#039;Impero di Occidente.<br />\r\n- Il costume dei Goti e il costume romano alla fine del V e durante il VI secolo.<br />\r\n- Il periodo bizantino nel VI secolo.<br />\r\n- Il periodo longobardo e gli ultimi domini bizantini.', NULL),
(40, 2, 7, NULL, NULL, NULL, '- Il periodo carolingio.', NULL),
(41, 3, 7, NULL, NULL, NULL, '- Il periodo ottoniano.', NULL),
(42, 4, 7, NULL, NULL, NULL, '- Il secolo XI.<br />\r\n- Il secolo XII.', NULL),
(43, 5, 7, NULL, NULL, NULL, '- Il secolo XIII.', NULL),
(44, 1, 12, NULL, NULL, NULL, '- L&#039;Europa occidentale dai barbari alla conquista normanna.', NULL),
(45, 2, 12, NULL, NULL, NULL, '- I Carolingi', NULL),
(46, 3, 12, NULL, NULL, NULL, '- I secoli IX e X', NULL),
(47, 4, 12, NULL, NULL, NULL, '- L&#039;XI e il XII secolo.', NULL),
(48, 5, 12, NULL, NULL, NULL, '- Il XIII secolo.<br />\r\n- Il XIV secolo.', NULL),
(49, 6, 12, NULL, NULL, NULL, '- Il XV secolo.<br />\r\n- Il Rinascimento.', NULL);

-- --------------------------------------------------------

-- 
-- Struttura della tabella `siti`
-- 

CREATE TABLE `siti` (
  `IDsito` int(11) NOT NULL auto_increment,
  `titoloSito` text NOT NULL,
  `urlSito` varchar(150) NOT NULL default '',
  `imgSito` varchar(2) default NULL,
  `infoSito` text,
  `descrSito` text NOT NULL,
  `curatoreSito` text,
  `periodo` int(11) NOT NULL default '0',
  `IDutente` int(11) NOT NULL default '0',
  `pendSito` varchar(2) default NULL,
  `cancella` varchar(2) default NULL,
  PRIMARY KEY  (`IDsito`)
) ENGINE=InnoDB DEFAULT CHARSET=utf8 AUTO_INCREMENT=13 ;

-- 
-- Dump dei dati per la tabella `siti`
-- 

INSERT INTO `siti` (`IDsito`, `titoloSito`, `urlSito`, `imgSito`, `infoSito`, `descrSito`, `curatoreSito`, `periodo`, `IDutente`, `pendSito`, `cancella`) VALUES (4, 'The history of costume', 'http://www.siue.edu/COSTUMES/history.html', 'si', 'Il sito &egrave; in inglese.', 'Questo sito riporta tutte le 125 pagine del libro di Braun e Shneider &quot;Zur Geschichte der Kost&uuml;me&quot; (&quot;Storia del costume&quot;), stampato dal 1861 al 1880 a Monaco. Le scansioni delle illustrazioni sono di buona qualit&agrave; ed &egrave; presente un doppio indice, grafico per le connessioni veloci e testuale per quelle pi&ugrave; lente. In ogni pagina si trova la spiegazione dell&#039;immagine visualizzata.<br />\r\nNel sito non si trovano collegamenti ad altri siti n&eacute; riferimenti bibliografici.', '44', 15, 3, NULL, NULL),
(6, 'Footwear of the Middle Ages', 'http://www.personal.utulsa.edu/~marc-carlson/shoe/SHOEHOM1.HTM', 'no', 'Il sito &egrave; in inglese.', 'In questo sito il curatore si focalizza sulle calzature del Medioevo e sulla loro evoluzione. Il sito &egrave; diviso in capitoli molto specifici sulle singole tipologie di calzature e nel testo sono presenti note, riferimenti bibliografici e citazioni da altre opere. Una sezione &egrave; dedicata alla ricostruzione di un modello di scara medievale, mentre &egrave; presente una densa bibliografia e una pagina di links esterni.<br />\r\nNel sito sono presenti esplicativi disegni in bianco e nero.', '43', 15, 1, NULL, NULL),
(7, 'Costumes and courtiers: garments and fashion ideas', 'http://www.ceu.hu/medstud/manual/SRM/index.htm', 'no', 'Il sito &egrave; stato creato presso il Dipartimento di Studi Medievistici della Central European University di Budapest.<br />\r\nIl sito &egrave; in inglese.', 'La pagina dedicata al costume presenta una introduzione al costume medievale e alla sua funzione sociale. Quindi si trova una divisione fra abbigliamento maschile e abbigliamento femminile. SI pu&ograve; scorrere le pagine in sequenza oppure andare direttamente alle sezione interessata. Nel trattamento del costume si trovano molti termini tecnici che sono spiegati dal glossario a pi&egrave; di pagina. Inoltre lungo il testo sono presenti immagini di opere dell&#039;epoca che, se cliccate, aprono una finestra con l&#039;immagine stessa ingrandita e con le specifiche della stessa.<br>\r\nNel sito si trova una pagina di links che portanto ad altri siti di interesse per il costume medievale.', '', 15, 1, NULL, NULL),
(8, 'Villaggio Medievale - forum', 'http://www.villaggiomedievale.com/forum/default.asp', 'no', '', 'Forum del sito VillaggioMedievale.com. Si trova un&#039;apposita area riservata alle discussioni riguardanti l&#039;abbigliamento e gli accessori personali.', '', 15, 1, NULL, NULL),
(9, 'Clothing of the Twelfth and Thirteenth centuries', 'http://www.geocities.com/douziemesiecle/', 'no', 'Il sito &egrave; in inglese.', 'Il sito &egrave; diviso in 9 sezioni: definizioni, materiali, prove visuali, prove testuali, pezzi esistenti, come fare, recensioni di film, bibliografia e links. Le sezioni sono trattate il modo abbastanza esauriente e la grafica del sito &egrave; discretamente leggera anche per una connessione poco veloce. Il sito presenta immagini di buona qualit&agrave; e un ato numero di links esterni divisi in categorie.', '45', 5, 1, NULL, NULL),
(10, 'Wikipedia Commons: 15th century fashion', 'http://commons.wikimedia.org/wiki/Category:15th_century_fashion', 'si', '', 'E&#039; una raccolta di immagini di opere d&#039;arte del Quattrocento. Nella pagina sono presenti delle sottocategorie per ogni decade del secolo. Ogni immagine si apre in una pagina apposita dove si trovano informazioni sulla stessa e possibilit&agrave; di visualizzarla ad alta risoluzione.', '', 15, 1, NULL, NULL),
(11, 'Maestra Giuliana Salviati', 'http://www.sword.net/jessica/index.htm', 'no', 'Il sito &egrave; in inglese.', 'Il sito contiene il materiale di studio della curatrice. La pagina interessantie &egrave; &quot;Recreating Renaissance Florence&quot;, che si divide a sua volta in:<br />\r\n<br />\r\n&quot;Florentine Costuming&quot; - pagina contenente le foto della ricostruzione, da parte della curatrice, di abbigliamento medievale. Ogni progetto &egrave; corredato di file da scaricare con la spiegazione dell&#039;abito, indicazioni per la realizzazione e le fonti di studio a cui si &egrave; rifatta;<br />\r\n<br />\r\n&quot;Studies in Renaissance Tuscany and Beyond&quot; - pagina contenente articoli riguardanti l&#039;abbigliamento medievale e la vita giornaliera nella Firenze del Quattrocento.<br />\r\n<br />\r\nE&#039; presente inoltre una nutrita bibliografia e alcuni links esterni.', '46', 6, 1, NULL, NULL),
(12, 'Cinema e Medioevo', 'http://www.cinemedioevo.net/', 'no', '', 'Il sito &egrave; una raccolta della filmografia mondiale sul Medioevo. Ogni film ha una propria scheda tecnica e collegamenti a recensioni pubblicate su siti autorevoli. Inoltre si trova una bibliografia di opere di critica riguardanti il cinema medievale.', '', 15, 1, NULL, NULL);

-- --------------------------------------------------------

-- 
-- Struttura della tabella `utenti`
-- 

CREATE TABLE `utenti` (
  `IDutente` int(11) NOT NULL auto_increment,
  `nomeUtente` varchar(20) NOT NULL default '',
  `emailUtente` varchar(200) NOT NULL default '',
  `passUtente` varchar(32) NOT NULL default '',
  `cancella` varchar(2) default NULL,
  `admin` varchar(2) default NULL,
  PRIMARY KEY  (`IDutente`)
) ENGINE=InnoDB DEFAULT CHARSET=utf8 AUTO_INCREMENT=4 ;

-- 
-- Dump dei dati per la tabella `utenti`
-- 

INSERT INTO `utenti` (`IDutente`, `nomeUtente`, `emailUtente`, `passUtente`, `cancella`, `admin`) VALUES (1, 'Francesca', 'dera_82@hotmail.com', 'a0feba9dc04f522dbed2d9b41d431e07', NULL, 'si'),
(3, 'Mario', 'mario@rossi.com', 'de2f15d014d40b93578d255e6221fd60', NULL, NULL);
